85.208.96.202 - - [30/Dec/2025:10:16:30 -0300] "GET /?a=12531261 HTTP/1.1" 200 - "-" "Mozilla/5.0 (compatible; SemrushBot/7~bl; +http://www.semrush.com/bot.html)"
85.208.96.197 - - [30/Dec/2025:10:16:53 -0300] "GET /?a=140304861 HTTP/1.1" 200 - "-" "Mozilla/5.0 (compatible; SemrushBot/7~bl; +http://www.semrush.com/bot.html)"
85.208.96.200 - - [30/Dec/2025:10:16:57 -0300] "GET /?a=92426561 HTTP/1.1" 200 - "-" "Mozilla/5.0 (compatible; SemrushBot/7~bl; +http://www.semrush.com/bot.html)"
69.197.149.50 - - [30/Dec/2025:10:15:28 -0300] "GET /wp-includes/br79d1f6/edit.php?id=996710 HTTP/1.1" 200 - "https://agenciaidee.com/wp-includes/br79d1f6/edit.php?id=996710" "Mozilla/5.0 (Windows NT 10.0; Win64; x64) AppleWebKit/537.36 (KHTML, like Gecko) Chrome/58.0.3029.110 Safari/537.3"
69.197.149.50 - - [30/Dec/2025:10:15:42 -0300] "GET /wp-content/qq29a515/edit.php?id=469679 HTTP/1.1" 200 - "https://agenciaidee.com/wp-content/qq29a515/edit.php?id=469679" "Mozilla/5.0 (Windows NT 10.0; Win64; x64) AppleWebKit/537.36 (KHTML, like Gecko) Chrome/58.0.3029.110 Safari/537.3"
208.110.64.178 - - [30/Dec/2025:10:17:29 -0300] "GET /wp-includes/admin.php HTTP/1.1" 200 - "https://agenciaidee.com/wp-includes/admin.php" "Mozilla/5.0 (Windows NT 10.0; Win64; x64) AppleWebKit/537.36 (KHTML, like Gecko) Chrome/58.0.3029.110 Safari/537.3"
114.119.144.64 - - [30/Dec/2025:10:17:04 -0300] "GET /search.php?products/184ba13330 HTTP/1.1" 200 552598 "https://agenciaidee.com/search.php?sitemap601.xml" "Mozilla/5.0 (Linux; Android 7.0;) AppleWebKit/537.36 (KHTML, like Gecko) Mobile Safari/537.36 (compatible; PetalBot;+https://webmaster.petalsearch.com/site/petalbot)"
77.75.79.36 - - [30/Dec/2025:10:17:55 -0300] "GET /?t=2699410614 HTTP/1.1" 200 - "-" "Mozilla/5.0 (compatible; SeznamBot/4.0; +https://o-seznam.cz/napoveda/vyhledavani/en/seznambot-crawler/)"
185.191.171.1 - - [30/Dec/2025:10:17:58 -0300] "GET /?a=145631961 HTTP/1.1" 200 - "-" "Mozilla/5.0 (compatible; SemrushBot/7~bl; +http://www.semrush.com/bot.html)"
85.208.96.198 - - [30/Dec/2025:10:18:18 -0300] "GET /?a=88084961 HTTP/1.1" 200 - "-" "Mozilla/5.0 (compatible; SemrushBot/7~bl; +http://www.semrush.com/bot.html)"
69.197.149.50 - - [30/Dec/2025:10:17:00 -0300] "GET /wp-includes/br79d1f6/edit.php?id=996710 HTTP/1.1" 200 - "https://agenciaidee.com/wp-includes/br79d1f6/edit.php?id=996710" "Mozilla/5.0 (Windows NT 10.0; Win64; x64) AppleWebKit/537.36 (KHTML, like Gecko) Chrome/58.0.3029.110 Safari/537.3"
85.208.96.210 - - [30/Dec/2025:10:18:32 -0300] "GET /?a=85504061 HTTP/1.1" 200 - "-" "Mozilla/5.0 (compatible; SemrushBot/7~bl; +http://www.semrush.com/bot.html)"
185.191.171.14 - - [30/Dec/2025:10:18:35 -0300] "GET /?a=85862861 HTTP/1.1" 200 - "-" "Mozilla/5.0 (compatible; SemrushBot/7~bl; +http://www.semrush.com/bot.html)"
69.197.149.50 - - [30/Dec/2025:10:17:11 -0300] "GET /wp-content/qq29a515/edit.php?id=469679 HTTP/1.1" 200 - "https://agenciaidee.com/wp-content/qq29a515/edit.php?id=469679" "Mozilla/5.0 (Windows NT 10.0; Win64; x64) AppleWebKit/537.36 (KHTML, like Gecko) Chrome/58.0.3029.110 Safari/537.3"
185.191.171.19 - - [30/Dec/2025:10:18:45 -0300] "GET /?a=144907761 HTTP/1.1" 200 - "-" "Mozilla/5.0 (compatible; SemrushBot/7~bl; +http://www.semrush.com/bot.html)"
85.208.96.211 - - [30/Dec/2025:10:18:54 -0300] "GET /SPA/ HTTP/1.1" 200 - "-" "Mozilla/5.0 (compatible; SemrushBot/7~bl; +http://www.semrush.com/bot.html)"
114.119.145.116 - - [30/Dec/2025:10:18:26 -0300] "GET /search.php?products/184gs43669 HTTP/1.1" 200 552813 "https://agenciaidee.com/search.php?sitemap601.xml" "Mozilla/5.0 (Linux; Android 7.0;) AppleWebKit/537.36 (KHTML, like Gecko) Mobile Safari/537.36 (compatible; PetalBot;+https://webmaster.petalsearch.com/site/petalbot)"
85.208.96.200 - - [30/Dec/2025:10:18:57 -0300] "GET /?a=140851061 HTTP/1.1" 200 - "-" "Mozilla/5.0 (compatible; SemrushBot/7~bl; +http://www.semrush.com/bot.html)"
185.191.171.9 - - [30/Dec/2025:10:19:05 -0300] "GET /?a=97839461 HTTP/1.1" 200 - "-" "Mozilla/5.0 (compatible; SemrushBot/7~bl; +http://www.semrush.com/bot.html)"
185.191.171.9 - - [30/Dec/2025:10:19:07 -0300] "GET /?a=147151461 HTTP/1.1" 200 - "-" "Mozilla/5.0 (compatible; SemrushBot/7~bl; +http://www.semrush.com/bot.html)"
185.191.171.13 - - [30/Dec/2025:10:19:11 -0300] "GET /?a=11104061 HTTP/1.1" 200 - "-" "Mozilla/5.0 (compatible; SemrushBot/7~bl; +http://www.semrush.com/bot.html)"
85.208.96.210 - - [30/Dec/2025:10:19:13 -0300] "GET /?a=146004061 HTTP/1.1" 200 - "-" "Mozilla/5.0 (compatible; SemrushBot/7~bl; +http://www.semrush.com/bot.html)"
185.191.171.1 - - [30/Dec/2025:10:19:43 -0300] "GET /?a=142443361 HTTP/1.1" 200 - "-" "Mozilla/5.0 (compatible; SemrushBot/7~bl; +http://www.semrush.com/bot.html)"
85.208.96.193 - - [30/Dec/2025:10:19:45 -0300] "GET /?a=84971161 HTTP/1.1" 200 - "-" "Mozilla/5.0 (compatible; SemrushBot/7~bl; +http://www.semrush.com/bot.html)"
69.197.149.50 - - [30/Dec/2025:10:18:29 -0300] "GET /wp-includes/br79d1f6/edit.php?id=996710 HTTP/1.1" 200 - "https://agenciaidee.com/wp-includes/br79d1f6/edit.php?id=996710" "Mozilla/5.0 (Windows NT 10.0; Win64; x64) AppleWebKit/537.36 (KHTML, like Gecko) Chrome/58.0.3029.110 Safari/537.3"
85.208.96.210 - - [30/Dec/2025:10:20:02 -0300] "GET /?a=86820061 HTTP/1.1" 200 - "-" "Mozilla/5.0 (compatible; SemrushBot/7~bl; +http://www.semrush.com/bot.html)"
69.197.149.50 - - [30/Dec/2025:10:18:42 -0300] "GET /wp-content/qq29a515/edit.php?id=469679 HTTP/1.1" 200 - "https://agenciaidee.com/wp-content/qq29a515/edit.php?id=469679" "Mozilla/5.0 (Windows NT 10.0; Win64; x64) AppleWebKit/537.36 (KHTML, like Gecko) Chrome/58.0.3029.110 Safari/537.3"
114.119.143.101 - - [30/Dec/2025:10:19:48 -0300] "GET /search.php?products/184cs25260 HTTP/1.1" 200 553109 "https://agenciaidee.com/search.php?sitemap601.xml" "Mozilla/5.0 (Linux; Android 7.0;) AppleWebKit/537.36 (KHTML, like Gecko) Mobile Safari/537.36 (compatible; PetalBot;+https://webmaster.petalsearch.com/site/petalbot)"
185.191.171.17 - - [30/Dec/2025:10:20:15 -0300] "GET /?a=3689661 HTTP/1.1" 200 - "-" "Mozilla/5.0 (compatible; SemrushBot/7~bl; +http://www.semrush.com/bot.html)"
185.191.171.5 - - [30/Dec/2025:10:20:16 -0300] "GET /?a=83494361 HTTP/1.1" 200 - "-" "Mozilla/5.0 (compatible; SemrushBot/7~bl; +http://www.semrush.com/bot.html)"
185.191.171.14 - - [30/Dec/2025:10:20:21 -0300] "GET /?a=1910761 HTTP/1.1" 200 - "-" "Mozilla/5.0 (compatible; SemrushBot/7~bl; +http://www.semrush.com/bot.html)"
85.208.96.198 - - [30/Dec/2025:10:20:46 -0300] "GET /?a=14454661 HTTP/1.1" 200 - "-" "Mozilla/5.0 (compatible; SemrushBot/7~bl; +http://www.semrush.com/bot.html)"
85.208.96.210 - - [30/Dec/2025:10:20:57 -0300] "GET /?a=656761 HTTP/1.1" 200 - "-" "Mozilla/5.0 (compatible; SemrushBot/7~bl; +http://www.semrush.com/bot.html)"
204.12.252.98 - - [30/Dec/2025:10:21:03 -0300] "GET /wp-content/admin.php HTTP/1.1" 200 - "https://www.agenciaidee.com/wp-content/admin.php" "Mozilla/5.0 (Windows NT 10.0; Win64; x64) AppleWebKit/537.36 (KHTML, like Gecko) Chrome/58.0.3029.110 Safari/537.3"
185.191.171.3 - - [30/Dec/2025:10:21:10 -0300] "GET /?a=20132861 HTTP/1.1" 200 - "-" "Mozilla/5.0 (compatible; SemrushBot/7~bl; +http://www.semrush.com/bot.html)"
69.197.149.50 - - [30/Dec/2025:10:19:59 -0300] "GET /wp-includes/br79d1f6/edit.php?id=996710 HTTP/1.1" 200 - "https://agenciaidee.com/wp-includes/br79d1f6/edit.php?id=996710" "Mozilla/5.0 (Windows NT 10.0; Win64; x64) AppleWebKit/537.36 (KHTML, like Gecko) Chrome/58.0.3029.110 Safari/537.3"
69.197.149.50 - - [30/Dec/2025:10:20:09 -0300] "GET /wp-content/qq29a515/edit.php?id=469679 HTTP/1.1" 200 - "https://agenciaidee.com/wp-content/qq29a515/edit.php?id=469679" "Mozilla/5.0 (Windows NT 10.0; Win64; x64) AppleWebKit/537.36 (KHTML, like Gecko) Chrome/58.0.3029.110 Safari/537.3"
114.119.144.17 - - [30/Dec/2025:10:21:11 -0300] "GET /search.php?products/184aq7672 HTTP/1.1" 200 551025 "https://agenciaidee.com/search.php?sitemap601.xml" "Mozilla/5.0 (Linux; Android 7.0;) AppleWebKit/537.36 (KHTML, like Gecko) Mobile Safari/537.36 (compatible; PetalBot;+https://webmaster.petalsearch.com/site/petalbot)"
77.75.79.36 - - [30/Dec/2025:10:21:43 -0300] "GET /?t=294519309 HTTP/1.1" 200 - "-" "Mozilla/5.0 (compatible; SeznamBot/4.0; +https://o-seznam.cz/napoveda/vyhledavani/en/seznambot-crawler/)"
85.208.96.200 - - [30/Dec/2025:10:22:17 -0300] "GET /?a=33734761 HTTP/1.1" 200 - "-" "Mozilla/5.0 (compatible; SemrushBot/7~bl; +http://www.semrush.com/bot.html)"
85.208.96.210 - - [30/Dec/2025:10:22:20 -0300] "GET /?a=38868461 HTTP/1.1" 200 - "-" "Mozilla/5.0 (compatible; SemrushBot/7~bl; +http://www.semrush.com/bot.html)"
185.191.171.6 - - [30/Dec/2025:10:22:32 -0300] "GET /?a=141362061 HTTP/1.1" 200 - "-" "Mozilla/5.0 (compatible; SemrushBot/7~bl; +http://www.semrush.com/bot.html)"
77.75.77.36 - - [30/Dec/2025:10:22:43 -0300] "GET /?t=1047273655 HTTP/1.1" 200 - "-" "Mozilla/5.0 (compatible; SeznamBot/4.0; +https://o-seznam.cz/napoveda/vyhledavani/en/seznambot-crawler/)"
185.191.171.16 - - [30/Dec/2025:10:22:44 -0300] "GET /?a=147598761 HTTP/1.1" 200 - "-" "Mozilla/5.0 (compatible; SemrushBot/7~bl; +http://www.semrush.com/bot.html)"
85.208.96.210 - - [30/Dec/2025:10:22:47 -0300] "GET /?a=140635161 HTTP/1.1" 200 - "-" "Mozilla/5.0 (compatible; SemrushBot/7~bl; +http://www.semrush.com/bot.html)"
57.141.2.92 - - [30/Dec/2025:10:22:49 -0300] "GET /?t=2018214253 HTTP/1.1" 200 - "-" "meta-externalagent/1.1 (+https://developers.facebook.com/docs/sharing/webmasters/crawler)"
185.191.171.13 - - [30/Dec/2025:10:22:55 -0300] "GET /?a=91780661 HTTP/1.1" 200 - "-" "Mozilla/5.0 (compatible; SemrushBot/7~bl; +http://www.semrush.com/bot.html)"
69.197.149.50 - - [30/Dec/2025:10:21:30 -0300] "GET /wp-includes/br79d1f6/edit.php?id=996710 HTTP/1.1" 200 - "https://agenciaidee.com/wp-includes/br79d1f6/edit.php?id=996710" "Mozilla/5.0 (Windows NT 10.0; Win64; x64) AppleWebKit/537.36 (KHTML, like Gecko) Chrome/58.0.3029.110 Safari/537.3"
114.119.143.101 - - [30/Dec/2025:10:22:39 -0300] "GET /search.php?products/183zz14662 HTTP/1.1" 200 553834 "https://agenciaidee.com/search.php?sitemap601.xml" "Mozilla/5.0 (Linux; Android 7.0;) AppleWebKit/537.36 (KHTML, like Gecko) Mobile Safari/537.36 (compatible; PetalBot;+https://webmaster.petalsearch.com/site/petalbot)"
185.191.171.16 - - [30/Dec/2025:10:23:00 -0300] "GET /?a=16692861 HTTP/1.1" 200 - "-" "Mozilla/5.0 (compatible; SemrushBot/7~bl; +http://www.semrush.com/bot.html)"
69.197.149.50 - - [30/Dec/2025:10:21:38 -0300] "GET /wp-content/qq29a515/edit.php?id=469679 HTTP/1.1" 200 - "https://agenciaidee.com/wp-content/qq29a515/edit.php?id=469679" "Mozilla/5.0 (Windows NT 10.0; Win64; x64) AppleWebKit/537.36 (KHTML, like Gecko) Chrome/58.0.3029.110 Safari/537.3"
85.208.96.202 - - [30/Dec/2025:10:23:16 -0300] "GET /?a=125411561 HTTP/1.1" 200 - "-" "Mozilla/5.0 (compatible; SemrushBot/7~bl; +http://www.semrush.com/bot.html)"
85.208.96.205 - - [30/Dec/2025:10:23:21 -0300] "GET /?a=5908561 HTTP/1.1" 200 - "-" "Mozilla/5.0 (compatible; SemrushBot/7~bl; +http://www.semrush.com/bot.html)"
85.208.96.200 - - [30/Dec/2025:10:23:23 -0300] "GET /robots.txt HTTP/1.1" 200 377 "-" "Mozilla/5.0 (compatible; SemrushBot/7~bl; +http://www.semrush.com/bot.html)"
85.208.96.202 - - [30/Dec/2025:10:23:24 -0300] "GET /?a=95589261 HTTP/1.1" 200 - "-" "Mozilla/5.0 (compatible; SemrushBot/7~bl; +http://www.semrush.com/bot.html)"
66.249.64.234 - - [30/Dec/2025:10:23:25 -0300] "GET /sitemap-subkey-1264.xml HTTP/1.1" 200 119419 "-" "Mozilla/5.0 (compatible; Googlebot/2.1; +http://www.google.com/bot.html)"
85.208.96.208 - - [30/Dec/2025:10:23:26 -0300] "GET /?a=83012261 HTTP/1.1" 200 - "-" "Mozilla/5.0 (compatible; SemrushBot/7~bl; +http://www.semrush.com/bot.html)"
57.141.2.31 - - [30/Dec/2025:10:23:32 -0300] "GET /sitemap-subkey-2901.xml HTTP/1.1" 200 13 "-" "meta-externalagent/1.1 (+https://developers.facebook.com/docs/sharing/webmasters/crawler)"
185.191.171.14 - - [30/Dec/2025:10:23:42 -0300] "GET /?a=10723561 HTTP/1.1" 200 - "-" "Mozilla/5.0 (compatible; SemrushBot/7~bl; +http://www.semrush.com/bot.html)"
85.208.96.205 - - [30/Dec/2025:10:23:46 -0300] "GET /?a=142613961 HTTP/1.1" 200 - "-" "Mozilla/5.0 (compatible; SemrushBot/7~bl; +http://www.semrush.com/bot.html)"
185.191.171.8 - - [30/Dec/2025:10:24:17 -0300] "GET /?a=100563861 HTTP/1.1" 200 - "-" "Mozilla/5.0 (compatible; SemrushBot/7~bl; +http://www.semrush.com/bot.html)"
85.208.96.209 - - [30/Dec/2025:10:24:19 -0300] "GET /?a=100777361 HTTP/1.1" 200 - "-" "Mozilla/5.0 (compatible; SemrushBot/7~bl; +http://www.semrush.com/bot.html)"
85.208.96.208 - - [30/Dec/2025:10:24:21 -0300] "GET /?a=89457461 HTTP/1.1" 200 - "-" "Mozilla/5.0 (compatible; SemrushBot/7~bl; +http://www.semrush.com/bot.html)"
185.191.171.17 - - [30/Dec/2025:10:24:28 -0300] "GET /?a=45202861 HTTP/1.1" 200 - "-" "Mozilla/5.0 (compatible; SemrushBot/7~bl; +http://www.semrush.com/bot.html)"
69.197.149.50 - - [30/Dec/2025:10:23:01 -0300] "GET /wp-includes/br79d1f6/edit.php?id=996710 HTTP/1.1" 200 - "https://agenciaidee.com/wp-includes/br79d1f6/edit.php?id=996710" "Mozilla/5.0 (Windows NT 10.0; Win64; x64) AppleWebKit/537.36 (KHTML, like Gecko) Chrome/58.0.3029.110 Safari/537.3"
114.119.144.17 - - [30/Dec/2025:10:24:02 -0300] "GET /search.php?products/183xf40578 HTTP/1.1" 200 563790 "https://agenciaidee.com/search.php?sitemap601.xml" "Mozilla/5.0 (Linux; Android 7.0;) AppleWebKit/537.36 (KHTML, like Gecko) Mobile Safari/537.36 (compatible; PetalBot;+https://webmaster.petalsearch.com/site/petalbot)"
69.197.149.50 - - [30/Dec/2025:10:23:08 -0300] "GET /wp-content/qq29a515/edit.php?id=469679 HTTP/1.1" 200 - "https://agenciaidee.com/wp-content/qq29a515/edit.php?id=469679" "Mozilla/5.0 (Windows NT 10.0; Win64; x64) AppleWebKit/537.36 (KHTML, like Gecko) Chrome/58.0.3029.110 Safari/537.3"
185.191.171.15 - - [30/Dec/2025:10:25:02 -0300] "GET /?a=82695661 HTTP/1.1" 200 - "-" "Mozilla/5.0 (compatible; SemrushBot/7~bl; +http://www.semrush.com/bot.html)"
185.191.171.6 - - [30/Dec/2025:10:25:11 -0300] "GET /?a=88082661 HTTP/1.1" 200 - "-" "Mozilla/5.0 (compatible; SemrushBot/7~bl; +http://www.semrush.com/bot.html)"
85.208.96.200 - - [30/Dec/2025:10:25:14 -0300] "GET /?a=88207061 HTTP/1.1" 200 - "-" "Mozilla/5.0 (compatible; SemrushBot/7~bl; +http://www.semrush.com/bot.html)"
114.119.157.239 - - [30/Dec/2025:10:25:26 -0300] "GET /search.php?products/183xc2 HTTP/1.1" 200 551177 "https://agenciaidee.com/search.php?sitemap601.xml" "Mozilla/5.0 (Linux; Android 7.0;) AppleWebKit/537.36 (KHTML, like Gecko) Mobile Safari/537.36 (compatible; PetalBot;+https://webmaster.petalsearch.com/site/petalbot)"
69.197.149.50 - - [30/Dec/2025:10:24:29 -0300] "GET /wp-includes/br79d1f6/edit.php?id=996710 HTTP/1.1" 200 - "https://agenciaidee.com/wp-includes/br79d1f6/edit.php?id=996710" "Mozilla/5.0 (Windows NT 10.0; Win64; x64) AppleWebKit/537.36 (KHTML, like Gecko) Chrome/58.0.3029.110 Safari/537.3"
69.197.149.50 - - [30/Dec/2025:10:24:38 -0300] "GET /wp-content/qq29a515/edit.php?id=469679 HTTP/1.1" 200 - "https://agenciaidee.com/wp-content/qq29a515/edit.php?id=469679" "Mozilla/5.0 (Windows NT 10.0; Win64; x64) AppleWebKit/537.36 (KHTML, like Gecko) Chrome/58.0.3029.110 Safari/537.3"
185.191.171.10 - - [30/Dec/2025:10:26:23 -0300] "GET /?p=4502408 HTTP/1.1" 200 - "-" "Mozilla/5.0 (compatible; SemrushBot/7~bl; +http://www.semrush.com/bot.html)"
185.191.171.6 - - [30/Dec/2025:10:26:29 -0300] "GET /?a=148099961 HTTP/1.1" 200 - "-" "Mozilla/5.0 (compatible; SemrushBot/7~bl; +http://www.semrush.com/bot.html)"
85.208.96.202 - - [30/Dec/2025:10:26:44 -0300] "GET /?a=1136961 HTTP/1.1" 200 - "-" "Mozilla/5.0 (compatible; SemrushBot/7~bl; +http://www.semrush.com/bot.html)"
85.208.96.207 - - [30/Dec/2025:10:26:46 -0300] "GET /?a=148687261 HTTP/1.1" 200 - "-" "Mozilla/5.0 (compatible; SemrushBot/7~bl; +http://www.semrush.com/bot.html)"
85.208.96.212 - - [30/Dec/2025:10:26:57 -0300] "GET /?a=144702161 HTTP/1.1" 200 - "-" "Mozilla/5.0 (compatible; SemrushBot/7~bl; +http://www.semrush.com/bot.html)"
185.191.171.6 - - [30/Dec/2025:10:27:01 -0300] "GET /?a=9962461 HTTP/1.1" 200 - "-" "Mozilla/5.0 (compatible; SemrushBot/7~bl; +http://www.semrush.com/bot.html)"
208.110.64.178 - - [30/Dec/2025:10:27:05 -0300] "GET /wp-includes/admin.php HTTP/1.1" 200 - "https://agenciaidee.com/wp-includes/admin.php" "Mozilla/5.0 (Windows NT 10.0; Win64; x64) AppleWebKit/537.36 (KHTML, like Gecko) Chrome/58.0.3029.110 Safari/537.3"
216.73.216.44 - - [30/Dec/2025:10:27:12 -0300] "GET / HTTP/1.1" 200 - "-" "Mozilla/5.0 AppleWebKit/537.36 (KHTML, like Gecko; compatible; ClaudeBot/1.0; +claudebot@anthropic.com)"
185.191.171.12 - - [30/Dec/2025:10:27:17 -0300] "GET /?a=95450661 HTTP/1.1" 200 - "-" "Mozilla/5.0 (compatible; SemrushBot/7~bl; +http://www.semrush.com/bot.html)"
114.119.145.116 - - [30/Dec/2025:10:26:49 -0300] "GET /search.php?products/183sn12653 HTTP/1.1" 200 558124 "https://agenciaidee.com/search.php?sitemap601.xml" "Mozilla/5.0 (Linux; Android 7.0;) AppleWebKit/537.36 (KHTML, like Gecko) Mobile Safari/537.36 (compatible; PetalBot;+https://webmaster.petalsearch.com/site/petalbot)"
185.191.171.12 - - [30/Dec/2025:10:27:23 -0300] "GET /?a=146039261 HTTP/1.1" 200 - "-" "Mozilla/5.0 (compatible; SemrushBot/7~bl; +http://www.semrush.com/bot.html)"
69.197.149.50 - - [30/Dec/2025:10:26:00 -0300] "GET /wp-includes/br79d1f6/edit.php?id=996710 HTTP/1.1" 200 - "https://agenciaidee.com/wp-includes/br79d1f6/edit.php?id=996710" "Mozilla/5.0 (Windows NT 10.0; Win64; x64) AppleWebKit/537.36 (KHTML, like Gecko) Chrome/58.0.3029.110 Safari/537.3"
185.191.171.13 - - [30/Dec/2025:10:27:31 -0300] "GET /?a=148260461 HTTP/1.1" 200 - "-" "Mozilla/5.0 (compatible; SemrushBot/7~bl; +http://www.semrush.com/bot.html)"
185.191.171.10 - - [30/Dec/2025:10:27:34 -0300] "GET /?a=33369361 HTTP/1.1" 200 - "-" "Mozilla/5.0 (compatible; SemrushBot/7~bl; +http://www.semrush.com/bot.html)"
85.208.96.210 - - [30/Dec/2025:10:27:37 -0300] "GET /?p=4793733 HTTP/1.1" 200 - "-" "Mozilla/5.0 (compatible; SemrushBot/7~bl; +http://www.semrush.com/bot.html)"
77.75.77.36 - - [30/Dec/2025:10:27:40 -0300] "GET /?t=2278218933 HTTP/1.1" 200 - "-" "Mozilla/5.0 (compatible; SeznamBot/4.0; +https://o-seznam.cz/napoveda/vyhledavani/en/seznambot-crawler/)"
69.197.149.50 - - [30/Dec/2025:10:26:12 -0300] "GET /wp-content/qq29a515/edit.php?id=469679 HTTP/1.1" 200 - "https://agenciaidee.com/wp-content/qq29a515/edit.php?id=469679" "Mozilla/5.0 (Windows NT 10.0; Win64; x64) AppleWebKit/537.36 (KHTML, like Gecko) Chrome/58.0.3029.110 Safari/537.3"
185.191.171.10 - - [30/Dec/2025:10:27:43 -0300] "GET /?a=143366761 HTTP/1.1" 200 - "-" "Mozilla/5.0 (compatible; SemrushBot/7~bl; +http://www.semrush.com/bot.html)"
85.208.96.196 - - [30/Dec/2025:10:27:46 -0300] "GET /?a=141095061 HTTP/1.1" 200 - "-" "Mozilla/5.0 (compatible; SemrushBot/7~bl; +http://www.semrush.com/bot.html)"
114.119.144.17 - - [30/Dec/2025:10:28:09 -0300] "GET /search.php?products/183nk18189 HTTP/1.1" 200 575562 "https://agenciaidee.com/search.php?sitemap601.xml" "Mozilla/5.0 (Linux; Android 7.0;) AppleWebKit/537.36 (KHTML, like Gecko) Mobile Safari/537.36 (compatible; PetalBot;+https://webmaster.petalsearch.com/site/petalbot)"
185.191.171.4 - - [30/Dec/2025:10:28:21 -0300] "GET /?a=21381661 HTTP/1.1" 200 - "-" "Mozilla/5.0 (compatible; SemrushBot/7~bl; +http://www.semrush.com/bot.html)"
185.191.171.1 - - [30/Dec/2025:10:28:22 -0300] "GET /?a=92286361 HTTP/1.1" 200 - "-" "Mozilla/5.0 (compatible; SemrushBot/7~bl; +http://www.semrush.com/bot.html)"
185.191.171.4 - - [30/Dec/2025:10:28:26 -0300] "GET /?a=100887961 HTTP/1.1" 200 - "-" "Mozilla/5.0 (compatible; SemrushBot/7~bl; +http://www.semrush.com/bot.html)"
85.208.96.210 - - [30/Dec/2025:10:28:32 -0300] "GET /?a=142851861 HTTP/1.1" 200 - "-" "Mozilla/5.0 (compatible; SemrushBot/7~bl; +http://www.semrush.com/bot.html)"
69.197.149.50 - - [30/Dec/2025:10:27:29 -0300] "GET /wp-includes/br79d1f6/edit.php?id=996710 HTTP/1.1" 200 - "https://agenciaidee.com/wp-includes/br79d1f6/edit.php?id=996710" "Mozilla/5.0 (Windows NT 10.0; Win64; x64) AppleWebKit/537.36 (KHTML, like Gecko) Chrome/58.0.3029.110 Safari/537.3"
69.197.149.50 - - [30/Dec/2025:10:27:42 -0300] "GET /wp-content/qq29a515/edit.php?id=469679 HTTP/1.1" 200 - "https://agenciaidee.com/wp-content/qq29a515/edit.php?id=469679" "Mozilla/5.0 (Windows NT 10.0; Win64; x64) AppleWebKit/537.36 (KHTML, like Gecko) Chrome/58.0.3029.110 Safari/537.3"
185.191.171.10 - - [30/Dec/2025:10:29:12 -0300] "GET /?a=146407061 HTTP/1.1" 200 - "-" "Mozilla/5.0 (compatible; SemrushBot/7~bl; +http://www.semrush.com/bot.html)"
85.208.96.211 - - [30/Dec/2025:10:29:18 -0300] "GET /?a=139521961 HTTP/1.1" 200 - "-" "Mozilla/5.0 (compatible; SemrushBot/7~bl; +http://www.semrush.com/bot.html)"
208.110.64.178 - - [30/Dec/2025:10:29:27 -0300] "GET /wp-content/admin.php HTTP/1.1" 200 - "https://www.agenciaidee.com/wp-content/admin.php" "Mozilla/5.0 (Windows NT 10.0; Win64; x64) AppleWebKit/537.36 (KHTML, like Gecko) Chrome/58.0.3029.110 Safari/537.3"
185.191.171.1 - - [30/Dec/2025:10:29:27 -0300] "GET /?a=145094461 HTTP/1.1" 200 - "-" "Mozilla/5.0 (compatible; SemrushBot/7~bl; +http://www.semrush.com/bot.html)"
114.119.146.179 - - [30/Dec/2025:10:29:33 -0300] "GET /search.php?products/183ni21962 HTTP/1.1" 200 555971 "https://agenciaidee.com/search.php?sitemap601.xml" "Mozilla/5.0 (Linux; Android 7.0;) AppleWebKit/537.36 (KHTML, like Gecko) Mobile Safari/537.36 (compatible; PetalBot;+https://webmaster.petalsearch.com/site/petalbot)"
57.141.2.80 - - [30/Dec/2025:10:29:38 -0300] "GET /?t=2661339446 HTTP/1.1" 200 - "-" "meta-externalagent/1.1 (+https://developers.facebook.com/docs/sharing/webmasters/crawler)"
69.12.83.216 - - [30/Dec/2025:10:29:39 -0300] "GET / HTTP/1.1" 200 - "-" "Mozilla/5.0 (Windows NT 10.0; Win64; x64) AppleWebKit/537.36 (KHTML, like Gecko) Chrome/138.0.0.0 Safari/537.36 Edg/138.0.0.0"
69.12.83.216 - - [30/Dec/2025:10:29:40 -0300] "GET /favicon.ico HTTP/1.1" 200 - "-" "Mozilla/5.0 (Windows NT 10.0; Win64; x64) AppleWebKit/537.36 (KHTML, like Gecko) Chrome/138.0.0.0 Safari/537.36 Edg/138.0.0.0"
69.197.149.50 - - [30/Dec/2025:10:29:00 -0300] "GET /wp-includes/br79d1f6/edit.php?id=996710 HTTP/1.1" 200 - "https://agenciaidee.com/wp-includes/br79d1f6/edit.php?id=996710" "Mozilla/5.0 (Windows NT 10.0; Win64; x64) AppleWebKit/537.36 (KHTML, like Gecko) Chrome/58.0.3029.110 Safari/537.3"
85.208.96.209 - - [30/Dec/2025:10:30:36 -0300] "GET /?a=147169261 HTTP/1.1" 200 - "-" "Mozilla/5.0 (compatible; SemrushBot/7~bl; +http://www.semrush.com/bot.html)"
69.197.149.50 - - [30/Dec/2025:10:29:10 -0300] "GET /wp-content/qq29a515/edit.php?id=469679 HTTP/1.1" 200 - "https://agenciaidee.com/wp-content/qq29a515/edit.php?id=469679" "Mozilla/5.0 (Windows NT 10.0; Win64; x64) AppleWebKit/537.36 (KHTML, like Gecko) Chrome/58.0.3029.110 Safari/537.3"
85.208.96.194 - - [30/Dec/2025:10:30:41 -0300] "GET /?a=32490561 HTTP/1.1" 200 - "-" "Mozilla/5.0 (compatible; SemrushBot/7~bl; +http://www.semrush.com/bot.html)"
114.119.142.140 - - [30/Dec/2025:10:30:58 -0300] "GET /search.php?products/183ju48575 HTTP/1.1" 200 554030 "https://agenciaidee.com/search.php?sitemap601.xml" "Mozilla/5.0 (Linux; Android 7.0;) AppleWebKit/537.36 (KHTML, like Gecko) Mobile Safari/537.36 (compatible; PetalBot;+https://webmaster.petalsearch.com/site/petalbot)"
85.208.96.210 - - [30/Dec/2025:10:31:01 -0300] "GET /?a=146881361 HTTP/1.1" 200 - "-" "Mozilla/5.0 (compatible; SemrushBot/7~bl; +http://www.semrush.com/bot.html)"
185.191.171.14 - - [30/Dec/2025:10:31:03 -0300] "GET /?a=136544761 HTTP/1.1" 200 - "-" "Mozilla/5.0 (compatible; SemrushBot/7~bl; +http://www.semrush.com/bot.html)"
47.82.11.35 - - [30/Dec/2025:10:31:13 -0300] "GET /236zdnn8984.html HTTP/1.1" 200 - "https://agenciaidee.com/" "Mozilla/5.0 (X11; CrOS x86_64 14541.0.0) AppleWebKit/537.36 (KHTML, like Gecko) Chrome/134.0.0.0 Safari/537.36"
85.208.96.197 - - [30/Dec/2025:10:31:15 -0300] "GET /?a=135326961 HTTP/1.1" 200 - "-" "Mozilla/5.0 (compatible; SemrushBot/7~bl; +http://www.semrush.com/bot.html)"
185.191.171.14 - - [30/Dec/2025:10:31:21 -0300] "GET /?a=101966361 HTTP/1.1" 200 - "-" "Mozilla/5.0 (compatible; SemrushBot/7~bl; +http://www.semrush.com/bot.html)"
85.208.96.211 - - [30/Dec/2025:10:31:23 -0300] "GET /?a=22819761 HTTP/1.1" 200 - "-" "Mozilla/5.0 (compatible; SemrushBot/7~bl; +http://www.semrush.com/bot.html)"
185.191.171.11 - - [30/Dec/2025:10:31:25 -0300] "GET /?a=217704261 HTTP/1.1" 200 - "-" "Mozilla/5.0 (compatible; SemrushBot/7~bl; +http://www.semrush.com/bot.html)"
85.208.96.202 - - [30/Dec/2025:10:31:33 -0300] "GET /?a=237839461 HTTP/1.1" 200 - "-" "Mozilla/5.0 (compatible; SemrushBot/7~bl; +http://www.semrush.com/bot.html)"
85.208.96.201 - - [30/Dec/2025:10:31:38 -0300] "GET /?p=1177654 HTTP/1.1" 200 - "-" "Mozilla/5.0 (compatible; SemrushBot/7~bl; +http://www.semrush.com/bot.html)"
85.208.96.194 - - [30/Dec/2025:10:31:44 -0300] "GET /?a=5855361 HTTP/1.1" 200 - "-" "Mozilla/5.0 (compatible; SemrushBot/7~bl; +http://www.semrush.com/bot.html)"
85.208.96.195 - - [30/Dec/2025:10:31:47 -0300] "GET /?a=111960461 HTTP/1.1" 200 - "-" "Mozilla/5.0 (compatible; SemrushBot/7~bl; +http://www.semrush.com/bot.html)"
69.197.149.50 - - [30/Dec/2025:10:30:32 -0300] "GET /wp-includes/br79d1f6/edit.php?id=996710 HTTP/1.1" 200 - "https://agenciaidee.com/wp-includes/br79d1f6/edit.php?id=996710" "Mozilla/5.0 (Windows NT 10.0; Win64; x64) AppleWebKit/537.36 (KHTML, like Gecko) Chrome/58.0.3029.110 Safari/537.3"
85.208.96.211 - - [30/Dec/2025:10:32:00 -0300] "GET /?a=139625961 HTTP/1.1" 200 - "-" "Mozilla/5.0 (compatible; SemrushBot/7~bl; +http://www.semrush.com/bot.html)"
69.197.149.50 - - [30/Dec/2025:10:30:38 -0300] "GET /wp-content/qq29a515/edit.php?id=469679 HTTP/1.1" 200 - "https://agenciaidee.com/wp-content/qq29a515/edit.php?id=469679" "Mozilla/5.0 (Windows NT 10.0; Win64; x64) AppleWebKit/537.36 (KHTML, like Gecko) Chrome/58.0.3029.110 Safari/537.3"
114.119.144.64 - - [30/Dec/2025:10:32:21 -0300] "GET /search.php?products/183jm6404 HTTP/1.1" 200 552659 "https://agenciaidee.com/search.php?sitemap601.xml" "Mozilla/5.0 (Linux; Android 7.0;) AppleWebKit/537.36 (KHTML, like Gecko) Mobile Safari/537.36 (compatible; PetalBot;+https://webmaster.petalsearch.com/site/petalbot)"
185.191.171.19 - - [30/Dec/2025:10:32:23 -0300] "GET /?a=147034861 HTTP/1.1" 200 - "-" "Mozilla/5.0 (compatible; SemrushBot/7~bl; +http://www.semrush.com/bot.html)"
85.208.96.202 - - [30/Dec/2025:10:32:26 -0300] "GET /?a=75245861 HTTP/1.1" 200 - "-" "Mozilla/5.0 (compatible; SemrushBot/7~bl; +http://www.semrush.com/bot.html)"
85.208.96.207 - - [30/Dec/2025:10:32:31 -0300] "GET /?a=145765261 HTTP/1.1" 200 - "-" "Mozilla/5.0 (compatible; SemrushBot/7~bl; +http://www.semrush.com/bot.html)"
85.208.96.195 - - [30/Dec/2025:10:32:36 -0300] "GET /?a=100785061 HTTP/1.1" 200 - "-" "Mozilla/5.0 (compatible; SemrushBot/7~bl; +http://www.semrush.com/bot.html)"
85.208.96.198 - - [30/Dec/2025:10:33:22 -0300] "GET /?a=146553561 HTTP/1.1" 200 - "-" "Mozilla/5.0 (compatible; SemrushBot/7~bl; +http://www.semrush.com/bot.html)"
204.12.208.18 - - [30/Dec/2025:10:33:22 -0300] "GET /wp-includes/wp9e9ee7/edit.php HTTP/1.1" 200 6 "http://agenciaidee.com/wp-includes/wp9e9ee7/edit.php" "Mozilla/5.0 (Macintosh; U; PPC Mac OS X; ja-jp) AppleWebKit/523.12.2 (KHTML, like Gecko) Version/3.0.4 Safari/523.12.2"
85.208.96.193 - - [30/Dec/2025:10:33:30 -0300] "GET /?a=1197961 HTTP/1.1" 200 - "-" "Mozilla/5.0 (compatible; SemrushBot/7~bl; +http://www.semrush.com/bot.html)"
69.197.149.50 - - [30/Dec/2025:10:32:04 -0300] "GET /wp-includes/br79d1f6/edit.php?id=996710 HTTP/1.1" 200 - "https://agenciaidee.com/wp-includes/br79d1f6/edit.php?id=996710" "Mozilla/5.0 (Windows NT 10.0; Win64; x64) AppleWebKit/537.36 (KHTML, like Gecko) Chrome/58.0.3029.110 Safari/537.3"
185.191.171.3 - - [30/Dec/2025:10:33:35 -0300] "GET /?a=81906461 HTTP/1.1" 200 - "-" "Mozilla/5.0 (compatible; SemrushBot/7~bl; +http://www.semrush.com/bot.html)"
69.197.149.50 - - [30/Dec/2025:10:32:11 -0300] "GET /wp-content/qq29a515/edit.php?id=469679 HTTP/1.1" 200 - "https://agenciaidee.com/wp-content/qq29a515/edit.php?id=469679" "Mozilla/5.0 (Windows NT 10.0; Win64; x64) AppleWebKit/537.36 (KHTML, like Gecko) Chrome/58.0.3029.110 Safari/537.3"
114.119.157.239 - - [30/Dec/2025:10:33:44 -0300] "GET /search.php?products/183fc28905 HTTP/1.1" 200 551381 "https://agenciaidee.com/search.php?sitemap601.xml" "Mozilla/5.0 (Linux; Android 7.0;) AppleWebKit/537.36 (KHTML, like Gecko) Mobile Safari/537.36 (compatible; PetalBot;+https://webmaster.petalsearch.com/site/petalbot)"
66.249.64.130 - - [30/Dec/2025:10:33:46 -0300] "GET /?t=1036888086 HTTP/1.1" 200 120959 "-" "Mozilla/5.0 (Linux; Android 6.0.1; Nexus 5X Build/MMB29P) AppleWebKit/537.36 (KHTML, like Gecko) Chrome/141.0.7390.122 Mobile Safari/537.36 (compatible; GoogleOther)"
204.12.208.18 - - [30/Dec/2025:10:33:02 -0300] "GET /wp-includes/wp9e9ee7/edit.php HTTP/1.1" 200 - "http://agenciaidee.com/wp-includes/wp9e9ee7/edit.php" "Mozilla/5.0 (Macintosh; U; Intel Mac OS X 10_5_3; ja-jp) AppleWebKit/525.18 (KHTML, like Gecko) Version/3.1.1 Safari/525.20"
185.191.171.12 - - [30/Dec/2025:10:34:51 -0300] "GET /?a=142754661 HTTP/1.1" 200 - "-" "Mozilla/5.0 (compatible; SemrushBot/7~bl; +http://www.semrush.com/bot.html)"
185.191.171.4 - - [30/Dec/2025:10:34:53 -0300] "GET /?a=141107561 HTTP/1.1" 200 - "-" "Mozilla/5.0 (compatible; SemrushBot/7~bl; +http://www.semrush.com/bot.html)"
69.197.149.50 - - [30/Dec/2025:10:33:34 -0300] "GET /wp-includes/br79d1f6/edit.php?id=996710 HTTP/1.1" 200 - "https://agenciaidee.com/wp-includes/br79d1f6/edit.php?id=996710" "Mozilla/5.0 (Windows NT 10.0; Win64; x64) AppleWebKit/537.36 (KHTML, like Gecko) Chrome/58.0.3029.110 Safari/537.3"
69.197.149.50 - - [30/Dec/2025:10:33:40 -0300] "GET /wp-content/qq29a515/edit.php?id=469679 HTTP/1.1" 200 - "https://agenciaidee.com/wp-content/qq29a515/edit.php?id=469679" "Mozilla/5.0 (Windows NT 10.0; Win64; x64) AppleWebKit/537.36 (KHTML, like Gecko) Chrome/58.0.3029.110 Safari/537.3"
85.208.96.201 - - [30/Dec/2025:10:35:12 -0300] "GET /?a=92331761 HTTP/1.1" 200 - "-" "Mozilla/5.0 (compatible; SemrushBot/7~bl; +http://www.semrush.com/bot.html)"
85.208.96.195 - - [30/Dec/2025:10:35:14 -0300] "GET /?a=148354261 HTTP/1.1" 200 - "-" "Mozilla/5.0 (compatible; SemrushBot/7~bl; +http://www.semrush.com/bot.html)"
114.119.144.17 - - [30/Dec/2025:10:35:16 -0300] "GET /search.php?products/183bi25228 HTTP/1.1" 200 557955 "https://agenciaidee.com/search.php?sitemap601.xml" "Mozilla/5.0 (Linux; Android 7.0;) AppleWebKit/537.36 (KHTML, like Gecko) Mobile Safari/537.36 (compatible; PetalBot;+https://webmaster.petalsearch.com/site/petalbot)"
185.191.171.5 - - [30/Dec/2025:10:35:26 -0300] "GET /?a=44400861 HTTP/1.1" 200 - "-" "Mozilla/5.0 (compatible; SemrushBot/7~bl; +http://www.semrush.com/bot.html)"
185.191.171.5 - - [30/Dec/2025:10:35:32 -0300] "GET /?a=17701961 HTTP/1.1" 200 - "-" "Mozilla/5.0 (compatible; SemrushBot/7~bl; +http://www.semrush.com/bot.html)"
85.208.96.196 - - [30/Dec/2025:10:35:40 -0300] "GET /?a=146089061 HTTP/1.1" 200 - "-" "Mozilla/5.0 (compatible; SemrushBot/7~bl; +http://www.semrush.com/bot.html)"
185.191.171.3 - - [30/Dec/2025:10:35:42 -0300] "GET /?a=147528261 HTTP/1.1" 200 - "-" "Mozilla/5.0 (compatible; SemrushBot/7~bl; +http://www.semrush.com/bot.html)"
185.191.171.4 - - [30/Dec/2025:10:35:44 -0300] "GET /?a=144761561 HTTP/1.1" 200 - "-" "Mozilla/5.0 (compatible; SemrushBot/7~bl; +http://www.semrush.com/bot.html)"
185.191.171.2 - - [30/Dec/2025:10:35:47 -0300] "GET /?a=135873161 HTTP/1.1" 200 - "-" "Mozilla/5.0 (compatible; SemrushBot/7~bl; +http://www.semrush.com/bot.html)"
85.208.96.198 - - [30/Dec/2025:10:35:48 -0300] "GET /?a=78673061 HTTP/1.1" 200 - "-" "Mozilla/5.0 (compatible; SemrushBot/7~bl; +http://www.semrush.com/bot.html)"
185.191.171.5 - - [30/Dec/2025:10:35:56 -0300] "GET /?a=147625361 HTTP/1.1" 200 - "-" "Mozilla/5.0 (compatible; SemrushBot/7~bl; +http://www.semrush.com/bot.html)"
69.197.149.50 - - [30/Dec/2025:10:34:33 -0300] "GET /wp-includes/wp9e9ee7/edit.php?id=881402 HTTP/1.1" 200 - "https://agenciaidee.com/wp-includes/wp9e9ee7/edit.php?id=881402" "Mozilla/5.0 (Windows NT 10.0; Win64; x64) AppleWebKit/537.36 (KHTML, like Gecko) Chrome/58.0.3029.110 Safari/537.3"
57.141.2.68 - - [30/Dec/2025:10:36:07 -0300] "GET /?t=145975675 HTTP/1.1" 200 - "-" "meta-externalagent/1.1 (+https://developers.facebook.com/docs/sharing/webmasters/crawler)"
185.191.171.4 - - [30/Dec/2025:10:36:20 -0300] "GET /?a=85574961 HTTP/1.1" 200 - "-" "Mozilla/5.0 (compatible; SemrushBot/7~bl; +http://www.semrush.com/bot.html)"
85.208.96.206 - - [30/Dec/2025:10:36:31 -0300] "GET /?a=58792161 HTTP/1.1" 200 - "-" "Mozilla/5.0 (compatible; SemrushBot/7~bl; +http://www.semrush.com/bot.html)"
69.197.149.50 - - [30/Dec/2025:10:35:02 -0300] "GET /wp-includes/br79d1f6/edit.php?id=996710 HTTP/1.1" 200 - "https://agenciaidee.com/wp-includes/br79d1f6/edit.php?id=996710" "Mozilla/5.0 (Windows NT 10.0; Win64; x64) AppleWebKit/537.36 (KHTML, like Gecko) Chrome/58.0.3029.110 Safari/537.3"
204.12.252.98 - - [30/Dec/2025:10:36:33 -0300] "GET /wp-includes/admin.php HTTP/1.1" 200 - "https://agenciaidee.com/wp-includes/admin.php" "Mozilla/5.0 (Windows NT 10.0; Win64; x64) AppleWebKit/537.36 (KHTML, like Gecko) Chrome/58.0.3029.110 Safari/537.3"
69.197.149.50 - - [30/Dec/2025:10:35:11 -0300] "GET /wp-content/qq29a515/edit.php?id=469679 HTTP/1.1" 200 - "https://agenciaidee.com/wp-content/qq29a515/edit.php?id=469679" "Mozilla/5.0 (Windows NT 10.0; Win64; x64) AppleWebKit/537.36 (KHTML, like Gecko) Chrome/58.0.3029.110 Safari/537.3"
185.191.171.3 - - [30/Dec/2025:10:36:44 -0300] "GET /?a=100910661 HTTP/1.1" 200 - "-" "Mozilla/5.0 (compatible; SemrushBot/7~bl; +http://www.semrush.com/bot.html)"
85.208.96.193 - - [30/Dec/2025:10:36:47 -0300] "GET /?a=7128461 HTTP/1.1" 200 - "-" "Mozilla/5.0 (compatible; SemrushBot/7~bl; +http://www.semrush.com/bot.html)"
185.191.171.17 - - [30/Dec/2025:10:36:49 -0300] "GET /?a=143749261 HTTP/1.1" 200 - "-" "Mozilla/5.0 (compatible; SemrushBot/7~bl; +http://www.semrush.com/bot.html)"
66.249.64.233 - - [30/Dec/2025:10:37:09 -0300] "GET /sitemap-subkey-2871.xml HTTP/1.1" 200 126781 "-" "Mozilla/5.0 (compatible; Googlebot/2.1; +http://www.google.com/bot.html)"
114.119.145.116 - - [30/Dec/2025:10:36:43 -0300] "GET /search.php?products/182zs39800 HTTP/1.1" 200 556753 "https://agenciaidee.com/search.php?sitemap601.xml" "Mozilla/5.0 (Linux; Android 7.0;) AppleWebKit/537.36 (KHTML, like Gecko) Mobile Safari/537.36 (compatible; PetalBot;+https://webmaster.petalsearch.com/site/petalbot)"
185.191.171.4 - - [30/Dec/2025:10:37:26 -0300] "GET /?a=4974961 HTTP/1.1" 200 - "-" "Mozilla/5.0 (compatible; SemrushBot/7~bl; +http://www.semrush.com/bot.html)"
69.197.149.50 - - [30/Dec/2025:10:36:03 -0300] "GET /wp-includes/wp9e9ee7/edit.php?id=881402 HTTP/1.1" 200 - "https://agenciaidee.com/wp-includes/wp9e9ee7/edit.php?id=881402" "Mozilla/5.0 (Windows NT 10.0; Win64; x64) AppleWebKit/537.36 (KHTML, like Gecko) Chrome/58.0.3029.110 Safari/537.3"
185.191.171.18 - - [30/Dec/2025:10:37:33 -0300] "GET /?a=76161761 HTTP/1.1" 200 - "-" "Mozilla/5.0 (compatible; SemrushBot/7~bl; +http://www.semrush.com/bot.html)"
185.191.171.1 - - [30/Dec/2025:10:37:45 -0300] "GET /?a=96851061 HTTP/1.1" 200 - "-" "Mozilla/5.0 (compatible; SemrushBot/7~bl; +http://www.semrush.com/bot.html)"
216.73.216.44 - - [30/Dec/2025:10:37:59 -0300] "GET / HTTP/1.1" 200 - "-" "Mozilla/5.0 AppleWebKit/537.36 (KHTML, like Gecko; compatible; ClaudeBot/1.0; +claudebot@anthropic.com)"
69.197.149.50 - - [30/Dec/2025:10:36:33 -0300] "GET /wp-includes/br79d1f6/edit.php?id=996710 HTTP/1.1" 200 - "https://agenciaidee.com/wp-includes/br79d1f6/edit.php?id=996710" "Mozilla/5.0 (Windows NT 10.0; Win64; x64) AppleWebKit/537.36 (KHTML, like Gecko) Chrome/58.0.3029.110 Safari/537.3"
69.197.149.50 - - [30/Dec/2025:10:36:40 -0300] "GET /wp-content/qq29a515/edit.php?id=469679 HTTP/1.1" 200 - "https://agenciaidee.com/wp-content/qq29a515/edit.php?id=469679" "Mozilla/5.0 (Windows NT 10.0; Win64; x64) AppleWebKit/537.36 (KHTML, like Gecko) Chrome/58.0.3029.110 Safari/537.3"
114.119.144.17 - - [30/Dec/2025:10:37:56 -0300] "GET /search.php?products/182zb1375 HTTP/1.1" 200 552042 "https://agenciaidee.com/search.php?sitemap601.xml" "Mozilla/5.0 (Linux; Android 7.0;) AppleWebKit/537.36 (KHTML, like Gecko) Mobile Safari/537.36 (compatible; PetalBot;+https://webmaster.petalsearch.com/site/petalbot)"
69.197.149.50 - - [30/Dec/2025:10:37:32 -0300] "GET /wp-includes/wp9e9ee7/edit.php?id=881402 HTTP/1.1" 200 - "https://agenciaidee.com/wp-includes/wp9e9ee7/edit.php?id=881402" "Mozilla/5.0 (Windows NT 10.0; Win64; x64) AppleWebKit/537.36 (KHTML, like Gecko) Chrome/58.0.3029.110 Safari/537.3"
85.208.96.206 - - [30/Dec/2025:10:39:04 -0300] "GET /?a=87323361 HTTP/1.1" 200 - "-" "Mozilla/5.0 (compatible; SemrushBot/7~bl; +http://www.semrush.com/bot.html)"
185.191.171.19 - - [30/Dec/2025:10:39:09 -0300] "GET /?a=214309561 HTTP/1.1" 200 - "-" "Mozilla/5.0 (compatible; SemrushBot/7~bl; +http://www.semrush.com/bot.html)"
185.191.171.16 - - [30/Dec/2025:10:39:24 -0300] "GET /?a=8318961 HTTP/1.1" 200 - "-" "Mozilla/5.0 (compatible; SemrushBot/7~bl; +http://www.semrush.com/bot.html)"
69.197.149.50 - - [30/Dec/2025:10:38:04 -0300] "GET /wp-includes/br79d1f6/edit.php?id=996710 HTTP/1.1" 200 - "https://agenciaidee.com/wp-includes/br79d1f6/edit.php?id=996710" "Mozilla/5.0 (Windows NT 10.0; Win64; x64) AppleWebKit/537.36 (KHTML, like Gecko) Chrome/58.0.3029.110 Safari/537.3"
85.208.96.203 - - [30/Dec/2025:10:39:32 -0300] "GET /?a=82811161 HTTP/1.1" 200 - "-" "Mozilla/5.0 (compatible; SemrushBot/7~bl; +http://www.semrush.com/bot.html)"
85.208.96.208 - - [30/Dec/2025:10:39:33 -0300] "GET /?p=890914 HTTP/1.1" 200 - "-" "Mozilla/5.0 (compatible; SemrushBot/7~bl; +http://www.semrush.com/bot.html)"
85.208.96.210 - - [30/Dec/2025:10:39:36 -0300] "GET /?a=8611061 HTTP/1.1" 200 - "-" "Mozilla/5.0 (compatible; SemrushBot/7~bl; +http://www.semrush.com/bot.html)"
69.197.149.50 - - [30/Dec/2025:10:38:10 -0300] "GET /wp-content/qq29a515/edit.php?id=469679 HTTP/1.1" 200 - "https://agenciaidee.com/wp-content/qq29a515/edit.php?id=469679" "Mozilla/5.0 (Windows NT 10.0; Win64; x64) AppleWebKit/537.36 (KHTML, like Gecko) Chrome/58.0.3029.110 Safari/537.3"
185.191.171.9 - - [30/Dec/2025:10:39:42 -0300] "GET /?a=146105161 HTTP/1.1" 200 - "-" "Mozilla/5.0 (compatible; SemrushBot/7~bl; +http://www.semrush.com/bot.html)"
85.208.96.209 - - [30/Dec/2025:10:39:49 -0300] "GET /?a=142349761 HTTP/1.1" 200 - "-" "Mozilla/5.0 (compatible; SemrushBot/7~bl; +http://www.semrush.com/bot.html)"
114.119.142.210 - - [30/Dec/2025:10:39:23 -0300] "GET /search.php?products/182rg45216 HTTP/1.1" 200 554515 "https://agenciaidee.com/search.php?sitemap601.xml" "Mozilla/5.0 (Linux; Android 7.0;) AppleWebKit/537.36 (KHTML, like Gecko) Mobile Safari/537.36 (compatible; PetalBot;+https://webmaster.petalsearch.com/site/petalbot)"
85.208.96.204 - - [30/Dec/2025:10:39:52 -0300] "GET /?a=3544161 HTTP/1.1" 200 - "-" "Mozilla/5.0 (compatible; SemrushBot/7~bl; +http://www.semrush.com/bot.html)"
85.208.96.212 - - [30/Dec/2025:10:39:55 -0300] "GET /?a=256612061 HTTP/1.1" 200 - "-" "Mozilla/5.0 (compatible; SemrushBot/7~bl; +http://www.semrush.com/bot.html)"
77.75.77.36 - - [30/Dec/2025:10:39:58 -0300] "GET /?t=1411873630 HTTP/1.1" 200 - "-" "Mozilla/5.0 (compatible; SeznamBot/4.0; +https://o-seznam.cz/napoveda/vyhledavani/en/seznambot-crawler/)"
185.191.171.16 - - [30/Dec/2025:10:39:58 -0300] "GET /?a=144483061 HTTP/1.1" 200 - "-" "Mozilla/5.0 (compatible; SemrushBot/7~bl; +http://www.semrush.com/bot.html)"
85.208.96.198 - - [30/Dec/2025:10:40:00 -0300] "GET /?a=140419861 HTTP/1.1" 200 - "-" "Mozilla/5.0 (compatible; SemrushBot/7~bl; +http://www.semrush.com/bot.html)"
69.197.149.50 - - [30/Dec/2025:10:39:02 -0300] "GET /wp-includes/wp9e9ee7/edit.php?id=881402 HTTP/1.1" 200 - "https://agenciaidee.com/wp-includes/wp9e9ee7/edit.php?id=881402" "Mozilla/5.0 (Windows NT 10.0; Win64; x64) AppleWebKit/537.36 (KHTML, like Gecko) Chrome/58.0.3029.110 Safari/537.3"
85.208.96.208 - - [30/Dec/2025:10:40:33 -0300] "GET /?a=88407961 HTTP/1.1" 200 - "-" "Mozilla/5.0 (compatible; SemrushBot/7~bl; +http://www.semrush.com/bot.html)"
185.191.171.10 - - [30/Dec/2025:10:40:39 -0300] "GET /?a=4743561 HTTP/1.1" 200 - "-" "Mozilla/5.0 (compatible; SemrushBot/7~bl; +http://www.semrush.com/bot.html)"
77.75.77.36 - - [30/Dec/2025:10:40:42 -0300] "GET /?t=1519338038 HTTP/1.1" 200 - "-" "Mozilla/5.0 (compatible; SeznamBot/4.0; +https://o-seznam.cz/napoveda/vyhledavani/en/seznambot-crawler/)"
85.208.96.203 - - [30/Dec/2025:10:40:51 -0300] "GET /?a=148899461 HTTP/1.1" 200 - "-" "Mozilla/5.0 (compatible; SemrushBot/7~bl; +http://www.semrush.com/bot.html)"
85.208.96.193 - - [30/Dec/2025:10:40:52 -0300] "GET /?p=2934089 HTTP/1.1" 200 - "-" "Mozilla/5.0 (compatible; SemrushBot/7~bl; +http://www.semrush.com/bot.html)"
185.191.171.17 - - [30/Dec/2025:10:40:54 -0300] "GET /?a=139919961 HTTP/1.1" 200 - "-" "Mozilla/5.0 (compatible; SemrushBot/7~bl; +http://www.semrush.com/bot.html)"
77.75.77.36 - - [30/Dec/2025:10:41:00 -0300] "GET /?t=1137439795 HTTP/1.1" 200 - "-" "Mozilla/5.0 (compatible; SeznamBot/4.0; +https://o-seznam.cz/napoveda/vyhledavani/en/seznambot-crawler/)"
69.197.149.50 - - [30/Dec/2025:10:39:32 -0300] "GET /wp-includes/br79d1f6/edit.php?id=996710 HTTP/1.1" 200 - "https://agenciaidee.com/wp-includes/br79d1f6/edit.php?id=996710" "Mozilla/5.0 (Windows NT 10.0; Win64; x64) AppleWebKit/537.36 (KHTML, like Gecko) Chrome/58.0.3029.110 Safari/537.3"
69.197.149.50 - - [30/Dec/2025:10:39:38 -0300] "GET /wp-content/qq29a515/edit.php?id=469679 HTTP/1.1" 200 - "https://agenciaidee.com/wp-content/qq29a515/edit.php?id=469679" "Mozilla/5.0 (Windows NT 10.0; Win64; x64) AppleWebKit/537.36 (KHTML, like Gecko) Chrome/58.0.3029.110 Safari/537.3"
114.119.144.64 - - [30/Dec/2025:10:40:48 -0300] "GET /search.php?products/184ba13330 HTTP/1.1" 200 553271 "https://agenciaidee.com/search.php?sitemap601.xml" "Mozilla/5.0 (Linux; Android 7.0;) AppleWebKit/537.36 (KHTML, like Gecko) Mobile Safari/537.36 (compatible; PetalBot;+https://webmaster.petalsearch.com/site/petalbot)"
85.208.96.207 - - [30/Dec/2025:10:41:29 -0300] "GET /?a=8938061 HTTP/1.1" 200 - "-" "Mozilla/5.0 (compatible; SemrushBot/7~bl; +http://www.semrush.com/bot.html)"
185.191.171.16 - - [30/Dec/2025:10:41:39 -0300] "GET /?a=19431561 HTTP/1.1" 200 - "-" "Mozilla/5.0 (compatible; SemrushBot/7~bl; +http://www.semrush.com/bot.html)"
185.191.171.2 - - [30/Dec/2025:10:41:53 -0300] "GET /?a=103836861 HTTP/1.1" 200 - "-" "Mozilla/5.0 (compatible; SemrushBot/7~bl; +http://www.semrush.com/bot.html)"
77.75.77.36 - - [30/Dec/2025:10:41:54 -0300] "GET /?t=1527313686 HTTP/1.1" 200 - "-" "Mozilla/5.0 (compatible; SeznamBot/4.0; +https://o-seznam.cz/napoveda/vyhledavani/en/seznambot-crawler/)"
69.197.149.50 - - [30/Dec/2025:10:40:34 -0300] "GET /wp-includes/wp9e9ee7/edit.php?id=881402 HTTP/1.1" 200 - "https://agenciaidee.com/wp-includes/wp9e9ee7/edit.php?id=881402" "Mozilla/5.0 (Windows NT 10.0; Win64; x64) AppleWebKit/537.36 (KHTML, like Gecko) Chrome/58.0.3029.110 Safari/537.3"
208.110.64.178 - - [30/Dec/2025:10:42:15 -0300] "GET /wp-content/admin.php HTTP/1.1" 200 - "https://www.agenciaidee.com/wp-content/admin.php" "Mozilla/5.0 (Windows NT 10.0; Win64; x64) AppleWebKit/537.36 (KHTML, like Gecko) Chrome/58.0.3029.110 Safari/537.3"
69.197.149.50 - - [30/Dec/2025:10:41:01 -0300] "GET /wp-includes/br79d1f6/edit.php?id=996710 HTTP/1.1" 200 - "https://agenciaidee.com/wp-includes/br79d1f6/edit.php?id=996710" "Mozilla/5.0 (Windows NT 10.0; Win64; x64) AppleWebKit/537.36 (KHTML, like Gecko) Chrome/58.0.3029.110 Safari/537.3"
114.119.145.116 - - [30/Dec/2025:10:42:06 -0300] "GET /search.php?products/184aq7672 HTTP/1.1" 200 551009 "https://agenciaidee.com/search.php?sitemap601.xml" "Mozilla/5.0 (Linux; Android 7.0;) AppleWebKit/537.36 (KHTML, like Gecko) Mobile Safari/537.36 (compatible; PetalBot;+https://webmaster.petalsearch.com/site/petalbot)"
69.197.149.50 - - [30/Dec/2025:10:41:12 -0300] "GET /wp-content/qq29a515/edit.php?id=469679 HTTP/1.1" 200 - "https://agenciaidee.com/wp-content/qq29a515/edit.php?id=469679" "Mozilla/5.0 (Windows NT 10.0; Win64; x64) AppleWebKit/537.36 (KHTML, like Gecko) Chrome/58.0.3029.110 Safari/537.3"
77.75.79.36 - - [30/Dec/2025:10:42:46 -0300] "GET /?t=3735693335 HTTP/1.1" 200 - "-" "Mozilla/5.0 (compatible; SeznamBot/4.0; +https://o-seznam.cz/napoveda/vyhledavani/en/seznambot-crawler/)"
85.208.96.195 - - [30/Dec/2025:10:43:15 -0300] "GET /?a=139465661 HTTP/1.1" 200 - "-" "Mozilla/5.0 (compatible; SemrushBot/7~bl; +http://www.semrush.com/bot.html)"
85.208.96.195 - - [30/Dec/2025:10:43:24 -0300] "GET /?a=49877961 HTTP/1.1" 200 - "-" "Mozilla/5.0 (compatible; SemrushBot/7~bl; +http://www.semrush.com/bot.html)"
85.208.96.197 - - [30/Dec/2025:10:43:32 -0300] "GET /?a=1688361 HTTP/1.1" 200 - "-" "Mozilla/5.0 (compatible; SemrushBot/7~bl; +http://www.semrush.com/bot.html)"
69.197.149.50 - - [30/Dec/2025:10:42:07 -0300] "GET /wp-includes/wp9e9ee7/edit.php?id=881402 HTTP/1.1" 200 - "https://agenciaidee.com/wp-includes/wp9e9ee7/edit.php?id=881402" "Mozilla/5.0 (Windows NT 10.0; Win64; x64) AppleWebKit/537.36 (KHTML, like Gecko) Chrome/58.0.3029.110 Safari/537.3"
57.141.2.8 - - [30/Dec/2025:10:43:36 -0300] "GET /?t=225099561 HTTP/1.1" 200 - "-" "meta-externalagent/1.1 (+https://developers.facebook.com/docs/sharing/webmasters/crawler)"
185.191.171.13 - - [30/Dec/2025:10:43:44 -0300] "GET /?a=2594361 HTTP/1.1" 200 - "-" "Mozilla/5.0 (compatible; SemrushBot/7~bl; +http://www.semrush.com/bot.html)"
85.208.96.200 - - [30/Dec/2025:10:43:46 -0300] "GET /?a=352638161 HTTP/1.1" 200 - "-" "Mozilla/5.0 (compatible; SemrushBot/7~bl; +http://www.semrush.com/bot.html)"
185.191.171.2 - - [30/Dec/2025:10:43:48 -0300] "GET /?a=95973861 HTTP/1.1" 200 - "-" "Mozilla/5.0 (compatible; SemrushBot/7~bl; +http://www.semrush.com/bot.html)"
69.197.149.50 - - [30/Dec/2025:10:42:30 -0300] "GET /wp-includes/br79d1f6/edit.php?id=996710 HTTP/1.1" 200 - "https://agenciaidee.com/wp-includes/br79d1f6/edit.php?id=996710" "Mozilla/5.0 (Windows NT 10.0; Win64; x64) AppleWebKit/537.36 (KHTML, like Gecko) Chrome/58.0.3029.110 Safari/537.3"
85.208.96.195 - - [30/Dec/2025:10:43:57 -0300] "GET /?a=100511161 HTTP/1.1" 200 - "-" "Mozilla/5.0 (compatible; SemrushBot/7~bl; +http://www.semrush.com/bot.html)"
114.119.144.64 - - [30/Dec/2025:10:43:29 -0300] "GET /search.php?products/183xf40578 HTTP/1.1" 200 562841 "https://agenciaidee.com/search.php?sitemap601.xml" "Mozilla/5.0 (Linux; Android 7.0;) AppleWebKit/537.36 (KHTML, like Gecko) Mobile Safari/537.36 (compatible; PetalBot;+https://webmaster.petalsearch.com/site/petalbot)"
185.191.171.16 - - [30/Dec/2025:10:44:00 -0300] "GET /?a=5778061 HTTP/1.1" 200 - "-" "Mozilla/5.0 (compatible; SemrushBot/7~bl; +http://www.semrush.com/bot.html)"
85.208.96.202 - - [30/Dec/2025:10:44:01 -0300] "GET /?a=139695061 HTTP/1.1" 200 - "-" "Mozilla/5.0 (compatible; SemrushBot/7~bl; +http://www.semrush.com/bot.html)"
185.191.171.10 - - [30/Dec/2025:10:44:03 -0300] "GET /?a=6348461 HTTP/1.1" 200 - "-" "Mozilla/5.0 (compatible; SemrushBot/7~bl; +http://www.semrush.com/bot.html)"
185.191.171.18 - - [30/Dec/2025:10:44:04 -0300] "GET /?a=19766861 HTTP/1.1" 200 - "-" "Mozilla/5.0 (compatible; SemrushBot/7~bl; +http://www.semrush.com/bot.html)"
69.197.149.50 - - [30/Dec/2025:10:42:41 -0300] "GET /wp-content/qq29a515/edit.php?id=469679 HTTP/1.1" 200 - "https://agenciaidee.com/wp-content/qq29a515/edit.php?id=469679" "Mozilla/5.0 (Windows NT 10.0; Win64; x64) AppleWebKit/537.36 (KHTML, like Gecko) Chrome/58.0.3029.110 Safari/537.3"
57.141.2.33 - - [30/Dec/2025:10:44:08 -0300] "GET /?t=1035317545 HTTP/1.1" 200 - "-" "meta-externalagent/1.1 (+https://developers.facebook.com/docs/sharing/webmasters/crawler)"
185.191.171.16 - - [30/Dec/2025:10:44:19 -0300] "GET /?a=143272061 HTTP/1.1" 200 - "-" "Mozilla/5.0 (compatible; SemrushBot/7~bl; +http://www.semrush.com/bot.html)"
185.191.171.3 - - [30/Dec/2025:10:44:45 -0300] "GET /robots.txt HTTP/1.1" 200 377 "-" "Mozilla/5.0 (compatible; SemrushBot/7~bl; +http://www.semrush.com/bot.html)"
85.208.96.205 - - [30/Dec/2025:10:44:45 -0300] "GET /?a=20392361 HTTP/1.1" 200 - "-" "Mozilla/5.0 (compatible; SemrushBot/7~bl; +http://www.semrush.com/bot.html)"
85.208.96.199 - - [30/Dec/2025:10:44:50 -0300] "GET /?a=142672761 HTTP/1.1" 200 - "-" "Mozilla/5.0 (compatible; SemrushBot/7~bl; +http://www.semrush.com/bot.html)"
85.208.96.194 - - [30/Dec/2025:10:44:55 -0300] "GET /?p=2962518 HTTP/1.1" 200 - "-" "Mozilla/5.0 (compatible; SemrushBot/7~bl; +http://www.semrush.com/bot.html)"
185.191.171.8 - - [30/Dec/2025:10:44:57 -0300] "GET /?a=3561361 HTTP/1.1" 200 - "-" "Mozilla/5.0 (compatible; SemrushBot/7~bl; +http://www.semrush.com/bot.html)"
69.197.149.50 - - [30/Dec/2025:10:43:37 -0300] "GET /wp-includes/wp9e9ee7/edit.php?id=881402 HTTP/1.1" 200 - "https://agenciaidee.com/wp-includes/wp9e9ee7/edit.php?id=881402" "Mozilla/5.0 (Windows NT 10.0; Win64; x64) AppleWebKit/537.36 (KHTML, like Gecko) Chrome/58.0.3029.110 Safari/537.3"
208.110.64.178 - - [30/Dec/2025:10:45:05 -0300] "GET /wp-includes/admin.php HTTP/1.1" 200 - "https://agenciaidee.com/wp-includes/admin.php" "Mozilla/5.0 (Windows NT 10.0; Win64; x64) AppleWebKit/537.36 (KHTML, like Gecko) Chrome/58.0.3029.110 Safari/537.3"
85.208.96.206 - - [30/Dec/2025:10:45:07 -0300] "GET /?p=4771059 HTTP/1.1" 200 - "-" "Mozilla/5.0 (compatible; SemrushBot/7~bl; +http://www.semrush.com/bot.html)"
114.119.142.210 - - [30/Dec/2025:10:44:53 -0300] "GET /search.php?products/183xc2 HTTP/1.1" 200 551209 "https://agenciaidee.com/search.php?sitemap601.xml" "Mozilla/5.0 (Linux; Android 7.0;) AppleWebKit/537.36 (KHTML, like Gecko) Mobile Safari/537.36 (compatible; PetalBot;+https://webmaster.petalsearch.com/site/petalbot)"
