69.197.149.50 - - [30/Dec/2025:10:43:58 -0300] "GET /wp-includes/br79d1f6/edit.php?id=996710 HTTP/1.1" 200 - "https://agenciaidee.com/wp-includes/br79d1f6/edit.php?id=996710" "Mozilla/5.0 (Windows NT 10.0; Win64; x64) AppleWebKit/537.36 (KHTML, like Gecko) Chrome/58.0.3029.110 Safari/537.3"
69.197.149.50 - - [30/Dec/2025:10:44:11 -0300] "GET /wp-content/qq29a515/edit.php?id=469679 HTTP/1.1" 200 - "https://agenciaidee.com/wp-content/qq29a515/edit.php?id=469679" "Mozilla/5.0 (Windows NT 10.0; Win64; x64) AppleWebKit/537.36 (KHTML, like Gecko) Chrome/58.0.3029.110 Safari/537.3"
185.191.171.10 - - [30/Dec/2025:10:45:42 -0300] "GET /?a=454361 HTTP/1.1" 200 - "-" "Mozilla/5.0 (compatible; SemrushBot/7~bl; +http://www.semrush.com/bot.html)"
77.75.77.36 - - [30/Dec/2025:10:45:58 -0300] "GET /?t=154757303 HTTP/1.1" 200 - "-" "Mozilla/5.0 (compatible; SeznamBot/4.0; +https://o-seznam.cz/napoveda/vyhledavani/en/seznambot-crawler/)"
185.191.171.10 - - [30/Dec/2025:10:46:05 -0300] "GET /?a=139929261 HTTP/1.1" 200 - "-" "Mozilla/5.0 (compatible; SemrushBot/7~bl; +http://www.semrush.com/bot.html)"
85.208.96.205 - - [30/Dec/2025:10:46:07 -0300] "GET /?a=139997261 HTTP/1.1" 200 - "-" "Mozilla/5.0 (compatible; SemrushBot/7~bl; +http://www.semrush.com/bot.html)"
69.197.149.50 - - [30/Dec/2025:10:45:05 -0300] "GET /wp-includes/wp9e9ee7/edit.php?id=881402 HTTP/1.1" 200 - "https://agenciaidee.com/wp-includes/wp9e9ee7/edit.php?id=881402" "Mozilla/5.0 (Windows NT 10.0; Win64; x64) AppleWebKit/537.36 (KHTML, like Gecko) Chrome/58.0.3029.110 Safari/537.3"
66.249.64.224 - - [30/Dec/2025:10:46:39 -0300] "GET /search.php?product/size146?c=g&l=40408 HTTP/1.1" 200 557257 "-" "Mozilla/5.0 (compatible; Googlebot/2.1; +http://www.google.com/bot.html)"
77.75.77.36 - - [30/Dec/2025:10:46:43 -0300] "GET /?t=4030947153 HTTP/1.1" 200 - "-" "Mozilla/5.0 (compatible; SeznamBot/4.0; +https://o-seznam.cz/napoveda/vyhledavani/en/seznambot-crawler/)"
77.75.77.36 - - [30/Dec/2025:10:46:45 -0300] "GET /?t=3137317351 HTTP/1.1" 200 - "-" "Mozilla/5.0 (compatible; SeznamBot/4.0; +https://o-seznam.cz/napoveda/vyhledavani/en/seznambot-crawler/)"
114.119.142.140 - - [30/Dec/2025:10:46:16 -0300] "GET /search.php?products/183sn12653 HTTP/1.1" 200 558410 "https://agenciaidee.com/search.php?sitemap601.xml" "Mozilla/5.0 (Linux; Android 7.0;) AppleWebKit/537.36 (KHTML, like Gecko) Mobile Safari/537.36 (compatible; PetalBot;+https://webmaster.petalsearch.com/site/petalbot)"
69.197.149.50 - - [30/Dec/2025:10:45:27 -0300] "GET /wp-includes/br79d1f6/edit.php?id=996710 HTTP/1.1" 200 - "https://agenciaidee.com/wp-includes/br79d1f6/edit.php?id=996710" "Mozilla/5.0 (Windows NT 10.0; Win64; x64) AppleWebKit/537.36 (KHTML, like Gecko) Chrome/58.0.3029.110 Safari/537.3"
69.197.149.50 - - [30/Dec/2025:10:45:41 -0300] "GET /wp-content/qq29a515/edit.php?id=469679 HTTP/1.1" 200 - "https://agenciaidee.com/wp-content/qq29a515/edit.php?id=469679" "Mozilla/5.0 (Windows NT 10.0; Win64; x64) AppleWebKit/537.36 (KHTML, like Gecko) Chrome/58.0.3029.110 Safari/537.3"
85.208.96.208 - - [30/Dec/2025:10:47:26 -0300] "GET /?a=74263161 HTTP/1.1" 200 - "-" "Mozilla/5.0 (compatible; SemrushBot/7~bl; +http://www.semrush.com/bot.html)"
185.191.171.12 - - [30/Dec/2025:10:47:34 -0300] "GET /?a=2494461 HTTP/1.1" 200 - "-" "Mozilla/5.0 (compatible; SemrushBot/7~bl; +http://www.semrush.com/bot.html)"
185.191.171.14 - - [30/Dec/2025:10:47:40 -0300] "GET /?a=22614661 HTTP/1.1" 200 - "-" "Mozilla/5.0 (compatible; SemrushBot/7~bl; +http://www.semrush.com/bot.html)"
185.191.171.14 - - [30/Dec/2025:10:47:46 -0300] "GET /?a=223126261 HTTP/1.1" 200 - "-" "Mozilla/5.0 (compatible; SemrushBot/7~bl; +http://www.semrush.com/bot.html)"
85.208.96.212 - - [30/Dec/2025:10:47:57 -0300] "GET /?a=146505161 HTTP/1.1" 200 - "-" "Mozilla/5.0 (compatible; SemrushBot/7~bl; +http://www.semrush.com/bot.html)"
185.191.171.12 - - [30/Dec/2025:10:47:59 -0300] "GET /?a=110943561 HTTP/1.1" 200 - "-" "Mozilla/5.0 (compatible; SemrushBot/7~bl; +http://www.semrush.com/bot.html)"
69.197.149.50 - - [30/Dec/2025:10:46:33 -0300] "GET /wp-includes/wp9e9ee7/edit.php?id=881402 HTTP/1.1" 200 - "https://agenciaidee.com/wp-includes/wp9e9ee7/edit.php?id=881402" "Mozilla/5.0 (Windows NT 10.0; Win64; x64) AppleWebKit/537.36 (KHTML, like Gecko) Chrome/58.0.3029.110 Safari/537.3"
185.191.171.14 - - [30/Dec/2025:10:48:04 -0300] "GET /?a=87222461 HTTP/1.1" 200 - "-" "Mozilla/5.0 (compatible; SemrushBot/7~bl; +http://www.semrush.com/bot.html)"
185.191.171.11 - - [30/Dec/2025:10:48:08 -0300] "GET /?a=4639461 HTTP/1.1" 200 - "-" "Mozilla/5.0 (compatible; SemrushBot/7~bl; +http://www.semrush.com/bot.html)"
85.208.96.204 - - [30/Dec/2025:10:48:10 -0300] "GET /?a=5697761 HTTP/1.1" 200 - "-" "Mozilla/5.0 (compatible; SemrushBot/7~bl; +http://www.semrush.com/bot.html)"
185.191.171.11 - - [30/Dec/2025:10:48:17 -0300] "GET /?a=138195161 HTTP/1.1" 200 - "-" "Mozilla/5.0 (compatible; SemrushBot/7~bl; +http://www.semrush.com/bot.html)"
185.191.171.17 - - [30/Dec/2025:10:48:19 -0300] "GET /?a=140086461 HTTP/1.1" 200 - "-" "Mozilla/5.0 (compatible; SemrushBot/7~bl; +http://www.semrush.com/bot.html)"
69.197.149.50 - - [30/Dec/2025:10:46:58 -0300] "GET /wp-includes/br79d1f6/edit.php?id=996710 HTTP/1.1" 200 - "https://agenciaidee.com/wp-includes/br79d1f6/edit.php?id=996710" "Mozilla/5.0 (Windows NT 10.0; Win64; x64) AppleWebKit/537.36 (KHTML, like Gecko) Chrome/58.0.3029.110 Safari/537.3"
85.208.96.203 - - [30/Dec/2025:10:48:27 -0300] "GET /?a=140387861 HTTP/1.1" 200 - "-" "Mozilla/5.0 (compatible; SemrushBot/7~bl; +http://www.semrush.com/bot.html)"
69.197.149.50 - - [30/Dec/2025:10:47:11 -0300] "GET /wp-content/qq29a515/edit.php?id=469679 HTTP/1.1" 200 - "https://agenciaidee.com/wp-content/qq29a515/edit.php?id=469679" "Mozilla/5.0 (Windows NT 10.0; Win64; x64) AppleWebKit/537.36 (KHTML, like Gecko) Chrome/58.0.3029.110 Safari/537.3"
85.208.96.200 - - [30/Dec/2025:10:48:48 -0300] "GET /?a=9715261 HTTP/1.1" 200 - "-" "Mozilla/5.0 (compatible; SemrushBot/7~bl; +http://www.semrush.com/bot.html)"
85.208.96.203 - - [30/Dec/2025:10:48:51 -0300] "GET /?a=85454061 HTTP/1.1" 200 - "-" "Mozilla/5.0 (compatible; SemrushBot/7~bl; +http://www.semrush.com/bot.html)"
85.208.96.194 - - [30/Dec/2025:10:48:58 -0300] "GET /?a=100623961 HTTP/1.1" 200 - "-" "Mozilla/5.0 (compatible; SemrushBot/7~bl; +http://www.semrush.com/bot.html)"
185.191.171.12 - - [30/Dec/2025:10:49:05 -0300] "GET /?a=100687361 HTTP/1.1" 200 - "-" "Mozilla/5.0 (compatible; SemrushBot/7~bl; +http://www.semrush.com/bot.html)"
185.191.171.7 - - [30/Dec/2025:10:49:22 -0300] "GET /?a=147066361 HTTP/1.1" 200 - "-" "Mozilla/5.0 (compatible; SemrushBot/7~bl; +http://www.semrush.com/bot.html)"
69.197.149.50 - - [30/Dec/2025:10:48:02 -0300] "GET /wp-includes/wp9e9ee7/edit.php?id=881402 HTTP/1.1" 200 - "https://agenciaidee.com/wp-includes/wp9e9ee7/edit.php?id=881402" "Mozilla/5.0 (Windows NT 10.0; Win64; x64) AppleWebKit/537.36 (KHTML, like Gecko) Chrome/58.0.3029.110 Safari/537.3"
104.238.150.105 - - [30/Dec/2025:10:49:33 -0300] "GET /wp-login.php HTTP/1.1" 200 - "-" "Mozilla/5.0"
185.191.171.3 - - [30/Dec/2025:10:49:39 -0300] "GET /?a=1197561 HTTP/1.1" 200 - "-" "Mozilla/5.0 (compatible; SemrushBot/7~bl; +http://www.semrush.com/bot.html)"
114.119.142.210 - - [30/Dec/2025:10:49:24 -0300] "GET /search.php?products/182zs39800 HTTP/1.1" 200 556809 "https://agenciaidee.com/search.php?sitemap601.xml" "Mozilla/5.0 (Linux; Android 7.0;) AppleWebKit/537.36 (KHTML, like Gecko) Mobile Safari/537.36 (compatible; PetalBot;+https://webmaster.petalsearch.com/site/petalbot)"
216.73.216.44 - - [30/Dec/2025:10:49:53 -0300] "GET /robots.txt HTTP/1.1" 200 377 "-" "Mozilla/5.0 AppleWebKit/537.36 (KHTML, like Gecko; compatible; ClaudeBot/1.0; +claudebot@anthropic.com)"
216.73.216.44 - - [30/Dec/2025:10:49:53 -0300] "GET / HTTP/1.1" 200 - "-" "Mozilla/5.0 AppleWebKit/537.36 (KHTML, like Gecko; compatible; ClaudeBot/1.0; +claudebot@anthropic.com)"
69.197.149.50 - - [30/Dec/2025:10:48:27 -0300] "GET /wp-includes/br79d1f6/edit.php?id=996710 HTTP/1.1" 200 - "https://agenciaidee.com/wp-includes/br79d1f6/edit.php?id=996710" "Mozilla/5.0 (Windows NT 10.0; Win64; x64) AppleWebKit/537.36 (KHTML, like Gecko) Chrome/58.0.3029.110 Safari/537.3"
69.197.149.50 - - [30/Dec/2025:10:48:40 -0300] "GET /wp-content/qq29a515/edit.php?id=469679 HTTP/1.1" 200 - "https://agenciaidee.com/wp-content/qq29a515/edit.php?id=469679" "Mozilla/5.0 (Windows NT 10.0; Win64; x64) AppleWebKit/537.36 (KHTML, like Gecko) Chrome/58.0.3029.110 Safari/537.3"
185.191.171.18 - - [30/Dec/2025:10:50:16 -0300] "GET /?a=94511661 HTTP/1.1" 200 - "-" "Mozilla/5.0 (compatible; SemrushBot/7~bl; +http://www.semrush.com/bot.html)"
85.208.96.201 - - [30/Dec/2025:10:50:22 -0300] "GET /?a=146487961 HTTP/1.1" 200 - "-" "Mozilla/5.0 (compatible; SemrushBot/7~bl; +http://www.semrush.com/bot.html)"
114.119.142.210 - - [30/Dec/2025:10:50:03 -0300] "GET /search.php?products/182zb1375 HTTP/1.1" 200 552004 "https://agenciaidee.com/search.php?sitemap601.xml" "Mozilla/5.0 (Linux; Android 7.0;) AppleWebKit/537.36 (KHTML, like Gecko) Mobile Safari/537.36 (compatible; PetalBot;+https://webmaster.petalsearch.com/site/petalbot)"
204.12.252.98 - - [30/Dec/2025:10:50:47 -0300] "GET /wp-content/admin.php HTTP/1.1" 200 - "https://www.agenciaidee.com/wp-content/admin.php" "Mozilla/5.0 (Windows NT 10.0; Win64; x64) AppleWebKit/537.36 (KHTML, like Gecko) Chrome/58.0.3029.110 Safari/537.3"
69.197.149.50 - - [30/Dec/2025:10:49:30 -0300] "GET /wp-includes/wp9e9ee7/edit.php?id=881402 HTTP/1.1" 200 - "https://agenciaidee.com/wp-includes/wp9e9ee7/edit.php?id=881402" "Mozilla/5.0 (Windows NT 10.0; Win64; x64) AppleWebKit/537.36 (KHTML, like Gecko) Chrome/58.0.3029.110 Safari/537.3"
114.119.144.17 - - [30/Dec/2025:10:50:41 -0300] "GET /search.php?products/182qn40121 HTTP/1.1" 200 554444 "https://agenciaidee.com/search.php?sitemap601.xml" "Mozilla/5.0 (Linux; Android 7.0;) AppleWebKit/537.36 (KHTML, like Gecko) Mobile Safari/537.36 (compatible; PetalBot;+https://webmaster.petalsearch.com/site/petalbot)"
66.249.64.129 - - [30/Dec/2025:10:51:25 -0300] "GET /?sitemap-5.xml HTTP/1.1" 200 108025 "-" "Mozilla/5.0 (compatible; Googlebot/2.1; +http://www.google.com/bot.html)"
69.197.149.50 - - [30/Dec/2025:10:49:57 -0300] "GET /wp-includes/br79d1f6/edit.php?id=996710 HTTP/1.1" 200 - "https://agenciaidee.com/wp-includes/br79d1f6/edit.php?id=996710" "Mozilla/5.0 (Windows NT 10.0; Win64; x64) AppleWebKit/537.36 (KHTML, like Gecko) Chrome/58.0.3029.110 Safari/537.3"
85.208.96.211 - - [30/Dec/2025:10:51:39 -0300] "GET /?a=145517161 HTTP/1.1" 200 - "-" "Mozilla/5.0 (compatible; SemrushBot/7~bl; +http://www.semrush.com/bot.html)"
185.191.171.14 - - [30/Dec/2025:10:51:40 -0300] "GET /?a=138134661 HTTP/1.1" 200 - "-" "Mozilla/5.0 (compatible; SemrushBot/7~bl; +http://www.semrush.com/bot.html)"
69.197.149.50 - - [30/Dec/2025:10:50:09 -0300] "GET /wp-content/qq29a515/edit.php?id=469679 HTTP/1.1" 200 - "https://agenciaidee.com/wp-content/qq29a515/edit.php?id=469679" "Mozilla/5.0 (Windows NT 10.0; Win64; x64) AppleWebKit/537.36 (KHTML, like Gecko) Chrome/58.0.3029.110 Safari/537.3"
185.191.171.4 - - [30/Dec/2025:10:51:51 -0300] "GET /?p=2970270 HTTP/1.1" 200 - "-" "Mozilla/5.0 (compatible; SemrushBot/7~bl; +http://www.semrush.com/bot.html)"
114.119.142.140 - - [30/Dec/2025:10:51:50 -0300] "GET /search.php?products/182pp33525 HTTP/1.1" 200 553495 "https://agenciaidee.com/search.php?sitemap601.xml" "Mozilla/5.0 (Linux; Android 7.0;) AppleWebKit/537.36 (KHTML, like Gecko) Mobile Safari/537.36 (compatible; PetalBot;+https://webmaster.petalsearch.com/site/petalbot)"
66.249.64.224 - - [30/Dec/2025:10:51:56 -0300] "GET /search.php?product/AM116?c=g&l=30334 HTTP/1.1" 200 552133 "-" "Mozilla/5.0 (Linux; Android 6.0.1; Nexus 5X Build/MMB29P) AppleWebKit/537.36 (KHTML, like Gecko) Chrome/141.0.7390.122 Mobile Safari/537.36 (compatible; GoogleOther)"
85.208.96.203 - - [30/Dec/2025:10:51:59 -0300] "GET /?a=133006961 HTTP/1.1" 200 - "-" "Mozilla/5.0 (compatible; SemrushBot/7~bl; +http://www.semrush.com/bot.html)"
85.208.96.200 - - [30/Dec/2025:10:52:01 -0300] "GET /?a=145735161 HTTP/1.1" 200 - "-" "Mozilla/5.0 (compatible; SemrushBot/7~bl; +http://www.semrush.com/bot.html)"
66.249.64.233 - - [30/Dec/2025:10:52:02 -0300] "GET /drupal/themes/surugaya/new/images/icon/arrow-next-blue.svg HTTP/1.1" 200 120498 "https://www.agenciaidee.com/search.php?product/AM116?c=g&l=30334" "Mozilla/5.0 (Linux; Android 6.0.1; Nexus 5X Build/MMB29P) AppleWebKit/537.36 (KHTML, like Gecko) Chrome/141.0.7390.122 Mobile Safari/537.36 (compatible; Googlebot/2.1; +http://www.google.com/bot.html)"
185.191.171.10 - - [30/Dec/2025:10:52:05 -0300] "GET /?a=21717561 HTTP/1.1" 200 - "-" "Mozilla/5.0 (compatible; SemrushBot/7~bl; +http://www.semrush.com/bot.html)"
185.191.171.11 - - [30/Dec/2025:10:52:09 -0300] "GET /?a=9700561 HTTP/1.1" 200 - "-" "Mozilla/5.0 (compatible; SemrushBot/7~bl; +http://www.semrush.com/bot.html)"
85.208.96.205 - - [30/Dec/2025:10:52:11 -0300] "GET /?a=2262061 HTTP/1.1" 200 - "-" "Mozilla/5.0 (compatible; SemrushBot/7~bl; +http://www.semrush.com/bot.html)"
185.191.171.15 - - [30/Dec/2025:10:52:14 -0300] "GET /?a=85100461 HTTP/1.1" 200 - "-" "Mozilla/5.0 (compatible; SemrushBot/7~bl; +http://www.semrush.com/bot.html)"
185.191.171.9 - - [30/Dec/2025:10:52:20 -0300] "GET /?a=100788861 HTTP/1.1" 200 - "-" "Mozilla/5.0 (compatible; SemrushBot/7~bl; +http://www.semrush.com/bot.html)"
85.208.96.200 - - [30/Dec/2025:10:52:38 -0300] "GET /?a=141559361 HTTP/1.1" 200 - "-" "Mozilla/5.0 (compatible; SemrushBot/7~bl; +http://www.semrush.com/bot.html)"
85.208.96.207 - - [30/Dec/2025:10:52:45 -0300] "GET /?a=142956061 HTTP/1.1" 200 - "-" "Mozilla/5.0 (compatible; SemrushBot/7~bl; +http://www.semrush.com/bot.html)"
69.197.149.50 - - [30/Dec/2025:10:50:59 -0300] "GET /wp-includes/wp9e9ee7/edit.php?id=881402 HTTP/1.1" 200 - "https://agenciaidee.com/wp-includes/wp9e9ee7/edit.php?id=881402" "Mozilla/5.0 (Windows NT 10.0; Win64; x64) AppleWebKit/537.36 (KHTML, like Gecko) Chrome/58.0.3029.110 Safari/537.3"
85.208.96.193 - - [30/Dec/2025:10:52:51 -0300] "GET /?a=20438561 HTTP/1.1" 200 - "-" "Mozilla/5.0 (compatible; SemrushBot/7~bl; +http://www.semrush.com/bot.html)"
69.197.149.50 - - [30/Dec/2025:10:51:26 -0300] "GET /wp-includes/br79d1f6/edit.php?id=996710 HTTP/1.1" 200 - "https://agenciaidee.com/wp-includes/br79d1f6/edit.php?id=996710" "Mozilla/5.0 (Windows NT 10.0; Win64; x64) AppleWebKit/537.36 (KHTML, like Gecko) Chrome/58.0.3029.110 Safari/537.3"
77.75.77.36 - - [30/Dec/2025:10:52:55 -0300] "GET /?t=301299886 HTTP/1.1" 200 - "-" "Mozilla/5.0 (compatible; SeznamBot/4.0; +https://o-seznam.cz/napoveda/vyhledavani/en/seznambot-crawler/)"
185.191.171.15 - - [30/Dec/2025:10:53:00 -0300] "GET /?a=67761761 HTTP/1.1" 200 - "-" "Mozilla/5.0 (compatible; SemrushBot/7~bl; +http://www.semrush.com/bot.html)"
85.208.96.212 - - [30/Dec/2025:10:53:04 -0300] "GET /?a=97033161 HTTP/1.1" 200 - "-" "Mozilla/5.0 (compatible; SemrushBot/7~bl; +http://www.semrush.com/bot.html)"
69.197.149.50 - - [30/Dec/2025:10:51:45 -0300] "GET /wp-content/qq29a515/edit.php?id=469679 HTTP/1.1" 200 - "https://agenciaidee.com/wp-content/qq29a515/edit.php?id=469679" "Mozilla/5.0 (Windows NT 10.0; Win64; x64) AppleWebKit/537.36 (KHTML, like Gecko) Chrome/58.0.3029.110 Safari/537.3"
185.191.171.8 - - [30/Dec/2025:10:53:23 -0300] "GET /?a=137958861 HTTP/1.1" 200 - "-" "Mozilla/5.0 (compatible; SemrushBot/7~bl; +http://www.semrush.com/bot.html)"
66.249.64.234 - - [30/Dec/2025:10:53:33 -0300] "GET /sitemap-subkey-2982.xml HTTP/1.1" 200 133910 "-" "Mozilla/5.0 (compatible; Googlebot/2.1; +http://www.google.com/bot.html)"
66.249.64.233 - - [30/Dec/2025:10:53:40 -0300] "GET /sitemap-subkey-2584.xml HTTP/1.1" 200 122152 "-" "Mozilla/5.0 (compatible; Googlebot/2.1; +http://www.google.com/bot.html)"
185.191.171.13 - - [30/Dec/2025:10:53:42 -0300] "GET /?a=146577461 HTTP/1.1" 200 - "-" "Mozilla/5.0 (compatible; SemrushBot/7~bl; +http://www.semrush.com/bot.html)"
114.119.144.17 - - [30/Dec/2025:10:53:13 -0300] "GET /search.php?products/182ku40955 HTTP/1.1" 200 583131 "https://agenciaidee.com/search.php?sitemap601.xml" "Mozilla/5.0 (Linux; Android 7.0;) AppleWebKit/537.36 (KHTML, like Gecko) Mobile Safari/537.36 (compatible; PetalBot;+https://webmaster.petalsearch.com/site/petalbot)"
85.208.96.201 - - [30/Dec/2025:10:53:47 -0300] "GET /?p=620320 HTTP/1.1" 200 - "-" "Mozilla/5.0 (compatible; SemrushBot/7~bl; +http://www.semrush.com/bot.html)"
69.197.149.50 - - [30/Dec/2025:10:52:55 -0300] "GET /wp-includes/br79d1f6/edit.php?id=996710 HTTP/1.1" 200 - "https://agenciaidee.com/wp-includes/br79d1f6/edit.php?id=996710" "Mozilla/5.0 (Windows NT 10.0; Win64; x64) AppleWebKit/537.36 (KHTML, like Gecko) Chrome/58.0.3029.110 Safari/537.3"
85.208.96.203 - - [30/Dec/2025:10:54:32 -0300] "GET /?a=1149961 HTTP/1.1" 200 - "-" "Mozilla/5.0 (compatible; SemrushBot/7~bl; +http://www.semrush.com/bot.html)"
185.191.171.3 - - [30/Dec/2025:10:54:39 -0300] "GET /?a=135733661 HTTP/1.1" 200 - "-" "Mozilla/5.0 (compatible; SemrushBot/7~bl; +http://www.semrush.com/bot.html)"
69.197.149.50 - - [30/Dec/2025:10:53:13 -0300] "GET /wp-content/qq29a515/edit.php?id=469679 HTTP/1.1" 200 - "https://agenciaidee.com/wp-content/qq29a515/edit.php?id=469679" "Mozilla/5.0 (Windows NT 10.0; Win64; x64) AppleWebKit/537.36 (KHTML, like Gecko) Chrome/58.0.3029.110 Safari/537.3"
114.119.144.17 - - [30/Dec/2025:10:54:38 -0300] "GET /search.php?products/182km27776 HTTP/1.1" 200 550926 "https://agenciaidee.com/search.php?sitemap601.xml" "Mozilla/5.0 (Linux; Android 7.0;) AppleWebKit/537.36 (KHTML, like Gecko) Mobile Safari/537.36 (compatible; PetalBot;+https://webmaster.petalsearch.com/site/petalbot)"
57.141.2.38 - - [30/Dec/2025:10:55:25 -0300] "GET /?t=295343597 HTTP/1.1" 200 - "-" "meta-externalagent/1.1 (+https://developers.facebook.com/docs/sharing/webmasters/crawler)"
204.12.252.98 - - [30/Dec/2025:10:55:45 -0300] "GET /wp-includes/admin.php HTTP/1.1" 200 - "https://agenciaidee.com/wp-includes/admin.php" "Mozilla/5.0 (Windows NT 10.0; Win64; x64) AppleWebKit/537.36 (KHTML, like Gecko) Chrome/58.0.3029.110 Safari/537.3"
85.208.96.197 - - [30/Dec/2025:10:55:46 -0300] "GET /?a=39112661 HTTP/1.1" 200 - "-" "Mozilla/5.0 (compatible; SemrushBot/7~bl; +http://www.semrush.com/bot.html)"
85.208.96.201 - - [30/Dec/2025:10:55:49 -0300] "GET /?a=3683961 HTTP/1.1" 200 - "-" "Mozilla/5.0 (compatible; SemrushBot/7~bl; +http://www.semrush.com/bot.html)"
69.197.149.50 - - [30/Dec/2025:10:54:27 -0300] "GET /wp-includes/br79d1f6/edit.php?id=996710 HTTP/1.1" 200 - "https://agenciaidee.com/wp-includes/br79d1f6/edit.php?id=996710" "Mozilla/5.0 (Windows NT 10.0; Win64; x64) AppleWebKit/537.36 (KHTML, like Gecko) Chrome/58.0.3029.110 Safari/537.3"
85.208.96.208 - - [30/Dec/2025:10:56:03 -0300] "GET /?a=147113161 HTTP/1.1" 200 - "-" "Mozilla/5.0 (compatible; SemrushBot/7~bl; +http://www.semrush.com/bot.html)"
85.208.96.211 - - [30/Dec/2025:10:56:07 -0300] "GET /?a=190366361 HTTP/1.1" 200 - "-" "Mozilla/5.0 (compatible; SemrushBot/7~bl; +http://www.semrush.com/bot.html)"
69.197.149.50 - - [30/Dec/2025:10:54:42 -0300] "GET /wp-content/qq29a515/edit.php?id=469679 HTTP/1.1" 200 - "https://agenciaidee.com/wp-content/qq29a515/edit.php?id=469679" "Mozilla/5.0 (Windows NT 10.0; Win64; x64) AppleWebKit/537.36 (KHTML, like Gecko) Chrome/58.0.3029.110 Safari/537.3"
85.208.96.206 - - [30/Dec/2025:10:56:10 -0300] "GET /?a=215135061 HTTP/1.1" 200 - "-" "Mozilla/5.0 (compatible; SemrushBot/7~bl; +http://www.semrush.com/bot.html)"
185.191.171.11 - - [30/Dec/2025:10:56:12 -0300] "GET /?a=148381761 HTTP/1.1" 200 - "-" "Mozilla/5.0 (compatible; SemrushBot/7~bl; +http://www.semrush.com/bot.html)"
85.208.96.197 - - [30/Dec/2025:10:56:14 -0300] "GET /?a=16497961 HTTP/1.1" 200 - "-" "Mozilla/5.0 (compatible; SemrushBot/7~bl; +http://www.semrush.com/bot.html)"
85.208.96.195 - - [30/Dec/2025:10:56:15 -0300] "GET /?a=5723261 HTTP/1.1" 200 - "-" "Mozilla/5.0 (compatible; SemrushBot/7~bl; +http://www.semrush.com/bot.html)"
114.119.145.116 - - [30/Dec/2025:10:56:03 -0300] "GET /search.php?products/182kc4077 HTTP/1.1" 200 559060 "https://agenciaidee.com/search.php?sitemap601.xml" "Mozilla/5.0 (Linux; Android 7.0;) AppleWebKit/537.36 (KHTML, like Gecko) Mobile Safari/537.36 (compatible; PetalBot;+https://webmaster.petalsearch.com/site/petalbot)"
185.191.171.13 - - [30/Dec/2025:10:56:22 -0300] "GET /?p=5495830 HTTP/1.1" 200 - "-" "Mozilla/5.0 (compatible; SemrushBot/7~bl; +http://www.semrush.com/bot.html)"
85.208.96.209 - - [30/Dec/2025:10:56:33 -0300] "GET /?a=23102761 HTTP/1.1" 200 - "-" "Mozilla/5.0 (compatible; SemrushBot/7~bl; +http://www.semrush.com/bot.html)"
185.191.171.17 - - [30/Dec/2025:10:56:47 -0300] "GET /?a=75076961 HTTP/1.1" 200 - "-" "Mozilla/5.0 (compatible; SemrushBot/7~bl; +http://www.semrush.com/bot.html)"
85.208.96.198 - - [30/Dec/2025:10:56:53 -0300] "GET /?a=94256061 HTTP/1.1" 200 - "-" "Mozilla/5.0 (compatible; SemrushBot/7~bl; +http://www.semrush.com/bot.html)"
85.208.96.195 - - [30/Dec/2025:10:56:54 -0300] "GET /?a=147456761 HTTP/1.1" 200 - "-" "Mozilla/5.0 (compatible; SemrushBot/7~bl; +http://www.semrush.com/bot.html)"
85.208.96.211 - - [30/Dec/2025:10:57:02 -0300] "GET /?a=138936461 HTTP/1.1" 200 - "-" "Mozilla/5.0 (compatible; SemrushBot/7~bl; +http://www.semrush.com/bot.html)"
185.191.171.7 - - [30/Dec/2025:10:57:07 -0300] "GET /?a=146951961 HTTP/1.1" 200 - "-" "Mozilla/5.0 (compatible; SemrushBot/7~bl; +http://www.semrush.com/bot.html)"
69.197.149.50 - - [30/Dec/2025:10:55:57 -0300] "GET /wp-includes/br79d1f6/edit.php?id=996710 HTTP/1.1" 200 - "https://agenciaidee.com/wp-includes/br79d1f6/edit.php?id=996710" "Mozilla/5.0 (Windows NT 10.0; Win64; x64) AppleWebKit/537.36 (KHTML, like Gecko) Chrome/58.0.3029.110 Safari/537.3"
185.191.171.14 - - [30/Dec/2025:10:57:33 -0300] "GET /?a=84477261 HTTP/1.1" 200 - "-" "Mozilla/5.0 (compatible; SemrushBot/7~bl; +http://www.semrush.com/bot.html)"
69.197.149.50 - - [30/Dec/2025:10:56:10 -0300] "GET /wp-content/qq29a515/edit.php?id=469679 HTTP/1.1" 200 - "https://agenciaidee.com/wp-content/qq29a515/edit.php?id=469679" "Mozilla/5.0 (Windows NT 10.0; Win64; x64) AppleWebKit/537.36 (KHTML, like Gecko) Chrome/58.0.3029.110 Safari/537.3"
57.141.2.68 - - [30/Dec/2025:10:57:46 -0300] "GET /?t=6349993?gid=images HTTP/1.1" 200 - "-" "meta-externalagent/1.1 (+https://developers.facebook.com/docs/sharing/webmasters/crawler)"
85.208.96.208 - - [30/Dec/2025:10:57:52 -0300] "GET /?a=146492261 HTTP/1.1" 200 - "-" "Mozilla/5.0 (compatible; SemrushBot/7~bl; +http://www.semrush.com/bot.html)"
185.191.171.7 - - [30/Dec/2025:10:57:57 -0300] "GET /?a=17523761 HTTP/1.1" 200 - "-" "Mozilla/5.0 (compatible; SemrushBot/7~bl; +http://www.semrush.com/bot.html)"
114.119.157.239 - - [30/Dec/2025:10:57:26 -0300] "GET /search.php?products/182do26932 HTTP/1.1" 200 557284 "https://agenciaidee.com/search.php?sitemap601.xml" "Mozilla/5.0 (Linux; Android 7.0;) AppleWebKit/537.36 (KHTML, like Gecko) Mobile Safari/537.36 (compatible; PetalBot;+https://webmaster.petalsearch.com/site/petalbot)"
85.208.96.202 - - [30/Dec/2025:10:58:43 -0300] "GET /?a=139620361 HTTP/1.1" 200 - "-" "Mozilla/5.0 (compatible; SemrushBot/7~bl; +http://www.semrush.com/bot.html)"
185.191.171.13 - - [30/Dec/2025:10:58:52 -0300] "GET /?a=352751461 HTTP/1.1" 200 - "-" "Mozilla/5.0 (compatible; SemrushBot/7~bl; +http://www.semrush.com/bot.html)"
69.197.149.50 - - [30/Dec/2025:10:57:30 -0300] "GET /wp-includes/br79d1f6/edit.php?id=996710 HTTP/1.1" 200 - "https://agenciaidee.com/wp-includes/br79d1f6/edit.php?id=996710" "Mozilla/5.0 (Windows NT 10.0; Win64; x64) AppleWebKit/537.36 (KHTML, like Gecko) Chrome/58.0.3029.110 Safari/537.3"
114.119.142.210 - - [30/Dec/2025:10:58:48 -0300] "GET /search.php?products/182bx10208 HTTP/1.1" 200 551844 "https://agenciaidee.com/search.php?sitemap601.xml" "Mozilla/5.0 (Linux; Android 7.0;) AppleWebKit/537.36 (KHTML, like Gecko) Mobile Safari/537.36 (compatible; PetalBot;+https://webmaster.petalsearch.com/site/petalbot)"
69.197.149.50 - - [30/Dec/2025:10:57:39 -0300] "GET /wp-content/qq29a515/edit.php?id=469679 HTTP/1.1" 200 - "https://agenciaidee.com/wp-content/qq29a515/edit.php?id=469679" "Mozilla/5.0 (Windows NT 10.0; Win64; x64) AppleWebKit/537.36 (KHTML, like Gecko) Chrome/58.0.3029.110 Safari/537.3"
185.191.171.14 - - [30/Dec/2025:10:59:50 -0300] "GET /?p=3188927 HTTP/1.1" 200 - "-" "Mozilla/5.0 (compatible; SemrushBot/7~bl; +http://www.semrush.com/bot.html)"
185.191.171.13 - - [30/Dec/2025:10:59:57 -0300] "GET /?a=140302561 HTTP/1.1" 200 - "-" "Mozilla/5.0 (compatible; SemrushBot/7~bl; +http://www.semrush.com/bot.html)"
85.208.96.211 - - [30/Dec/2025:11:00:09 -0300] "GET /?a=145359061 HTTP/1.1" 200 - "-" "Mozilla/5.0 (compatible; SemrushBot/7~bl; +http://www.semrush.com/bot.html)"
103.108.231.56 - - [30/Dec/2025:11:00:11 -0300] "GET /ueditor/ueditor.config.js/x.php HTTP/1.1" 200 - "-" "Mozilla/5.0 (Windows NT 6.1; WOW64) AppleWebKit/537.36 (KHTML, like Gecko) Chrome/58.0.2605.67 Safari/537.36"
103.108.231.56 - - [30/Dec/2025:11:00:13 -0300] "GET /ueditor/ueditor.config.js/x.php HTTP/1.1" 200 - "-" "Mozilla/5.0 (Macintosh; Intel Mac OS X 10_12_6) AppleWebKit/537.36 (KHTML, like Gecko) Chrome/61.0.1126.132 Safari/537.36"
185.191.171.15 - - [30/Dec/2025:11:00:13 -0300] "GET /?a=146688761 HTTP/1.1" 200 - "-" "Mozilla/5.0 (compatible; SemrushBot/7~bl; +http://www.semrush.com/bot.html)"
103.108.231.56 - - [30/Dec/2025:11:00:14 -0300] "GET /include/ueditor/ueditor.config.js/x.php HTTP/1.1" 200 - "-" "Mozilla/5.0 (Windows NT 10.0; WOW64) AppleWebKit/537.36 (KHTML, like Gecko) Chrome/60.0.2798.99 Safari/537.36"
103.108.231.56 - - [30/Dec/2025:11:00:14 -0300] "GET /include/ueditor/ueditor.config.js/x.php HTTP/1.1" 200 - "-" "Mozilla/5.0 (X11; Linux x86_64) AppleWebKit/537.36 (KHTML, like Gecko) Chrome/57.0.2753.2 Safari/537.36"
85.208.96.195 - - [30/Dec/2025:11:00:15 -0300] "GET /?a=145298861 HTTP/1.1" 200 - "-" "Mozilla/5.0 (compatible; SemrushBot/7~bl; +http://www.semrush.com/bot.html)"
103.108.231.56 - - [30/Dec/2025:11:00:16 -0300] "GET /app/app/ueditor/ueditor.config.js/x.php HTTP/1.1" 200 - "-" "Mozilla/5.0 (Windows NT 6.1; WOW64) AppleWebKit/537.36 (KHTML, like Gecko) Chrome/57.0.427.66 Safari/537.36"
103.108.231.56 - - [30/Dec/2025:11:00:17 -0300] "GET /app/app/ueditor/ueditor.config.js/x.php HTTP/1.1" 200 - "-" "Mozilla/5.0 (X11; Linux x86_64) AppleWebKit/537.36 (KHTML, like Gecko) Chrome/60.0.1827.62 Safari/537.36"
103.108.231.56 - - [30/Dec/2025:11:00:17 -0300] "GET /app/admincp/ui/ueditor/ueditor.config.js/x.php HTTP/1.1" 200 - "-" "Mozilla/5.0 (X11; Linux x86_64) AppleWebKit/537.36 (KHTML, like Gecko) Chrome/61.0.1695.72 Safari/537.36"
103.108.231.56 - - [30/Dec/2025:11:00:19 -0300] "GET /Public/ueditor/ueditor.config.js/x.php HTTP/1.1" 200 - "-" "Mozilla/5.0 (Macintosh; Intel Mac OS X 10_12_6) AppleWebKit/537.36 (KHTML, like Gecko) Chrome/57.0.2903.18 Safari/537.36"
103.108.231.56 - - [30/Dec/2025:11:00:19 -0300] "GET /app/admincp/ui/ueditor/ueditor.config.js/x.php HTTP/1.1" 200 - "-" "Mozilla/5.0 (Macintosh; Intel Mac OS X 10_12_6) AppleWebKit/537.36 (KHTML, like Gecko) Chrome/57.0.3035.113 Safari/537.36"
85.208.96.206 - - [30/Dec/2025:11:00:20 -0300] "GET /?a=6684161 HTTP/1.1" 200 - "-" "Mozilla/5.0 (compatible; SemrushBot/7~bl; +http://www.semrush.com/bot.html)"
103.108.231.56 - - [30/Dec/2025:11:00:21 -0300] "GET /public/ueditor/umeditor.config.js HTTP/1.1" 200 - "-" "Mozilla/5.0 (Windows NT 10.0; WOW64) AppleWebKit/537.36 (KHTML, like Gecko) Chrome/62.0.812.43 Safari/537.36"
85.208.96.203 - - [30/Dec/2025:11:00:21 -0300] "GET /?a=17889261 HTTP/1.1" 200 - "-" "Mozilla/5.0 (compatible; SemrushBot/7~bl; +http://www.semrush.com/bot.html)"
103.108.231.56 - - [30/Dec/2025:11:00:22 -0300] "GET /Public/ueditor/ueditor.config.js/x.php HTTP/1.1" 200 - "-" "Mozilla/5.0 (Windows NT 10.0; WOW64) AppleWebKit/537.36 (KHTML, like Gecko) Chrome/58.0.285.59 Safari/537.36"
103.108.231.56 - - [30/Dec/2025:11:00:22 -0300] "GET /plugin/ueditor/ueditor.config.js/x.php HTTP/1.1" 200 - "-" "Mozilla/5.0 (Windows NT 6.1; WOW64) AppleWebKit/537.36 (KHTML, like Gecko) Chrome/62.0.1229.32 Safari/537.36"
85.208.96.200 - - [30/Dec/2025:11:00:22 -0300] "GET /?a=145263161 HTTP/1.1" 200 - "-" "Mozilla/5.0 (compatible; SemrushBot/7~bl; +http://www.semrush.com/bot.html)"
103.108.231.56 - - [30/Dec/2025:11:00:24 -0300] "GET /includes/ueditor/ueditor.config.js/x.php HTTP/1.1" 200 - "-" "Mozilla/5.0 (Windows NT 10.0; WOW64) AppleWebKit/537.36 (KHTML, like Gecko) Chrome/56.0.2576.12 Safari/537.36"
103.108.231.56 - - [30/Dec/2025:11:00:24 -0300] "GET /public/ueditor/umeditor.config.js HTTP/1.1" 200 - "-" "Mozilla/5.0 (Macintosh; Intel Mac OS X 10_12_6) AppleWebKit/537.36 (KHTML, like Gecko) Chrome/55.0.46.97 Safari/537.36"
103.108.231.56 - - [30/Dec/2025:11:00:26 -0300] "GET /ewebeditor/ueditor/ueditor.config.js/x.php HTTP/1.1" 200 - "-" "Mozilla/5.0 (X11; Linux x86_64) AppleWebKit/537.36 (KHTML, like Gecko) Chrome/58.0.581.67 Safari/537.36"
103.108.231.56 - - [30/Dec/2025:11:00:27 -0300] "GET /Content/ueditor/editor_config.js HTTP/1.1" 200 - "-" "Mozilla/5.0 (X11; Linux x86_64) AppleWebKit/537.36 (KHTML, like Gecko) Chrome/61.0.1362.71 Safari/537.36"
103.108.231.56 - - [30/Dec/2025:11:00:27 -0300] "GET /plugin/ueditor/ueditor.config.js/x.php HTTP/1.1" 200 - "-" "Mozilla/5.0 (Windows NT 10.0; WOW64) AppleWebKit/537.36 (KHTML, like Gecko) Chrome/57.0.654.98 Safari/537.36"
69.197.149.50 - - [30/Dec/2025:10:58:58 -0300] "GET /wp-includes/br79d1f6/edit.php?id=996710 HTTP/1.1" 200 - "https://agenciaidee.com/wp-includes/br79d1f6/edit.php?id=996710" "Mozilla/5.0 (Windows NT 10.0; Win64; x64) AppleWebKit/537.36 (KHTML, like Gecko) Chrome/58.0.3029.110 Safari/537.3"
103.108.231.56 - - [30/Dec/2025:11:00:29 -0300] "GET /res/ueditor/ueditor.config.js/x.php HTTP/1.1" 200 - "-" "Mozilla/5.0 (Windows NT 10.0; WOW64) AppleWebKit/537.36 (KHTML, like Gecko) Chrome/58.0.685.113 Safari/537.36"
85.208.96.196 - - [30/Dec/2025:11:00:29 -0300] "GET /?a=84520461 HTTP/1.1" 200 - "-" "Mozilla/5.0 (compatible; SemrushBot/7~bl; +http://www.semrush.com/bot.html)"
103.108.231.56 - - [30/Dec/2025:11:00:30 -0300] "GET /includes/ueditor/ueditor.config.js/x.php HTTP/1.1" 200 - "-" "Mozilla/5.0 (Windows NT 10.0; WOW64) AppleWebKit/537.36 (KHTML, like Gecko) Chrome/62.0.425.43 Safari/537.36"
103.108.231.56 - - [30/Dec/2025:11:00:30 -0300] "GET /static/admin/js/ueditor/ueditor.config.js/x.php HTTP/1.1" 200 - "-" "Mozilla/5.0 (Windows NT 6.1; WOW64) AppleWebKit/537.36 (KHTML, like Gecko) Chrome/61.0.2982.33 Safari/537.36"
103.108.231.56 - - [30/Dec/2025:11:00:32 -0300] "GET /res/plugins/ueditor/ueditor.config.js/x.php HTTP/1.1" 200 - "-" "Mozilla/5.0 (Windows NT 6.1; WOW64) AppleWebKit/537.36 (KHTML, like Gecko) Chrome/62.0.657.63 Safari/537.36"
103.108.231.56 - - [30/Dec/2025:11:00:33 -0300] "GET /ewebeditor/ueditor/ueditor.config.js/x.php HTTP/1.1" 200 - "-" "Mozilla/5.0 (Macintosh; Intel Mac OS X 10_12_6) AppleWebKit/537.36 (KHTML, like Gecko) Chrome/58.0.957.122 Safari/537.36"
103.108.231.56 - - [30/Dec/2025:11:00:33 -0300] "GET /res/plugins/ueditor-1433/ueditor.config.js/x.php HTTP/1.1" 200 - "-" "Mozilla/5.0 (Windows NT 10.0; WOW64) AppleWebKit/537.36 (KHTML, like Gecko) Chrome/60.0.1140.124 Safari/537.36"
103.108.231.56 - - [30/Dec/2025:11:00:35 -0300] "GET /web/dist/static/ueditor/ueditor.config.js/x.php HTTP/1.1" 200 - "-" "Mozilla/5.0 (Windows NT 10.0; WOW64) AppleWebKit/537.36 (KHTML, like Gecko) Chrome/58.0.1606.3 Safari/537.36"
103.108.231.56 - - [30/Dec/2025:11:00:35 -0300] "GET /Content/ueditor/editor_config.js HTTP/1.1" 200 - "-" "Mozilla/5.0 (X11; Linux x86_64) AppleWebKit/537.36 (KHTML, like Gecko) Chrome/58.0.2379.44 Safari/537.36"
103.108.231.56 - - [30/Dec/2025:11:00:37 -0300] "GET /Data/editor/ueditor/ueditor.config.js/x.php HTTP/1.1" 200 - "-" "Mozilla/5.0 (Windows NT 10.0; WOW64) AppleWebKit/537.36 (KHTML, like Gecko) Chrome/56.0.1504.41 Safari/537.36"
103.108.231.56 - - [30/Dec/2025:11:00:38 -0300] "GET /admin/include/umeditor/umeditor.config.js HTTP/1.1" 200 - "-" "Mozilla/5.0 (X11; Linux x86_64) AppleWebKit/537.36 (KHTML, like Gecko) Chrome/56.0.1637.117 Safari/537.36"
103.108.231.56 - - [30/Dec/2025:11:00:38 -0300] "GET /res/ueditor/ueditor.config.js/x.php HTTP/1.1" 200 - "-" "Mozilla/5.0 (Windows NT 10.0; WOW64) AppleWebKit/537.36 (KHTML, like Gecko) Chrome/56.0.1077.127 Safari/537.36"
103.108.231.56 - - [30/Dec/2025:11:00:40 -0300] "GET /admin/lib//ueditor/ueditor.config.js/x.php HTTP/1.1" 200 - "-" "Mozilla/5.0 (X11; Linux x86_64) AppleWebKit/537.36 (KHTML, like Gecko) Chrome/61.0.34.116 Safari/537.36"
103.108.231.56 - - [30/Dec/2025:11:00:41 -0300] "GET /static/admin/js/ueditor/ueditor.config.js/x.php HTTP/1.1" 200 - "-" "Mozilla/5.0 (X11; Linux x86_64) AppleWebKit/537.36 (KHTML, like Gecko) Chrome/58.0.1711.92 Safari/537.36"
103.108.231.56 - - [30/Dec/2025:11:00:41 -0300] "GET /admin/ueditor/ueditor.config.js/x.php HTTP/1.1" 200 - "-" "Mozilla/5.0 (Windows NT 6.1; WOW64) AppleWebKit/537.36 (KHTML, like Gecko) Chrome/56.0.1059.54 Safari/537.36"
114.119.144.17 - - [30/Dec/2025:11:00:15 -0300] "GET /search.php?products/181pp49569 HTTP/1.1" 200 558714 "https://agenciaidee.com/search.php?sitemap601.xml" "Mozilla/5.0 (Linux; Android 7.0;) AppleWebKit/537.36 (KHTML, like Gecko) Mobile Safari/537.36 (compatible; PetalBot;+https://webmaster.petalsearch.com/site/petalbot)"
103.108.231.56 - - [30/Dec/2025:11:00:43 -0300] "GET /common/static/plugin/ueditor/1.4.3.3/ueditor.config.js/x.php HTTP/1.1" 200 - "-" "Mozilla/5.0 (Windows NT 6.1; WOW64) AppleWebKit/537.36 (KHTML, like Gecko) Chrome/55.0.982.124 Safari/537.36"
103.108.231.56 - - [30/Dec/2025:11:00:44 -0300] "GET /res/plugins/ueditor/ueditor.config.js/x.php HTTP/1.1" 200 - "-" "Mozilla/5.0 (Windows NT 10.0; WOW64) AppleWebKit/537.36 (KHTML, like Gecko) Chrome/61.0.577.134 Safari/537.36"
103.108.231.56 - - [30/Dec/2025:11:00:45 -0300] "GET /js/ueditor/ueditor.config.js/x.php HTTP/1.1" 200 - "-" "Mozilla/5.0 (Macintosh; Intel Mac OS X 10_12_6) AppleWebKit/537.36 (KHTML, like Gecko) Chrome/60.0.1680.92 Safari/537.36"
185.191.171.9 - - [30/Dec/2025:11:00:45 -0300] "GET /?a=150671961 HTTP/1.1" 200 - "-" "Mozilla/5.0 (compatible; SemrushBot/7~bl; +http://www.semrush.com/bot.html)"
103.108.231.56 - - [30/Dec/2025:11:00:46 -0300] "GET /lib/ueditor/ueditor.config.js/x.php HTTP/1.1" 200 - "-" "Mozilla/5.0 (Windows NT 6.1; WOW64) AppleWebKit/537.36 (KHTML, like Gecko) Chrome/59.0.2701.9 Safari/537.36"
103.108.231.56 - - [30/Dec/2025:11:00:46 -0300] "GET /res/plugins/ueditor-1433/ueditor.config.js/x.php HTTP/1.1" 200 - "-" "Mozilla/5.0 (Macintosh; Intel Mac OS X 10_12_6) AppleWebKit/537.36 (KHTML, like Gecko) Chrome/57.0.600.0 Safari/537.36"
103.108.231.56 - - [30/Dec/2025:11:00:48 -0300] "GET /Incs/UEditor/ueditor.config.js/x.php HTTP/1.1" 200 - "-" "Mozilla/5.0 (Macintosh; Intel Mac OS X 10_12_6) AppleWebKit/537.36 (KHTML, like Gecko) Chrome/61.0.2554.119 Safari/537.36"
103.108.231.56 - - [30/Dec/2025:11:00:49 -0300] "GET /web/dist/static/ueditor/ueditor.config.js/x.php HTTP/1.1" 200 - "-" "Mozilla/5.0 (Windows NT 6.1; WOW64) AppleWebKit/537.36 (KHTML, like Gecko) Chrome/62.0.986.38 Safari/537.36"
103.108.231.56 - - [30/Dec/2025:11:00:49 -0300] "GET /library/ueditor/ueditor.config.js/x.php HTTP/1.1" 200 - "-" "Mozilla/5.0 (Macintosh; Intel Mac OS X 10_12_6) AppleWebKit/537.36 (KHTML, like Gecko) Chrome/56.0.1537.121 Safari/537.36"
103.108.231.56 - - [30/Dec/2025:11:00:51 -0300] "GET /template/admin/public/js/ueditor/ueditor.config.js/x.php HTTP/1.1" 200 - "-" "Mozilla/5.0 (Windows NT 6.1; WOW64) AppleWebKit/537.36 (KHTML, like Gecko) Chrome/61.0.3126.115 Safari/537.36"
103.108.231.56 - - [30/Dec/2025:11:00:52 -0300] "GET /Data/editor/ueditor/ueditor.config.js/x.php HTTP/1.1" 200 - "-" "Mozilla/5.0 (Macintosh; Intel Mac OS X 10_12_6) AppleWebKit/537.36 (KHTML, like Gecko) Chrome/55.0.474.36 Safari/537.36"
103.108.231.56 - - [30/Dec/2025:11:00:52 -0300] "GET /Theme/assets/ueditor/ueditor.config.js/x.php HTTP/1.1" 200 - "-" "Mozilla/5.0 (X11; Linux x86_64) AppleWebKit/537.36 (KHTML, like Gecko) Chrome/60.0.1204.19 Safari/537.36"
103.108.231.56 - - [30/Dec/2025:11:00:54 -0300] "GET /viagraedit/ueditor.config.js/x.php HTTP/1.1" 200 - "-" "Mozilla/5.0 (Macintosh; Intel Mac OS X 10_12_6) AppleWebKit/537.36 (KHTML, like Gecko) Chrome/55.0.3056.107 Safari/537.36"
103.108.231.56 - - [30/Dec/2025:11:00:55 -0300] "GET /admin/include/umeditor/umeditor.config.js HTTP/1.1" 200 - "-" "Mozilla/5.0 (Windows NT 6.1; WOW64) AppleWebKit/537.36 (KHTML, like Gecko) Chrome/58.0.99.24 Safari/537.36"
103.108.231.56 - - [30/Dec/2025:11:00:55 -0300] "GET /static/admin/lib/ueditor/1.4.3/ueditor.config.js/x.php HTTP/1.1" 200 - "-" "Mozilla/5.0 (Macintosh; Intel Mac OS X 10_12_6) AppleWebKit/537.36 (KHTML, like Gecko) Chrome/58.0.2643.115 Safari/537.36"
85.208.96.207 - - [30/Dec/2025:11:00:56 -0300] "GET /?a=144085161 HTTP/1.1" 200 - "-" "Mozilla/5.0 (compatible; SemrushBot/7~bl; +http://www.semrush.com/bot.html)"
103.108.231.56 - - [30/Dec/2025:11:00:57 -0300] "GET /source/plugin/iscwo_kaifu/ueditor/ueditor.config.js/x.php HTTP/1.1" 200 - "-" "Mozilla/5.0 (X11; Linux x86_64) AppleWebKit/537.36 (KHTML, like Gecko) Chrome/62.0.415.34 Safari/537.36"
103.108.231.56 - - [30/Dec/2025:11:00:57 -0300] "GET /admin/lib/ueditor/ueditor.config.js/x.php HTTP/1.1" 200 - "-" "Mozilla/5.0 (Windows NT 10.0; WOW64) AppleWebKit/537.36 (KHTML, like Gecko) Chrome/57.0.568.8 Safari/537.36"
103.108.231.56 - - [30/Dec/2025:11:00:59 -0300] "GET /statics/ueditor/ueditor.config.js/x.php HTTP/1.1" 200 - "-" "Mozilla/5.0 (X11; Linux x86_64) AppleWebKit/537.36 (KHTML, like Gecko) Chrome/60.0.3196.130 Safari/537.36"
103.108.231.56 - - [30/Dec/2025:11:01:00 -0300] "GET /admin/ueditor/ueditor.config.js/x.php HTTP/1.1" 200 - "-" "Mozilla/5.0 (Windows NT 6.1; WOW64) AppleWebKit/537.36 (KHTML, like Gecko) Chrome/62.0.1678.13 Safari/537.36"
103.108.231.56 - - [30/Dec/2025:11:01:00 -0300] "GET /static/common/js/ueditor/ueditor.config.js/x.php HTTP/1.1" 200 - "-" "Mozilla/5.0 (X11; Linux x86_64) AppleWebKit/537.36 (KHTML, like Gecko) Chrome/60.0.621.75 Safari/537.36"
185.191.171.9 - - [30/Dec/2025:11:01:02 -0300] "GET /?p=4587266 HTTP/1.1" 200 - "-" "Mozilla/5.0 (compatible; SemrushBot/7~bl; +http://www.semrush.com/bot.html)"
103.108.231.56 - - [30/Dec/2025:11:01:02 -0300] "GET /statics/js/ueditor/ueditor.config.js/x.php HTTP/1.1" 200 - "-" "Mozilla/5.0 (X11; Linux x86_64) AppleWebKit/537.36 (KHTML, like Gecko) Chrome/55.0.1003.120 Safari/537.36"
103.108.231.56 - - [30/Dec/2025:11:01:02 -0300] "GET /common/static/plugin/ueditor/1.4.3.3/ueditor.config.js/x.php HTTP/1.1" 200 - "-" "Mozilla/5.0 (Windows NT 10.0; WOW64) AppleWebKit/537.36 (KHTML, like Gecko) Chrome/59.0.2700.26 Safari/537.36"
85.208.96.198 - - [30/Dec/2025:11:01:03 -0300] "GET /?a=141570161 HTTP/1.1" 200 - "-" "Mozilla/5.0 (compatible; SemrushBot/7~bl; +http://www.semrush.com/bot.html)"
69.197.149.50 - - [30/Dec/2025:10:59:11 -0300] "GET /wp-content/qq29a515/edit.php?id=469679 HTTP/1.1" 200 - "https://agenciaidee.com/wp-content/qq29a515/edit.php?id=469679" "Mozilla/5.0 (Windows NT 10.0; Win64; x64) AppleWebKit/537.36 (KHTML, like Gecko) Chrome/58.0.3029.110 Safari/537.3"
103.108.231.56 - - [30/Dec/2025:11:01:04 -0300] "GET /static/common/user/uedit/ueditor.config.js/x.php HTTP/1.1" 200 - "-" "Mozilla/5.0 (Macintosh; Intel Mac OS X 10_12_6) AppleWebKit/537.36 (KHTML, like Gecko) Chrome/55.0.2229.79 Safari/537.36"
103.108.231.56 - - [30/Dec/2025:11:01:05 -0300] "GET /static/ueditor/ueditor.config.js/x.php HTTP/1.1" 200 - "-" "Mozilla/5.0 (Macintosh; Intel Mac OS X 10_12_6) AppleWebKit/537.36 (KHTML, like Gecko) Chrome/57.0.529.18 Safari/537.36"
103.108.231.56 - - [30/Dec/2025:11:01:05 -0300] "GET /js/ueditor/ueditor.config.js/x.php HTTP/1.1" 200 - "-" "Mozilla/5.0 (Windows NT 6.1; WOW64) AppleWebKit/537.36 (KHTML, like Gecko) Chrome/57.0.1671.58 Safari/537.36"
103.108.231.56 - - [30/Dec/2025:11:01:07 -0300] "GET /static/web/UEditor/ueditor.config.js/x.php HTTP/1.1" 200 - "-" "Mozilla/5.0 (Windows NT 6.1; WOW64) AppleWebKit/537.36 (KHTML, like Gecko) Chrome/60.0.124.49 Safari/537.36"
103.108.231.56 - - [30/Dec/2025:11:01:08 -0300] "GET /lib/ueditor/ueditor.config.js/x.php HTTP/1.1" 200 - "-" "Mozilla/5.0 (Windows NT 10.0; WOW64) AppleWebKit/537.36 (KHTML, like Gecko) Chrome/58.0.705.42 Safari/537.36"
103.108.231.56 - - [30/Dec/2025:11:01:08 -0300] "GET /static/admin/ueditor/ueditor.config.js/x.php HTTP/1.1" 200 - "-" "Mozilla/5.0 (Windows NT 6.1; WOW64) AppleWebKit/537.36 (KHTML, like Gecko) Chrome/61.0.3145.52 Safari/537.36"
103.108.231.56 - - [30/Dec/2025:11:01:10 -0300] "GET /static/vendor/ueditor/ueditor.config.js/x.php HTTP/1.1" 200 - "-" "Mozilla/5.0 (Macintosh; Intel Mac OS X 10_12_6) AppleWebKit/537.36 (KHTML, like Gecko) Chrome/61.0.2164.18 Safari/537.36"
103.108.231.56 - - [30/Dec/2025:11:01:11 -0300] "GET /Incs/UEditor/ueditor.config.js/x.php HTTP/1.1" 200 - "-" "Mozilla/5.0 (X11; Linux x86_64) AppleWebKit/537.36 (KHTML, like Gecko) Chrome/61.0.215.8 Safari/537.36"
103.108.231.56 - - [30/Dec/2025:11:01:12 -0300] "GET /static/editor/ueditor.config.js/x.php HTTP/1.1" 200 - "-" "Mozilla/5.0 (Windows NT 10.0; WOW64) AppleWebKit/537.36 (KHTML, like Gecko) Chrome/61.0.2663.115 Safari/537.36"
85.208.96.203 - - [30/Dec/2025:11:01:13 -0300] "GET /?a=141608261 HTTP/1.1" 200 - "-" "Mozilla/5.0 (compatible; SemrushBot/7~bl; +http://www.semrush.com/bot.html)"
103.108.231.56 - - [30/Dec/2025:11:01:13 -0300] "GET /style/admin/plugins/ueditor/ueditor.config.js/x.php HTTP/1.1" 200 - "-" "Mozilla/5.0 (Macintosh; Intel Mac OS X 10_12_6) AppleWebKit/537.36 (KHTML, like Gecko) Chrome/62.0.1351.70 Safari/537.36"
103.108.231.56 - - [30/Dec/2025:11:01:13 -0300] "GET /library/ueditor/ueditor.config.js/x.php HTTP/1.1" 200 - "-" "Mozilla/5.0 (Windows NT 6.1; WOW64) AppleWebKit/537.36 (KHTML, like Gecko) Chrome/59.0.3052.31 Safari/537.36"
103.108.231.56 - - [30/Dec/2025:11:01:15 -0300] "GET /static/admin/js/plugins/ueditor/ueditor.config.js/x.php HTTP/1.1" 200 - "-" "Mozilla/5.0 (Macintosh; Intel Mac OS X 10_12_6) AppleWebKit/537.36 (KHTML, like Gecko) Chrome/62.0.1377.92 Safari/537.36"
185.191.171.7 - - [30/Dec/2025:11:01:16 -0300] "GET /?a=1299961 HTTP/1.1" 200 - "-" "Mozilla/5.0 (compatible; SemrushBot/7~bl; +http://www.semrush.com/bot.html)"
103.108.231.56 - - [30/Dec/2025:11:01:16 -0300] "GET /template/admin/public/js/ueditor/ueditor.config.js/x.php HTTP/1.1" 200 - "-" "Mozilla/5.0 (Macintosh; Intel Mac OS X 10_12_6) AppleWebKit/537.36 (KHTML, like Gecko) Chrome/56.0.649.60 Safari/537.36"
103.108.231.56 - - [30/Dec/2025:11:01:17 -0300] "GET /static/common/lib/ueditor/ueditor.config.js/x.php HTTP/1.1" 200 - "-" "Mozilla/5.0 (Windows NT 6.1; WOW64) AppleWebKit/537.36 (KHTML, like Gecko) Chrome/58.0.1958.126 Safari/537.36"
103.108.231.56 - - [30/Dec/2025:11:01:18 -0300] "GET /public/style/admin/plugins/ueditor/ueditor.config.js/x.php HTTP/1.1" 200 - "-" "Mozilla/5.0 (Windows NT 6.1; WOW64) AppleWebKit/537.36 (KHTML, like Gecko) Chrome/56.0.523.5 Safari/537.36"
103.108.231.56 - - [30/Dec/2025:11:01:19 -0300] "GET /Theme/assets/ueditor/ueditor.config.js/x.php HTTP/1.1" 200 - "-" "Mozilla/5.0 (Macintosh; Intel Mac OS X 10_12_6) AppleWebKit/537.36 (KHTML, like Gecko) Chrome/60.0.1632.40 Safari/537.36"
103.108.231.56 - - [30/Dec/2025:11:01:20 -0300] "GET /public/platform/js/ueditor/ueditor.config.js/x.php HTTP/1.1" 200 - "-" "Mozilla/5.0 (Windows NT 6.1; WOW64) AppleWebKit/537.36 (KHTML, like Gecko) Chrome/57.0.3017.4 Safari/537.36"
103.108.231.56 - - [30/Dec/2025:11:01:21 -0300] "GET /viagraedit/ueditor.config.js/x.php HTTP/1.1" 200 - "-" "Mozilla/5.0 (Windows NT 10.0; WOW64) AppleWebKit/537.36 (KHTML, like Gecko) Chrome/59.0.730.112 Safari/537.36"
103.108.231.56 - - [30/Dec/2025:11:01:22 -0300] "GET /Public/admin/lib//ueditor/ueditor.config.js/x.php HTTP/1.1" 200 - "-" "Mozilla/5.0 (Windows NT 10.0; WOW64) AppleWebKit/537.36 (KHTML, like Gecko) Chrome/59.0.439.12 Safari/537.36"
103.108.231.56 - - [30/Dec/2025:11:01:23 -0300] "GET /public/admin/js/ueditor/ueditor.config.js/x.php HTTP/1.1" 200 - "-" "Mozilla/5.0 (X11; Linux x86_64) AppleWebKit/537.36 (KHTML, like Gecko) Chrome/62.0.1962.84 Safari/537.36"
103.108.231.56 - - [30/Dec/2025:11:01:24 -0300] "GET /static/admin/lib/ueditor/1.4.3/ueditor.config.js/x.php HTTP/1.1" 200 - "-" "Mozilla/5.0 (Windows NT 6.1; WOW64) AppleWebKit/537.36 (KHTML, like Gecko) Chrome/62.0.706.81 Safari/537.36"
103.108.231.56 - - [30/Dec/2025:11:01:25 -0300] "GET /public/plugins/Ueditor/ueditor.config.js/x.php HTTP/1.1" 200 - "-" "Mozilla/5.0 (Windows NT 10.0; WOW64) AppleWebKit/537.36 (KHTML, like Gecko) Chrome/58.0.2224.92 Safari/537.36"
103.108.231.56 - - [30/Dec/2025:11:01:26 -0300] "GET /source/plugin/iscwo_kaifu/ueditor/ueditor.config.js/x.php HTTP/1.1" 200 - "-" "Mozilla/5.0 (Windows NT 6.1; WOW64) AppleWebKit/537.36 (KHTML, like Gecko) Chrome/62.0.526.45 Safari/537.36"
103.108.231.56 - - [30/Dec/2025:11:01:27 -0300] "GET /public/js/uedi/ueditor.config.js/x.php HTTP/1.1" 200 - "-" "Mozilla/5.0 (Windows NT 10.0; WOW64) AppleWebKit/537.36 (KHTML, like Gecko) Chrome/61.0.2718.70 Safari/537.36"
103.108.231.56 - - [30/Dec/2025:11:01:28 -0300] "GET /public/static/common/lib/ueditor/ueditor.config.js/x.php HTTP/1.1" 200 - "-" "Mozilla/5.0 (Windows NT 10.0; WOW64) AppleWebKit/537.36 (KHTML, like Gecko) Chrome/56.0.2969.40 Safari/537.36"
103.108.231.56 - - [30/Dec/2025:11:01:29 -0300] "GET /statics/ueditor/ueditor.config.js/x.php HTTP/1.1" 200 - "-" "Mozilla/5.0 (Windows NT 6.1; WOW64) AppleWebKit/537.36 (KHTML, like Gecko) Chrome/58.0.3058.44 Safari/537.36"
103.108.231.56 - - [30/Dec/2025:11:01:30 -0300] "GET /Public/Js/ueditor/ueditor.config.js/x.php HTTP/1.1" 200 - "-" "Mozilla/5.0 (X11; Linux x86_64) AppleWebKit/537.36 (KHTML, like Gecko) Chrome/62.0.2929.108 Safari/537.36"
185.191.171.9 - - [30/Dec/2025:11:01:31 -0300] "GET /?a=143065261 HTTP/1.1" 200 - "-" "Mozilla/5.0 (compatible; SemrushBot/7~bl; +http://www.semrush.com/bot.html)"
103.108.231.56 - - [30/Dec/2025:11:01:31 -0300] "GET /static/common/js/ueditor/ueditor.config.js/x.php HTTP/1.1" 200 - "-" "Mozilla/5.0 (Windows NT 6.1; WOW64) AppleWebKit/537.36 (KHTML, like Gecko) Chrome/60.0.3098.1 Safari/537.36"
103.108.231.56 - - [30/Dec/2025:11:01:32 -0300] "GET /public/static/admin/ueditor/ueditor.config.js/x.php HTTP/1.1" 200 - "-" "Mozilla/5.0 (X11; Linux x86_64) AppleWebKit/537.36 (KHTML, like Gecko) Chrome/61.0.881.87 Safari/537.36"
103.108.231.56 - - [30/Dec/2025:11:01:33 -0300] "GET /Public/static/ueditor/ueditor.config.js/x.php HTTP/1.1" 200 - "-" "Mozilla/5.0 (Windows NT 10.0; WOW64) AppleWebKit/537.36 (KHTML, like Gecko) Chrome/60.0.3082.78 Safari/537.36"
103.108.231.56 - - [30/Dec/2025:11:01:34 -0300] "GET /statics/js/ueditor/ueditor.config.js/x.php HTTP/1.1" 200 - "-" "Mozilla/5.0 (Macintosh; Intel Mac OS X 10_12_6) AppleWebKit/537.36 (KHTML, like Gecko) Chrome/62.0.1171.29 Safari/537.36"
103.108.231.56 - - [30/Dec/2025:11:01:35 -0300] "GET /public/static/libs/ueditor/ueditor.config.js/x.php HTTP/1.1" 200 - "-" "Mozilla/5.0 (Windows NT 10.0; WOW64) AppleWebKit/537.36 (KHTML, like Gecko) Chrome/60.0.2548.118 Safari/537.36"
103.108.231.56 - - [30/Dec/2025:11:01:37 -0300] "GET /Scripts/ueditor/ueditor.config.js/x.php HTTP/1.1" 200 - "-" "Mozilla/5.0 (Windows NT 6.1; WOW64) AppleWebKit/537.36 (KHTML, like Gecko) Chrome/57.0.2683.121 Safari/537.36"
103.108.231.56 - - [30/Dec/2025:11:01:37 -0300] "GET /static/common/user/uedit/ueditor.config.js/x.php HTTP/1.1" 200 - "-" "Mozilla/5.0 (Windows NT 10.0; WOW64) AppleWebKit/537.36 (KHTML, like Gecko) Chrome/56.0.2526.29 Safari/537.36"
103.108.231.56 - - [30/Dec/2025:11:01:38 -0300] "GET /Scripts/Ueditor/ueditor.config.js/x.php HTTP/1.1" 200 - "-" "Mozilla/5.0 (Windows NT 10.0; WOW64) AppleWebKit/537.36 (KHTML, like Gecko) Chrome/62.0.682.1 Safari/537.36"
103.108.231.56 - - [30/Dec/2025:11:01:39 -0300] "GET /static/ueditor/ueditor.config.js/x.php HTTP/1.1" 200 - "-" "Mozilla/5.0 (X11; Linux x86_64) AppleWebKit/537.36 (KHTML, like Gecko) Chrome/61.0.1162.89 Safari/537.36"
103.108.231.56 - - [30/Dec/2025:11:01:40 -0300] "GET /Scripts/plugins/ueditor/ueditor.config.js/x.php HTTP/1.1" 200 - "-" "Mozilla/5.0 (Macintosh; Intel Mac OS X 10_12_6) AppleWebKit/537.36 (KHTML, like Gecko) Chrome/58.0.2671.137 Safari/537.36"
103.108.231.56 - - [30/Dec/2025:11:01:42 -0300] "GET /Content/Js/ueditor/ueditor.config.js/x.php HTTP/1.1" 200 - "-" "Mozilla/5.0 (Windows NT 6.1; WOW64) AppleWebKit/537.36 (KHTML, like Gecko) Chrome/56.0.1950.73 Safari/537.36"
103.108.231.56 - - [30/Dec/2025:11:01:42 -0300] "GET /static/web/UEditor/ueditor.config.js/x.php HTTP/1.1" 200 - "-" "Mozilla/5.0 (X11; Linux x86_64) AppleWebKit/537.36 (KHTML, like Gecko) Chrome/55.0.1060.109 Safari/537.36"
103.108.231.56 - - [30/Dec/2025:11:01:43 -0300] "GET /Utility/UEditor/ueditor.config.js/x.php HTTP/1.1" 200 - "-" "Mozilla/5.0 (X11; Linux x86_64) AppleWebKit/537.36 (KHTML, like Gecko) Chrome/60.0.2315.134 Safari/537.36"
103.108.231.56 - - [30/Dec/2025:11:01:44 -0300] "GET /static/admin/ueditor/ueditor.config.js/x.php HTTP/1.1" 200 - "-" "Mozilla/5.0 (Windows NT 6.1; WOW64) AppleWebKit/537.36 (KHTML, like Gecko) Chrome/59.0.2622.120 Safari/537.36"
103.108.231.56 - - [30/Dec/2025:11:01:45 -0300] "GET /utility/ueditor/ueditor.config.js/x.php HTTP/1.1" 200 - "-" "Mozilla/5.0 (Windows NT 10.0; WOW64) AppleWebKit/537.36 (KHTML, like Gecko) Chrome/62.0.2729.109 Safari/537.36"
103.108.231.56 - - [30/Dec/2025:11:01:47 -0300] "GET /assets/ueditor/ueditor.config.js/x.php HTTP/1.1" 200 - "-" "Mozilla/5.0 (X11; Linux x86_64) AppleWebKit/537.36 (KHTML, like Gecko) Chrome/60.0.1251.53 Safari/537.36"
