216.73.216.44 - - [30/Dec/2025:10:03:54 -0300] "GET /cd38d8/?delete=index.php.tar&fm=true&path=%2Fhome%2Fagenciai%2Fpublic_html%2Fcd38d8%2F HTTP/1.1" 200 28234 "-" "Mozilla/5.0 AppleWebKit/537.36 (KHTML, like Gecko; compatible; ClaudeBot/1.0; +claudebot@anthropic.com)"
216.73.216.44 - - [30/Dec/2025:10:03:55 -0300] "GET /cd38d8/?edit=index.php.tar&fm=true&path=%2Fhome%2Fagenciai%2Fpublic_html%2Fcd38d8%2F HTTP/1.1" 200 19119 "-" "Mozilla/5.0 AppleWebKit/537.36 (KHTML, like Gecko; compatible; ClaudeBot/1.0; +claudebot@anthropic.com)"
216.73.216.44 - - [30/Dec/2025:10:03:55 -0300] "GET /cd38d8/?fm=true&path=%2Fhome%2Fagenciai%2Fpublic_html%2Fcd38d8%2Fcd38d8%2Fcd38d8 HTTP/1.1" 200 26570 "-" "Mozilla/5.0 AppleWebKit/537.36 (KHTML, like Gecko; compatible; ClaudeBot/1.0; +claudebot@anthropic.com)"
185.191.171.19 - - [30/Dec/2025:10:04:01 -0300] "GET /?a=150113761 HTTP/1.1" 200 - "-" "Mozilla/5.0 (compatible; SemrushBot/7~bl; +http://www.semrush.com/bot.html)"
185.191.171.10 - - [30/Dec/2025:10:04:02 -0300] "GET /?a=30140061 HTTP/1.1" 200 - "-" "Mozilla/5.0 (compatible; SemrushBot/7~bl; +http://www.semrush.com/bot.html)"
216.73.216.44 - - [30/Dec/2025:10:04:02 -0300] "GET /cd38d8/?fm=true&path=%2Fhome%2Fagenciai%2Fpublic_html%2Fcd38d8%2F&rights=index.php.php.tar.gz HTTP/1.1" 200 18358 "-" "Mozilla/5.0 AppleWebKit/537.36 (KHTML, like Gecko; compatible; ClaudeBot/1.0; +claudebot@anthropic.com)"
216.73.216.44 - - [30/Dec/2025:10:04:03 -0300] "GET /cd38d8/?fm=true&path=%2Fhome%2Fagenciai%2Fpublic_html%2Fcd38d8%2F HTTP/1.1" 200 28161 "-" "Mozilla/5.0 AppleWebKit/537.36 (KHTML, like Gecko; compatible; ClaudeBot/1.0; +claudebot@anthropic.com)"
216.73.216.44 - - [30/Dec/2025:10:04:03 -0300] "GET /cd38d8/?fm=true&path=%2Fhome%2Fagenciai%2Fpublic_html%2Fcd38d8%2Fcd38d8%2F. HTTP/1.1" 200 25193 "-" "Mozilla/5.0 AppleWebKit/537.36 (KHTML, like Gecko; compatible; ClaudeBot/1.0; +claudebot@anthropic.com)"
185.191.171.14 - - [30/Dec/2025:10:04:04 -0300] "GET /?p=3718838 HTTP/1.1" 200 - "-" "Mozilla/5.0 (compatible; SemrushBot/7~bl; +http://www.semrush.com/bot.html)"
216.73.216.44 - - [30/Dec/2025:10:04:12 -0300] "GET /gm.php?filesrc=%2Fhome%2Fagenciai%2Fpublic_html%2Fshell_L8rVrM.php&path=%2Fhome%2Fagenciai%2Fpublic_html HTTP/1.1" 403 - "-" "Mozilla/5.0 AppleWebKit/537.36 (KHTML, like Gecko; compatible; ClaudeBot/1.0; +claudebot@anthropic.com)"
216.73.216.44 - - [30/Dec/2025:10:04:12 -0300] "GET /gm.php?filesrc=%2Fhome%2Fagenciai%2Fpublic_html%2Ftxets.php&path=%2Fhome%2Fagenciai%2Fpublic_html HTTP/1.1" 403 - "-" "Mozilla/5.0 AppleWebKit/537.36 (KHTML, like Gecko; compatible; ClaudeBot/1.0; +claudebot@anthropic.com)"
216.73.216.44 - - [30/Dec/2025:10:04:13 -0300] "GET /cd38d8/?delete=cd38d8.zip&fm=true&path=%2Fhome%2Fagenciai%2Fpublic_html%2Fcd38d8%2F HTTP/1.1" 200 27230 "-" "Mozilla/5.0 AppleWebKit/537.36 (KHTML, like Gecko; compatible; ClaudeBot/1.0; +claudebot@anthropic.com)"
85.208.96.200 - - [30/Dec/2025:10:04:28 -0300] "GET /?p=5215644 HTTP/1.1" 200 - "-" "Mozilla/5.0 (compatible; SemrushBot/7~bl; +http://www.semrush.com/bot.html)"
165.22.238.211 - - [30/Dec/2025:10:04:33 -0300] "GET / HTTP/1.1" 200 - "-" "Mozilla/5.0 (X11; Linux x86_64) AppleWebKit/537.36 (KHTML, like Gecko) Chrome/142.0.0.0 Safari/537.36"
165.22.238.211 - - [30/Dec/2025:10:04:35 -0300] "GET /favicon.ico HTTP/1.1" 200 - "https://162.240.157.164/" "Mozilla/5.0 (X11; Linux x86_64) AppleWebKit/537.36 (KHTML, like Gecko) Chrome/142.0.0.0 Safari/537.36"
216.73.216.44 - - [30/Dec/2025:10:04:38 -0300] "GET /gm.php?filesrc=%2Fhome%2Fagenciai%2Fpublic_html%2FtesTvnv.php&path=%2Fhome%2Fagenciai%2Fpublic_html HTTP/1.1" 403 - "-" "Mozilla/5.0 AppleWebKit/537.36 (KHTML, like Gecko; compatible; ClaudeBot/1.0; +claudebot@anthropic.com)"
216.73.216.44 - - [30/Dec/2025:10:04:39 -0300] "GET /cd38d8/?edit=cd38d8.zip&fm=true&path=%2Fhome%2Fagenciai%2Fpublic_html%2Fcd38d8%2F HTTP/1.1" 200 19113 "-" "Mozilla/5.0 AppleWebKit/537.36 (KHTML, like Gecko; compatible; ClaudeBot/1.0; +claudebot@anthropic.com)"
216.73.216.44 - - [30/Dec/2025:10:04:39 -0300] "GET /cd38d8/?fm=true&path=%2Fhome%2Fagenciai%2Fpublic_html%2Fcd38d8%2F&rename=index.php.php.tar.gz HTTP/1.1" 200 18350 "-" "Mozilla/5.0 AppleWebKit/537.36 (KHTML, like Gecko; compatible; ClaudeBot/1.0; +claudebot@anthropic.com)"
77.75.77.36 - - [30/Dec/2025:10:04:40 -0300] "GET /?t=3185088390 HTTP/1.1" 200 - "-" "Mozilla/5.0 (compatible; SeznamBot/4.0; +https://o-seznam.cz/napoveda/vyhledavani/en/seznambot-crawler/)"
69.197.149.50 - - [30/Dec/2025:10:03:34 -0300] "GET /wp-includes/br79d1f6/edit.php?id=996710 HTTP/1.1" 200 - "https://agenciaidee.com/wp-includes/br79d1f6/edit.php?id=996710" "Mozilla/5.0 (Windows NT 10.0; Win64; x64) AppleWebKit/537.36 (KHTML, like Gecko) Chrome/58.0.3029.110 Safari/537.3"
114.119.145.116 - - [30/Dec/2025:10:04:40 -0300] "GET /search.php?products/186ea22441 HTTP/1.1" 200 551610 "https://agenciaidee.com/search.php?sitemap601.xml" "Mozilla/5.0 (Linux; Android 7.0;) AppleWebKit/537.36 (KHTML, like Gecko) Mobile Safari/537.36 (compatible; PetalBot;+https://webmaster.petalsearch.com/site/petalbot)"
69.197.149.50 - - [30/Dec/2025:10:03:47 -0300] "GET /wp-content/qq29a515/edit.php?id=469679 HTTP/1.1" 200 - "https://agenciaidee.com/wp-content/qq29a515/edit.php?id=469679" "Mozilla/5.0 (Windows NT 10.0; Win64; x64) AppleWebKit/537.36 (KHTML, like Gecko) Chrome/58.0.3029.110 Safari/537.3"
185.191.171.8 - - [30/Dec/2025:10:05:14 -0300] "GET /?p=3214763 HTTP/1.1" 200 - "-" "Mozilla/5.0 (compatible; SemrushBot/7~bl; +http://www.semrush.com/bot.html)"
69.197.149.50 - - [30/Dec/2025:10:03:47 -0300] "GET /wp-includes/wp9e9ee7/edit.php?id=881402 HTTP/1.1" 200 - "https://agenciaidee.com/wp-includes/wp9e9ee7/edit.php?id=881402" "Mozilla/5.0 (Windows NT 10.0; Win64; x64) AppleWebKit/537.36 (KHTML, like Gecko) Chrome/58.0.3029.110 Safari/537.3"
85.208.96.202 - - [30/Dec/2025:10:05:40 -0300] "GET /?a=27993661 HTTP/1.1" 200 - "-" "Mozilla/5.0 (compatible; SemrushBot/7~bl; +http://www.semrush.com/bot.html)"
216.73.216.44 - - [30/Dec/2025:10:05:52 -0300] "GET /cd38d8/?fm=true&path=%2Fhome%2Fagenciai%2Fpublic_html%2Fcd38d8%2Fcd38d8%2F&rename=index.php HTTP/1.1" 200 18349 "-" "Mozilla/5.0 AppleWebKit/537.36 (KHTML, like Gecko; compatible; ClaudeBot/1.0; +claudebot@anthropic.com)"
216.73.216.44 - - [30/Dec/2025:10:05:52 -0300] "GET /gm.php?filesrc=%2Fhome%2Fagenciai%2Fpublic_html%2Ferror_log&path=%2Fhome%2Fagenciai%2Fpublic_html HTTP/1.1" 403 - "-" "Mozilla/5.0 AppleWebKit/537.36 (KHTML, like Gecko; compatible; ClaudeBot/1.0; +claudebot@anthropic.com)"
216.73.216.44 - - [30/Dec/2025:10:05:52 -0300] "GET /cd38d8/?fm=true&path=%2Fhome%2Fagenciai%2Fpublic_html%2Fcd38d8%2Fcd38d8%2F&rights=index.php HTTP/1.1" 200 18357 "-" "Mozilla/5.0 AppleWebKit/537.36 (KHTML, like Gecko; compatible; ClaudeBot/1.0; +claudebot@anthropic.com)"
185.191.171.7 - - [30/Dec/2025:10:06:04 -0300] "GET /?a=12775261 HTTP/1.1" 200 - "-" "Mozilla/5.0 (compatible; SemrushBot/7~bl; +http://www.semrush.com/bot.html)"
185.191.171.1 - - [30/Dec/2025:10:06:07 -0300] "GET /?a=101031461 HTTP/1.1" 200 - "-" "Mozilla/5.0 (compatible; SemrushBot/7~bl; +http://www.semrush.com/bot.html)"
185.191.171.12 - - [30/Dec/2025:10:06:13 -0300] "GET /?a=140937461 HTTP/1.1" 200 - "-" "Mozilla/5.0 (compatible; SemrushBot/7~bl; +http://www.semrush.com/bot.html)"
216.73.216.44 - - [30/Dec/2025:10:06:13 -0300] "GET /cd38d8/?fm=true&path=%2Fhome%2Fagenciai%2Fpublic_html%2Fcd38d8%2F&rights=index.php.tar HTTP/1.1" 200 18524 "-" "Mozilla/5.0 AppleWebKit/537.36 (KHTML, like Gecko; compatible; ClaudeBot/1.0; +claudebot@anthropic.com)"
216.73.216.44 - - [30/Dec/2025:10:06:14 -0300] "GET /cd38d8/?fm=true&path=%2Fhome%2Fagenciai%2Fpublic_html%2Fcd38d8%2F&rename=index.php HTTP/1.1" 200 18328 "-" "Mozilla/5.0 AppleWebKit/537.36 (KHTML, like Gecko; compatible; ClaudeBot/1.0; +claudebot@anthropic.com)"
216.73.216.44 - - [30/Dec/2025:10:06:14 -0300] "GET /gm.php?filesrc=%2Fhome%2Fagenciai%2Fpublic_html%2FtesTvby.php&path=%2Fhome%2Fagenciai%2Fpublic_html HTTP/1.1" 403 - "-" "Mozilla/5.0 AppleWebKit/537.36 (KHTML, like Gecko; compatible; ClaudeBot/1.0; +claudebot@anthropic.com)"
185.191.171.6 - - [30/Dec/2025:10:06:17 -0300] "GET /?p=3360035 HTTP/1.1" 200 - "-" "Mozilla/5.0 (compatible; SemrushBot/7~bl; +http://www.semrush.com/bot.html)"
185.191.171.6 - - [30/Dec/2025:10:06:22 -0300] "GET /?a=99048261 HTTP/1.1" 200 - "-" "Mozilla/5.0 (compatible; SemrushBot/7~bl; +http://www.semrush.com/bot.html)"
114.119.157.239 - - [30/Dec/2025:10:05:52 -0300] "GET /search.php?products/185oq37832 HTTP/1.1" 200 557444 "https://agenciaidee.com/search.php?sitemap601.xml" "Mozilla/5.0 (Linux; Android 7.0;) AppleWebKit/537.36 (KHTML, like Gecko) Mobile Safari/537.36 (compatible; PetalBot;+https://webmaster.petalsearch.com/site/petalbot)"
4.217.250.2 - - [30/Dec/2025:10:06:27 -0300] "GET /wp-good.php HTTP/1.1" 403 - "https://www.yahoo.com/" "Mozilla/5.0 (Linux; Android 11; 21081111RG) AppleWebKit/537.36 (KHTML, like Gecko) Chrome/116.0.0.0 Mobile Safari/537.36"
185.191.171.12 - - [30/Dec/2025:10:06:28 -0300] "GET /?a=147502061 HTTP/1.1" 200 - "-" "Mozilla/5.0 (compatible; SemrushBot/7~bl; +http://www.semrush.com/bot.html)"
4.217.250.2 - - [30/Dec/2025:10:06:28 -0300] "GET /ioxi-o.php HTTP/1.1" 403 297 "https://www.bing.com/" "Mozilla/5.0 (iPad; CPU OS 16_7_2 like Mac OS X) AppleWebKit/605.1.15 (KHTML, like Gecko) Version/16.6 Mobile/15E148 Safari/604.1"
4.217.250.2 - - [30/Dec/2025:10:06:28 -0300] "GET /file.php HTTP/1.1" 403 297 "https://www.google.com/" "Mozilla/5.0 (Linux; Android 12; 2201116SG) AppleWebKit/537.36 (KHTML, like Gecko) Chrome/116.0.0.0 Mobile Safari/537.36"
4.217.250.2 - - [30/Dec/2025:10:06:29 -0300] "GET /wp-admin/css/colors/blue HTTP/1.1" 200 301 "https://www.google.com/" "Mozilla/5.0 (iPhone; CPU iPhone OS 17_0_3 like Mac OS X) AppleWebKit/605.1.15 (KHTML, like Gecko) Version/17.0.1 Mobile/15E148 Safari/604.1"
4.217.250.2 - - [30/Dec/2025:10:06:29 -0300] "GET /wp-signin.php HTTP/1.1" 403 - "https://www.google.de/" "Mozilla/5.0 (Linux; Android 13; SM-G991U) AppleWebKit/537.36 (KHTML, like Gecko) Chrome/117.0.0.0 Mobile Safari/537.36"
4.217.250.2 - - [30/Dec/2025:10:06:29 -0300] "GET /abcd.php HTTP/1.1" 403 - "https://www.google.fr/" "Mozilla/5.0 (Linux; Android 11; CPH2251) AppleWebKit/537.36 (KHTML, like Gecko) Chrome/116.0.0.0 Mobile Safari/537.36"
69.197.149.50 - - [30/Dec/2025:10:05:02 -0300] "GET /wp-includes/br79d1f6/edit.php?id=996710 HTTP/1.1" 200 - "https://agenciaidee.com/wp-includes/br79d1f6/edit.php?id=996710" "Mozilla/5.0 (Windows NT 10.0; Win64; x64) AppleWebKit/537.36 (KHTML, like Gecko) Chrome/58.0.3029.110 Safari/537.3"
4.217.250.2 - - [30/Dec/2025:10:06:30 -0300] "GET /wp-includes/block-bindings HTTP/1.1" 200 - "https://www.google.de/" "Mozilla/5.0 (iPad; CPU OS 16_7_2 like Mac OS X) AppleWebKit/605.1.15 (KHTML, like Gecko) Version/16.6 Mobile/15E148 Safari/604.1"
4.217.250.2 - - [30/Dec/2025:10:06:30 -0300] "GET /about.php HTTP/1.1" 200 - "https://www.google.de/" "Mozilla/5.0 (Linux; Android 13; SM-G991U) AppleWebKit/537.36 (KHTML, like Gecko) Chrome/117.0.0.0 Mobile Safari/537.36"
4.217.250.2 - - [30/Dec/2025:10:06:30 -0300] "GET /bless.php HTTP/1.1" 403 299 "https://www.bing.com/" "Mozilla/5.0 (Linux; Android 13; M2101K6G) AppleWebKit/537.36 (KHTML, like Gecko) Chrome/116.0.0.0 Mobile Safari/537.36"
4.217.250.2 - - [30/Dec/2025:10:06:31 -0300] "GET /images/install.php HTTP/1.1" 200 - "https://www.yahoo.com/" "Mozilla/5.0 (iPhone; CPU iPhone OS 16_6_1 like Mac OS X) AppleWebKit/605.1.15 (KHTML, like Gecko) Version/16.6 Mobile/15E148 Safari/604.1"
66.249.64.224 - - [30/Dec/2025:10:06:30 -0300] "GET /search.php?sitemap575.xml HTTP/1.1" 200 570629 "-" "Mozilla/5.0 (compatible; Googlebot/2.1; +http://www.google.com/bot.html)"
4.217.250.2 - - [30/Dec/2025:10:06:31 -0300] "GET /num.php HTTP/1.1" 403 301 "https://www.bing.com/" "Mozilla/5.0 (iPad; CPU OS 17_0_3 like Mac OS X) AppleWebKit/605.1.15 (KHTML, like Gecko) Version/17.0.1 Mobile/15E148 Safari/604.1"
185.191.171.16 - - [30/Dec/2025:10:06:31 -0300] "GET /?a=138664561 HTTP/1.1" 200 - "-" "Mozilla/5.0 (compatible; SemrushBot/7~bl; +http://www.semrush.com/bot.html)"
4.217.250.2 - - [30/Dec/2025:10:06:32 -0300] "GET /txets.php HTTP/1.1" 403 299 "https://www.bing.com/" "Mozilla/5.0 (iPhone; CPU iPhone OS 17_1 like Mac OS X) AppleWebKit/605.1.15 (KHTML, like Gecko) CriOS/119.0.6045.109 Mobile/15E148 Safari/604.1"
4.217.250.2 - - [30/Dec/2025:10:06:32 -0300] "GET /wp-blog.php HTTP/1.1" 403 - "https://www.google.fr/" "Mozilla/5.0 (iPhone; CPU iPhone OS 17_0_3 like Mac OS X) AppleWebKit/605.1.15 (KHTML, like Gecko) Version/17.0.1 Mobile/15E148 Safari/604.1"
4.217.250.2 - - [30/Dec/2025:10:06:32 -0300] "GET /wp-content/admin-header.php HTTP/1.1" 403 299 "https://www.google.com/" "Mozilla/5.0 (Linux; Android 14; Pixel 8 Pro) AppleWebKit/537.36 (KHTML, like Gecko) Chrome/119.0.0.0 Mobile Safari/537.36"
4.217.250.2 - - [30/Dec/2025:10:06:33 -0300] "GET /wp-content/themes/about.php HTTP/1.1" 200 - "https://www.google.co.uk/" "Mozilla/5.0 (Linux; Android 12; V2134) AppleWebKit/537.36 (KHTML, like Gecko) Chrome/116.0.0.0 Mobile Safari/537.36"
4.217.250.2 - - [30/Dec/2025:10:06:33 -0300] "GET /wp-includes/js/dist HTTP/1.1" 200 - "https://www.google.de/" "Mozilla/5.0 (Linux; Android 12; 2201116SG) AppleWebKit/537.36 (KHTML, like Gecko) Chrome/116.0.0.0 Mobile Safari/537.36"
4.217.250.2 - - [30/Dec/2025:10:06:33 -0300] "GET /wp-includes/rest-api/fields HTTP/1.1" 200 - "https://www.google.de/" "Mozilla/5.0 (Linux; Android 11; CPH2251) AppleWebKit/537.36 (KHTML, like Gecko) Chrome/116.0.0.0 Mobile Safari/537.36"
4.217.250.2 - - [30/Dec/2025:10:06:34 -0300] "GET /wp.php HTTP/1.1" 403 - "https://www.google.co.uk/" "Mozilla/5.0 (iPhone; CPU iPhone OS 16_0 like Mac OS X) AppleWebKit/605.1.15 (KHTML, like Gecko) FxiOS/118.0 Mobile/15E148 Safari/605.1.15"
4.217.250.2 - - [30/Dec/2025:10:06:34 -0300] "GET /admin.php HTTP/1.1" 200 299 "https://www.bing.com/" "Mozilla/5.0 (Linux; Android 12; 2201116SG) AppleWebKit/537.36 (KHTML, like Gecko) Chrome/116.0.0.0 Mobile Safari/537.36"
4.217.250.2 - - [30/Dec/2025:10:06:35 -0300] "GET /adminfuns.php HTTP/1.1" 403 - "https://www.google.fr/" "Mozilla/5.0 (iPhone; CPU iPhone OS 17_1 like Mac OS X) AppleWebKit/605.1.15 (KHTML, like Gecko) CriOS/119.0.6045.109 Mobile/15E148 Safari/604.1"
4.217.250.2 - - [30/Dec/2025:10:06:35 -0300] "GET /chosen.php HTTP/1.1" 403 297 "https://www.google.com/" "Mozilla/5.0 (iPhone; CPU iPhone OS 16_6_1 like Mac OS X) AppleWebKit/605.1.15 (KHTML, like Gecko) Version/16.6 Mobile/15E148 Safari/604.1"
4.217.250.2 - - [30/Dec/2025:10:06:35 -0300] "GET /classwithtostring.php HTTP/1.1" 403 - "https://www.google.de/" "Mozilla/5.0 (Linux; Android 12; V2134) AppleWebKit/537.36 (KHTML, like Gecko) Chrome/116.0.0.0 Mobile Safari/537.36"
4.217.250.2 - - [30/Dec/2025:10:06:36 -0300] "GET /edit.php HTTP/1.1" 200 - "https://www.yahoo.com/" "Mozilla/5.0 (Linux; Android 12; 2201116SG) AppleWebKit/537.36 (KHTML, like Gecko) Chrome/116.0.0.0 Mobile Safari/537.36"
4.217.250.2 - - [30/Dec/2025:10:06:36 -0300] "GET /goods.php HTTP/1.1" 200 - "https://www.google.fr/" "Mozilla/5.0 (iPhone; CPU iPhone OS 15_7_9 like Mac OS X) AppleWebKit/605.1.15 (KHTML, like Gecko) Version/15.6.5 Mobile/15E148 Safari/604.1"
4.217.250.2 - - [30/Dec/2025:10:06:36 -0300] "GET /k.php HTTP/1.1" 403 - "https://www.yahoo.com/" "Mozilla/5.0 (iPhone; CPU iPhone OS 16_0 like Mac OS X) AppleWebKit/605.1.15 (KHTML, like Gecko) FxiOS/118.0 Mobile/15E148 Safari/605.1.15"
4.217.250.2 - - [30/Dec/2025:10:06:37 -0300] "GET /mah/function.php HTTP/1.1" 200 - "https://www.google.fr/" "Mozilla/5.0 (Linux; Android 12; SM-A525F) AppleWebKit/537.36 (KHTML, like Gecko) Chrome/117.0.0.0 Mobile Safari/537.36"
4.217.250.2 - - [30/Dec/2025:10:06:37 -0300] "GET /wp-conflg/function.php HTTP/1.1" 200 - "https://www.google.co.uk/" "Mozilla/5.0 (Linux; Android 12; V2134) AppleWebKit/537.36 (KHTML, like Gecko) Chrome/116.0.0.0 Mobile Safari/537.36"
4.217.250.2 - - [30/Dec/2025:10:06:37 -0300] "GET /wp-content/admin.php HTTP/1.1" 200 - "https://www.google.de/" "Mozilla/5.0 (iPhone; CPU iPhone OS 17_1 like Mac OS X) AppleWebKit/605.1.15 (KHTML, like Gecko) CriOS/119.0.6045.109 Mobile/15E148 Safari/604.1"
185.191.171.8 - - [30/Dec/2025:10:06:38 -0300] "GET /?a=148529061 HTTP/1.1" 200 - "-" "Mozilla/5.0 (compatible; SemrushBot/7~bl; +http://www.semrush.com/bot.html)"
4.217.250.2 - - [30/Dec/2025:10:06:38 -0300] "GET /wp-content/languages/index.php HTTP/1.1" 200 297 "https://www.bing.com/" "Mozilla/5.0 (Linux; Android 10; K) AppleWebKit/537.36 (KHTML, like Gecko) Chrome/117.0.0.0 Mobile Safari/537.36"
4.217.250.2 - - [30/Dec/2025:10:06:38 -0300] "GET /wp-includes/PHPMailer/index.php HTTP/1.1" 200 - "https://www.google.de/" "Mozilla/5.0 (iPhone; CPU iPhone OS 17_1_1 like Mac OS X) AppleWebKit/605.1.15 (KHTML, like Gecko) Version/17.1 Mobile/15E148 Safari/604.1"
4.217.250.2 - - [30/Dec/2025:10:06:39 -0300] "GET /wp-includes/images HTTP/1.1" 200 - "https://www.google.co.uk/" "Mozilla/5.0 (Linux; Android 12; V2134) AppleWebKit/537.36 (KHTML, like Gecko) Chrome/116.0.0.0 Mobile Safari/537.36"
4.217.250.2 - - [30/Dec/2025:10:06:39 -0300] "GET /wp-includes/images/index.php HTTP/1.1" 200 - "https://duckduckgo.com/" "Mozilla/5.0 (Linux; Android 13; SM-S908E) AppleWebKit/537.36 (KHTML, like Gecko) Chrome/116.0.0.0 Mobile Safari/537.36"
4.217.250.2 - - [30/Dec/2025:10:06:39 -0300] "GET /wp-includes/js/dist/development HTTP/1.1" 200 299 "https://www.google.com/" "Mozilla/5.0 (Linux; Android 13; SM-G991U) AppleWebKit/537.36 (KHTML, like Gecko) Chrome/117.0.0.0 Mobile Safari/537.36"
4.217.250.2 - - [30/Dec/2025:10:06:40 -0300] "GET /wp-user.php HTTP/1.1" 403 - "https://www.yahoo.com/" "Mozilla/5.0 (iPad; CPU OS 17_0_3 like Mac OS X) AppleWebKit/605.1.15 (KHTML, like Gecko) Version/17.0.1 Mobile/15E148 Safari/604.1"
4.217.250.2 - - [30/Dec/2025:10:06:40 -0300] "GET /404.php HTTP/1.1" 403 - "https://www.google.co.uk/" "Mozilla/5.0 (Linux; Android 10; LM-Q720) AppleWebKit/537.36 (KHTML, like Gecko) Chrome/116.0.0.0 Mobile Safari/537.36"
4.217.250.2 - - [30/Dec/2025:10:06:40 -0300] "GET /akcc.php HTTP/1.1" 403 - "https://www.google.co.uk/" "Mozilla/5.0 (Linux; Android 13; M2101K6G) AppleWebKit/537.36 (KHTML, like Gecko) Chrome/116.0.0.0 Mobile Safari/537.36"
4.217.250.2 - - [30/Dec/2025:10:06:41 -0300] "GET /gg.php HTTP/1.1" 403 301 "https://www.google.com/" "Mozilla/5.0 (Linux; Android 13; SM-S908E) AppleWebKit/537.36 (KHTML, like Gecko) Chrome/116.0.0.0 Mobile Safari/537.36"
4.217.250.2 - - [30/Dec/2025:10:06:41 -0300] "GET /mah.php HTTP/1.1" 200 - "https://www.google.fr/" "Mozilla/5.0 (iPhone; CPU iPhone OS 17_0_3 like Mac OS X) AppleWebKit/605.1.15 (KHTML, like Gecko) Version/17.0.1 Mobile/15E148 Safari/604.1"
4.217.250.2 - - [30/Dec/2025:10:06:41 -0300] "GET /new.php HTTP/1.1" 403 299 "https://www.bing.com/" "Mozilla/5.0 (iPad; CPU OS 16_7_2 like Mac OS X) AppleWebKit/605.1.15 (KHTML, like Gecko) Version/16.6 Mobile/15E148 Safari/604.1"
69.197.149.50 - - [30/Dec/2025:10:05:15 -0300] "GET /wp-content/qq29a515/edit.php?id=469679 HTTP/1.1" 200 - "https://agenciaidee.com/wp-content/qq29a515/edit.php?id=469679" "Mozilla/5.0 (Windows NT 10.0; Win64; x64) AppleWebKit/537.36 (KHTML, like Gecko) Chrome/58.0.3029.110 Safari/537.3"
4.217.250.2 - - [30/Dec/2025:10:06:42 -0300] "GET /themes.php HTTP/1.1" 200 - "https://www.google.de/" "Mozilla/5.0 (Linux; Android 12; 2201116SG) AppleWebKit/537.36 (KHTML, like Gecko) Chrome/116.0.0.0 Mobile Safari/537.36"
4.217.250.2 - - [30/Dec/2025:10:06:42 -0300] "GET /uploads/index.php HTTP/1.1" 200 299 "https://www.bing.com/" "Mozilla/5.0 (iPhone; CPU iPhone OS 17_0_3 like Mac OS X) AppleWebKit/605.1.15 (KHTML, like Gecko) Version/17.0.1 Mobile/15E148 Safari/604.1"
4.217.250.2 - - [30/Dec/2025:10:06:43 -0300] "GET /wp-admin HTTP/1.1" 200 - "https://www.google.fr/" "Mozilla/5.g (Linux; Android 13; Pixel 7) AppleWebKit/537.36 (KHTML, like Gecko) Chrome/116.0.0.0 Mobile Safari/537.36"
4.217.250.2 - - [30/Dec/2025:10:06:43 -0300] "GET /wp-admin/classwithtostring.php HTTP/1.1" 200 - "https://www.google.fr/" "Mozilla/5.0 (Linux; Android 13; SM-G991U) AppleWebKit/537.36 (KHTML, like Gecko) Chrome/117.0.0.0 Mobile Safari/537.36"
4.217.250.2 - - [30/Dec/2025:10:06:43 -0300] "GET /wp-admin/css HTTP/1.1" 200 297 "https://www.google.com/" "Mozilla/5.0 (iPad; CPU OS 17_0_3 like Mac OS X) AppleWebKit/605.1.15 (KHTML, like Gecko) Version/17.0.1 Mobile/15E148 Safari/604.1"
216.73.216.44 - - [30/Dec/2025:10:06:44 -0300] "GET /cd38d8/?fm=true&path=%2Fhome%2Fagenciai%2Fpublic_html%2Fcd38d8%2Fcd38d8%2F&rename=cd38d8 HTTP/1.1" 200 18343 "-" "Mozilla/5.0 AppleWebKit/537.36 (KHTML, like Gecko; compatible; ClaudeBot/1.0; +claudebot@anthropic.com)"
4.217.250.2 - - [30/Dec/2025:10:06:44 -0300] "GET /wp-admin/css/about.php HTTP/1.1" 200 299 "https://www.bing.com/" "Mozilla/5.0 (Linux; Android 12; 2201116SG) AppleWebKit/537.36 (KHTML, like Gecko) Chrome/116.0.0.0 Mobile Safari/537.36"
216.73.216.44 - - [30/Dec/2025:10:06:44 -0300] "GET /cd38d8/?fm=true&path=%2Fhome%2Fagenciai%2Fpublic_html%2Fcd38d8%2F&rights=cd38d8.zip HTTP/1.1" 200 18515 "-" "Mozilla/5.0 AppleWebKit/537.36 (KHTML, like Gecko; compatible; ClaudeBot/1.0; +claudebot@anthropic.com)"
4.217.250.2 - - [30/Dec/2025:10:06:44 -0300] "GET /wp-admin/includes/colour.php HTTP/1.1" 200 - "https://www.google.co.uk/" "Mozilla/5.0 (Linux; Android 13; SM-G991U) AppleWebKit/537.36 (KHTML, like Gecko) Chrome/117.0.0.0 Mobile Safari/537.36"
4.217.250.2 - - [30/Dec/2025:10:06:45 -0300] "GET /wp-admin/js HTTP/1.1" 200 - "https://duckduckgo.com/" "Mozilla/5.0 (Linux; Android 12; SM-A525F) AppleWebKit/537.36 (KHTML, like Gecko) Chrome/117.0.0.0 Mobile Safari/537.36"
4.217.250.2 - - [30/Dec/2025:10:06:45 -0300] "GET /wp-admin/js/autoload_classmap.php HTTP/1.1" 200 301 "https://www.bing.com/" "Mozilla/5.0 (Linux; Android 12; V2134) AppleWebKit/537.36 (KHTML, like Gecko) Chrome/116.0.0.0 Mobile Safari/537.36"
4.217.250.2 - - [30/Dec/2025:10:06:45 -0300] "GET /wp-admin/js/widgets HTTP/1.1" 200 - "https://duckduckgo.com/" "Mozilla/5.0 (Linux; Android 12; V2134) AppleWebKit/537.36 (KHTML, like Gecko) Chrome/116.0.0.0 Mobile Safari/537.36"
4.217.250.2 - - [30/Dec/2025:10:06:46 -0300] "GET /wp-content/autoload_classmap.php HTTP/1.1" 403 - "https://www.google.de/" "Mozilla/5.0 (iPad; CPU OS 17_0_3 like Mac OS X) AppleWebKit/605.1.15 (KHTML, like Gecko) Version/17.0.1 Mobile/15E148 Safari/604.1"
4.217.250.2 - - [30/Dec/2025:10:06:46 -0300] "GET /wp-content/backups-dup-lite HTTP/1.1" 200 - "https://www.yahoo.com/" "Mozilla/5.0 (Linux; Android 10; K) AppleWebKit/537.36 (KHTML, like Gecko) Chrome/117.0.0.0 Mobile Safari/537.36"
4.217.250.2 - - [30/Dec/2025:10:06:46 -0300] "GET /wp-content/languages HTTP/1.1" 200 297 "https://www.google.com/" "Mozilla/5.0 (iPhone; CPU iPhone OS 17_1 like Mac OS X) AppleWebKit/605.1.15 (KHTML, like Gecko) CriOS/119.0.6045.109 Mobile/15E148 Safari/604.1"
4.217.250.2 - - [30/Dec/2025:10:06:47 -0300] "GET /wp-content/plugins/admin.php HTTP/1.1" 200 299 "https://www.google.com/" "Mozilla/5.0 (iPhone; CPU iPhone OS 17_1_1 like Mac OS X) AppleWebKit/605.1.15 (KHTML, like Gecko) Version/17.1 Mobile/15E148 Safari/604.1"
4.217.250.2 - - [30/Dec/2025:10:06:47 -0300] "GET /wp-content/themes/admin.php HTTP/1.1" 200 - "https://www.google.de/" "Mozilla/5.0 (Linux; Android 10; K) AppleWebKit/537.36 (KHTML, like Gecko) Chrome/117.0.0.0 Mobile Safari/537.36"
4.217.250.2 - - [30/Dec/2025:10:06:48 -0300] "GET /wp-content/uploads HTTP/1.1" 200 - "https://www.yahoo.com/" "Mozilla/5.0 (iPad; CPU OS 16_7_2 like Mac OS X) AppleWebKit/605.1.15 (KHTML, like Gecko) Version/16.6 Mobile/15E148 Safari/604.1"
4.217.250.2 - - [30/Dec/2025:10:06:48 -0300] "GET /wp-content/uploads/2025 HTTP/1.1" 200 537 "https://www.yahoo.com/" "Mozilla/5.0 (Linux; Android 12; SM-A525F) AppleWebKit/537.36 (KHTML, like Gecko) Chrome/117.0.0.0 Mobile Safari/537.36"
4.217.250.2 - - [30/Dec/2025:10:06:48 -0300] "GET /wp-includes/IXR HTTP/1.1" 200 295 "https://www.google.com/" "Mozilla/5.g (Linux; Android 13; Pixel 7) AppleWebKit/537.36 (KHTML, like Gecko) Chrome/116.0.0.0 Mobile Safari/537.36"
4.217.250.2 - - [30/Dec/2025:10:06:49 -0300] "GET /wp-includes/IXR/index.php HTTP/1.1" 200 - "https://duckduckgo.com/" "Mozilla/5.0 (Linux; Android 14; Pixel 8 Pro) AppleWebKit/537.36 (KHTML, like Gecko) Chrome/119.0.0.0 Mobile Safari/537.36"
4.217.250.2 - - [30/Dec/2025:10:06:49 -0300] "GET /wp-includes/SimplePie/index.php HTTP/1.1" 200 - "https://www.yahoo.com/" "Mozilla/5.0 (Linux; Android 11; CPH2251) AppleWebKit/537.36 (KHTML, like Gecko) Chrome/116.0.0.0 Mobile Safari/537.36"
4.217.250.2 - - [30/Dec/2025:10:06:49 -0300] "GET /wp-includes/Text HTTP/1.1" 200 297 "https://www.bing.com/" "Mozilla/5.0 (iPad; CPU OS 16_7_2 like Mac OS X) AppleWebKit/605.1.15 (KHTML, like Gecko) Version/16.6 Mobile/15E148 Safari/604.1"
4.217.250.2 - - [30/Dec/2025:10:06:50 -0300] "GET /wp-includes/Text/Diff/Engine HTTP/1.1" 200 - "https://www.google.co.uk/" "Mozilla/5.g (Linux; Android 13; Pixel 7) AppleWebKit/537.36 (KHTML, like Gecko) Chrome/116.0.0.0 Mobile Safari/537.36"
4.217.250.2 - - [30/Dec/2025:10:06:50 -0300] "GET /wp-includes/block-bindings/index.php HTTP/1.1" 200 - "https://www.google.fr/" "Mozilla/5.0 (Linux; Android 13; SM-S908E) AppleWebKit/537.36 (KHTML, like Gecko) Chrome/116.0.0.0 Mobile Safari/537.36"
4.217.250.2 - - [30/Dec/2025:10:06:51 -0300] "GET /wp-includes/block-supports HTTP/1.1" 200 - "https://www.yahoo.com/" "Mozilla/5.0 (iPhone; CPU iPhone OS 17_1_1 like Mac OS X) AppleWebKit/605.1.15 (KHTML, like Gecko) Version/17.1 Mobile/15E148 Safari/604.1"
4.217.250.2 - - [30/Dec/2025:10:06:51 -0300] "GET /wp-includes/blocks/code HTTP/1.1" 200 - "https://www.google.de/" "Mozilla/5.0 (Linux; Android 13; SM-G991U) AppleWebKit/537.36 (KHTML, like Gecko) Chrome/117.0.0.0 Mobile Safari/537.36"
4.217.250.2 - - [30/Dec/2025:10:06:51 -0300] "GET /wp-includes/customize/chosen.php HTTP/1.1" 200 - "https://www.google.co.uk/" "Mozilla/5.0 (Linux; Android 13; M2101K6G) AppleWebKit/537.36 (KHTML, like Gecko) Chrome/116.0.0.0 Mobile Safari/537.36"
4.217.250.2 - - [30/Dec/2025:10:06:52 -0300] "GET /wp-includes/html-api/index.php HTTP/1.1" 200 - "https://www.google.fr/" "Mozilla/5.0 (Linux; Android 13; SM-G991U) AppleWebKit/537.36 (KHTML, like Gecko) Chrome/117.0.0.0 Mobile Safari/537.36"
69.197.149.50 - - [30/Dec/2025:10:05:23 -0300] "GET /wp-includes/wp9e9ee7/edit.php?id=881402 HTTP/1.1" 200 - "https://agenciaidee.com/wp-includes/wp9e9ee7/edit.php?id=881402" "Mozilla/5.0 (Windows NT 10.0; Win64; x64) AppleWebKit/537.36 (KHTML, like Gecko) Chrome/58.0.3029.110 Safari/537.3"
4.217.250.2 - - [30/Dec/2025:10:06:52 -0300] "GET /wp-includes/index.php HTTP/1.1" 200 - "https://duckduckgo.com/" "Mozilla/5.0 (iPhone; CPU iPhone OS 15_7_9 like Mac OS X) AppleWebKit/605.1.15 (KHTML, like Gecko) Version/15.6.5 Mobile/15E148 Safari/604.1"
4.217.250.2 - - [30/Dec/2025:10:06:52 -0300] "GET /wp-includes/js/dist/development/index.php HTTP/1.1" 200 - "https://www.google.de/" "Mozilla/5.g (Linux; Android 13; Pixel 7) AppleWebKit/537.36 (KHTML, like Gecko) Chrome/116.0.0.0 Mobile Safari/537.36"
4.217.250.2 - - [30/Dec/2025:10:06:53 -0300] "GET /wp-includes/pomo/index.php HTTP/1.1" 200 - "https://www.google.co.uk/" "Mozilla/5.0 (Linux; Android 11; CPH2251) AppleWebKit/537.36 (KHTML, like Gecko) Chrome/116.0.0.0 Mobile Safari/537.36"
4.217.250.2 - - [30/Dec/2025:10:06:53 -0300] "GET /wp-includes/rest-api HTTP/1.1" 200 - "https://www.yahoo.com/" "Mozilla/5.0 (iPhone; CPU iPhone OS 17_0_3 like Mac OS X) AppleWebKit/605.1.15 (KHTML, like Gecko) Version/17.0.1 Mobile/15E148 Safari/604.1"
4.217.250.2 - - [30/Dec/2025:10:06:53 -0300] "GET /wp-includes/sitemaps/autoload_classmap.php HTTP/1.1" 200 - "https://www.google.de/" "Mozilla/5.0 (Linux; Android 14; Pixel 8 Pro) AppleWebKit/537.36 (KHTML, like Gecko) Chrome/119.0.0.0 Mobile Safari/537.36"
4.217.250.2 - - [30/Dec/2025:10:06:54 -0300] "GET /wp-includes/theme-compat HTTP/1.1" 200 297 "https://www.bing.com/" "Mozilla/5.0 (Linux; Android 14; Pixel 8 Pro) AppleWebKit/537.36 (KHTML, like Gecko) Chrome/119.0.0.0 Mobile Safari/537.36"
85.208.96.202 - - [30/Dec/2025:10:06:57 -0300] "GET /?a=32849861 HTTP/1.1" 200 - "-" "Mozilla/5.0 (compatible; SemrushBot/7~bl; +http://www.semrush.com/bot.html)"
85.208.96.209 - - [30/Dec/2025:10:07:01 -0300] "GET /?a=146025861 HTTP/1.1" 200 - "-" "Mozilla/5.0 (compatible; SemrushBot/7~bl; +http://www.semrush.com/bot.html)"
57.141.2.89 - - [30/Dec/2025:10:07:14 -0300] "GET /?t=2494320658 HTTP/1.1" 200 - "-" "meta-externalagent/1.1 (+https://developers.facebook.com/docs/sharing/webmasters/crawler)"
114.119.143.101 - - [30/Dec/2025:10:07:16 -0300] "GET /search.php?products/185lz18071 HTTP/1.1" 200 552604 "https://agenciaidee.com/search.php?sitemap601.xml" "Mozilla/5.0 (Linux; Android 7.0;) AppleWebKit/537.36 (KHTML, like Gecko) Mobile Safari/537.36 (compatible; PetalBot;+https://webmaster.petalsearch.com/site/petalbot)"
185.191.171.12 - - [30/Dec/2025:10:07:26 -0300] "GET /?a=147169461 HTTP/1.1" 200 - "-" "Mozilla/5.0 (compatible; SemrushBot/7~bl; +http://www.semrush.com/bot.html)"
85.208.96.203 - - [30/Dec/2025:10:07:28 -0300] "GET /?a=149974361 HTTP/1.1" 200 - "-" "Mozilla/5.0 (compatible; SemrushBot/7~bl; +http://www.semrush.com/bot.html)"
216.73.216.44 - - [30/Dec/2025:10:07:42 -0300] "GET /cd38d8/?fm=true&path=%2Fhome%2Fagenciai%2Fpublic_html%2Fcd38d8%2Fcd38d8%2F&rights=cd38d8 HTTP/1.1" 200 18443 "-" "Mozilla/5.0 AppleWebKit/537.36 (KHTML, like Gecko; compatible; ClaudeBot/1.0; +claudebot@anthropic.com)"
216.73.216.44 - - [30/Dec/2025:10:07:42 -0300] "GET /cd38d8/?edit=cd38d8.tar.gz&fm=true&path=%2Fhome%2Fagenciai%2Fpublic_html%2Fcd38d8%2F HTTP/1.1" 200 55301 "-" "Mozilla/5.0 AppleWebKit/537.36 (KHTML, like Gecko; compatible; ClaudeBot/1.0; +claudebot@anthropic.com)"
185.191.171.8 - - [30/Dec/2025:10:07:42 -0300] "GET /?a=136406061 HTTP/1.1" 200 - "-" "Mozilla/5.0 (compatible; SemrushBot/7~bl; +http://www.semrush.com/bot.html)"
85.208.96.197 - - [30/Dec/2025:10:07:47 -0300] "GET /?a=149141561 HTTP/1.1" 200 - "-" "Mozilla/5.0 (compatible; SemrushBot/7~bl; +http://www.semrush.com/bot.html)"
69.197.149.50 - - [30/Dec/2025:10:06:30 -0300] "GET /wp-includes/br79d1f6/edit.php?id=996710 HTTP/1.1" 200 - "https://agenciaidee.com/wp-includes/br79d1f6/edit.php?id=996710" "Mozilla/5.0 (Windows NT 10.0; Win64; x64) AppleWebKit/537.36 (KHTML, like Gecko) Chrome/58.0.3029.110 Safari/537.3"
85.208.96.207 - - [30/Dec/2025:10:07:59 -0300] "GET /?a=84104961 HTTP/1.1" 200 - "-" "Mozilla/5.0 (compatible; SemrushBot/7~bl; +http://www.semrush.com/bot.html)"
185.191.171.11 - - [30/Dec/2025:10:08:04 -0300] "GET /?a=145255161 HTTP/1.1" 200 - "-" "Mozilla/5.0 (compatible; SemrushBot/7~bl; +http://www.semrush.com/bot.html)"
216.73.216.44 - - [30/Dec/2025:10:08:08 -0300] "GET /cd38d8/?delete=cd38d8.tar.gz&fm=true&path=%2Fhome%2Fagenciai%2Fpublic_html%2Fcd38d8%2F HTTP/1.1" 200 26198 "-" "Mozilla/5.0 AppleWebKit/537.36 (KHTML, like Gecko; compatible; ClaudeBot/1.0; +claudebot@anthropic.com)"
216.73.216.44 - - [30/Dec/2025:10:08:08 -0300] "GET /cd38d8/?fm=true&path=%2Fhome%2Fagenciai%2Fpublic_html%2Fcd38d8%2F&rename=index.php.tar HTTP/1.1" 200 18336 "-" "Mozilla/5.0 AppleWebKit/537.36 (KHTML, like Gecko; compatible; ClaudeBot/1.0; +claudebot@anthropic.com)"
205.169.39.16 - - [30/Dec/2025:10:08:09 -0300] "GET / HTTP/1.1" 200 299 "https://bing.com/" "Mozilla/5.0 (Windows NT 10.0; Win64; x64) AppleWebKit/537.36 (KHTML, like Gecko) Chrome/117.0.5938.132 Safari/537.36"
69.197.149.50 - - [30/Dec/2025:10:06:45 -0300] "GET /wp-content/qq29a515/edit.php?id=469679 HTTP/1.1" 200 - "https://agenciaidee.com/wp-content/qq29a515/edit.php?id=469679" "Mozilla/5.0 (Windows NT 10.0; Win64; x64) AppleWebKit/537.36 (KHTML, like Gecko) Chrome/58.0.3029.110 Safari/537.3"
69.197.149.50 - - [30/Dec/2025:10:06:53 -0300] "GET /wp-includes/wp9e9ee7/edit.php?id=881402 HTTP/1.1" 200 - "https://agenciaidee.com/wp-includes/wp9e9ee7/edit.php?id=881402" "Mozilla/5.0 (Windows NT 10.0; Win64; x64) AppleWebKit/537.36 (KHTML, like Gecko) Chrome/58.0.3029.110 Safari/537.3"
216.73.216.44 - - [30/Dec/2025:10:08:21 -0300] "GET /cd38d8/?gz=L2hvbWUvYWdlbmNpYWkvcHVibGljX2h0bWwvY2QzOGQ4L2NkMzhkOC9jZDM4ZDg%3D HTTP/1.1" 200 28247 "-" "Mozilla/5.0 AppleWebKit/537.36 (KHTML, like Gecko; compatible; ClaudeBot/1.0; +claudebot@anthropic.com)"
216.73.216.44 - - [30/Dec/2025:10:08:21 -0300] "GET /cd38d8/?zip=L2hvbWUvYWdlbmNpYWkvcHVibGljX2h0bWwvY2QzOGQ4L2NkMzhkOC9jZDM4ZDg%3D HTTP/1.1" 200 29527 "-" "Mozilla/5.0 AppleWebKit/537.36 (KHTML, like Gecko; compatible; ClaudeBot/1.0; +claudebot@anthropic.com)"
57.141.2.6 - - [30/Dec/2025:10:08:25 -0300] "GET /?t=1866868682 HTTP/1.1" 200 - "-" "meta-externalagent/1.1 (+https://developers.facebook.com/docs/sharing/webmasters/crawler)"
85.208.96.199 - - [30/Dec/2025:10:08:26 -0300] "GET /?a=102018761 HTTP/1.1" 200 - "-" "Mozilla/5.0 (compatible; SemrushBot/7~bl; +http://www.semrush.com/bot.html)"
85.208.96.199 - - [30/Dec/2025:10:08:32 -0300] "GET /?a=145810161 HTTP/1.1" 200 - "-" "Mozilla/5.0 (compatible; SemrushBot/7~bl; +http://www.semrush.com/bot.html)"
114.119.157.239 - - [30/Dec/2025:10:08:40 -0300] "GET /search.php?products/184vc9783 HTTP/1.1" 200 553398 "https://agenciaidee.com/search.php?sitemap601.xml" "Mozilla/5.0 (Linux; Android 7.0;) AppleWebKit/537.36 (KHTML, like Gecko) Mobile Safari/537.36 (compatible; PetalBot;+https://webmaster.petalsearch.com/site/petalbot)"
216.73.216.44 - - [30/Dec/2025:10:09:13 -0300] "GET /cd38d8/?fm=true&path=%2Fhome%2Fagenciai%2Fpublic_html%2Fcd38d8%2F&rename=cd38d8.tar.gz HTTP/1.1" 200 18336 "-" "Mozilla/5.0 AppleWebKit/537.36 (KHTML, like Gecko; compatible; ClaudeBot/1.0; +claudebot@anthropic.com)"
216.73.216.44 - - [30/Dec/2025:10:09:12 -0300] "GET /search.php?restrict%5B%5D=sale_classified%3D%E4%BA%88%E7%B4%84 HTTP/1.1" 200 552695 "-" "Mozilla/5.0 AppleWebKit/537.36 (KHTML, like Gecko; compatible; ClaudeBot/1.0; +claudebot@anthropic.com)"
185.191.171.19 - - [30/Dec/2025:10:09:26 -0300] "GET /?a=146011561 HTTP/1.1" 200 - "-" "Mozilla/5.0 (compatible; SemrushBot/7~bl; +http://www.semrush.com/bot.html)"
69.197.149.50 - - [30/Dec/2025:10:07:59 -0300] "GET /wp-includes/br79d1f6/edit.php?id=996710 HTTP/1.1" 200 - "https://agenciaidee.com/wp-includes/br79d1f6/edit.php?id=996710" "Mozilla/5.0 (Windows NT 10.0; Win64; x64) AppleWebKit/537.36 (KHTML, like Gecko) Chrome/58.0.3029.110 Safari/537.3"
69.197.149.50 - - [30/Dec/2025:10:08:15 -0300] "GET /wp-content/qq29a515/edit.php?id=469679 HTTP/1.1" 200 - "https://agenciaidee.com/wp-content/qq29a515/edit.php?id=469679" "Mozilla/5.0 (Windows NT 10.0; Win64; x64) AppleWebKit/537.36 (KHTML, like Gecko) Chrome/58.0.3029.110 Safari/537.3"
69.197.149.50 - - [30/Dec/2025:10:08:22 -0300] "GET /wp-includes/wp9e9ee7/edit.php?id=881402 HTTP/1.1" 200 - "https://agenciaidee.com/wp-includes/wp9e9ee7/edit.php?id=881402" "Mozilla/5.0 (Windows NT 10.0; Win64; x64) AppleWebKit/537.36 (KHTML, like Gecko) Chrome/58.0.3029.110 Safari/537.3"
85.208.96.205 - - [30/Dec/2025:10:10:00 -0300] "GET /?a=147283161 HTTP/1.1" 200 - "-" "Mozilla/5.0 (compatible; SemrushBot/7~bl; +http://www.semrush.com/bot.html)"
216.73.216.44 - - [30/Dec/2025:10:10:02 -0300] "GET /cd38d8/?gzfile=L2hvbWUvYWdlbmNpYWkvcHVibGljX2h0bWwvY2QzOGQ4L2NkMzhkOC9pbmRleC5waHA%3D HTTP/1.1" 200 14481 "-" "Mozilla/5.0 AppleWebKit/537.36 (KHTML, like Gecko; compatible; ClaudeBot/1.0; +claudebot@anthropic.com)"
216.73.216.44 - - [30/Dec/2025:10:10:03 -0300] "GET /cd38d8/?download=L2hvbWUvYWdlbmNpYWkvcHVibGljX2h0bWwvY2QzOGQ4L2luZGV4LnBocC5waHAudGFyLmd6 HTTP/1.1" 200 25438 "-" "Mozilla/5.0 AppleWebKit/537.36 (KHTML, like Gecko; compatible; ClaudeBot/1.0; +claudebot@anthropic.com)"
114.119.144.64 - - [30/Dec/2025:10:10:03 -0300] "GET /search.php?products/184ra42151 HTTP/1.1" 200 560640 "https://agenciaidee.com/search.php?sitemap601.xml" "Mozilla/5.0 (Linux; Android 7.0;) AppleWebKit/537.36 (KHTML, like Gecko) Mobile Safari/537.36 (compatible; PetalBot;+https://webmaster.petalsearch.com/site/petalbot)"
216.73.216.44 - - [30/Dec/2025:10:10:12 -0300] "GET /cd38d8/?gzfile=L2hvbWUvYWdlbmNpYWkvcHVibGljX2h0bWwvY2QzOGQ4L2NkMzhkOC9jYWNoZS5waHA%3D HTTP/1.1" 200 32429 "-" "Mozilla/5.0 AppleWebKit/537.36 (KHTML, like Gecko; compatible; ClaudeBot/1.0; +claudebot@anthropic.com)"
216.73.216.44 - - [30/Dec/2025:10:10:12 -0300] "GET /cd38d8/?download=L2hvbWUvYWdlbmNpYWkvcHVibGljX2h0bWwvY2QzOGQ4L2NkMzhkOC50YXIuZ3o%3D HTTP/1.1" 200 13302 "-" "Mozilla/5.0 AppleWebKit/537.36 (KHTML, like Gecko; compatible; ClaudeBot/1.0; +claudebot@anthropic.com)"
204.12.252.98 - - [30/Dec/2025:10:10:14 -0300] "GET /wp-includes/admin.php HTTP/1.1" 200 - "https://agenciaidee.com/wp-includes/admin.php" "Mozilla/5.0 (Windows NT 10.0; Win64; x64) AppleWebKit/537.36 (KHTML, like Gecko) Chrome/58.0.3029.110 Safari/537.3"
185.191.171.6 - - [30/Dec/2025:10:10:14 -0300] "GET /?a=225008561 HTTP/1.1" 200 - "-" "Mozilla/5.0 (compatible; SemrushBot/7~bl; +http://www.semrush.com/bot.html)"
85.208.96.212 - - [30/Dec/2025:10:10:20 -0300] "GET /?a=16957261 HTTP/1.1" 200 - "-" "Mozilla/5.0 (compatible; SemrushBot/7~bl; +http://www.semrush.com/bot.html)"
85.208.96.210 - - [30/Dec/2025:10:10:21 -0300] "GET /?a=146685461 HTTP/1.1" 200 - "-" "Mozilla/5.0 (compatible; SemrushBot/7~bl; +http://www.semrush.com/bot.html)"
185.191.171.5 - - [30/Dec/2025:10:10:23 -0300] "GET /?a=139949461 HTTP/1.1" 200 - "-" "Mozilla/5.0 (compatible; SemrushBot/7~bl; +http://www.semrush.com/bot.html)"
185.191.171.6 - - [30/Dec/2025:10:10:28 -0300] "GET /?a=140411561 HTTP/1.1" 200 - "-" "Mozilla/5.0 (compatible; SemrushBot/7~bl; +http://www.semrush.com/bot.html)"
185.191.171.4 - - [30/Dec/2025:10:10:40 -0300] "GET /?a=144306861 HTTP/1.1" 200 - "-" "Mozilla/5.0 (compatible; SemrushBot/7~bl; +http://www.semrush.com/bot.html)"
185.191.171.6 - - [30/Dec/2025:10:10:44 -0300] "GET /?a=142172861 HTTP/1.1" 200 - "-" "Mozilla/5.0 (compatible; SemrushBot/7~bl; +http://www.semrush.com/bot.html)"
185.191.171.1 - - [30/Dec/2025:10:10:49 -0300] "GET /?a=104322661 HTTP/1.1" 200 - "-" "Mozilla/5.0 (compatible; SemrushBot/7~bl; +http://www.semrush.com/bot.html)"
216.73.216.44 - - [30/Dec/2025:10:10:54 -0300] "GET /cd38d8/?download=L2hvbWUvYWdlbmNpYWkvcHVibGljX2h0bWwvY2QzOGQ4L2NkMzhkOC9jYWNoZS5waHA%3D HTTP/1.1" 200 5620 "-" "Mozilla/5.0 AppleWebKit/537.36 (KHTML, like Gecko; compatible; ClaudeBot/1.0; +claudebot@anthropic.com)"
216.73.216.44 - - [30/Dec/2025:10:10:54 -0300] "GET /cd38d8/?download=L2hvbWUvYWdlbmNpYWkvcHVibGljX2h0bWwvY2QzOGQ4L2NkMzhkOC9pbmRleC5waHA%3D HTTP/1.1" 200 5518 "-" "Mozilla/5.0 AppleWebKit/537.36 (KHTML, like Gecko; compatible; ClaudeBot/1.0; +claudebot@anthropic.com)"
69.197.149.50 - - [30/Dec/2025:10:09:29 -0300] "GET /wp-includes/br79d1f6/edit.php?id=996710 HTTP/1.1" 200 - "https://agenciaidee.com/wp-includes/br79d1f6/edit.php?id=996710" "Mozilla/5.0 (Windows NT 10.0; Win64; x64) AppleWebKit/537.36 (KHTML, like Gecko) Chrome/58.0.3029.110 Safari/537.3"
185.191.171.7 - - [30/Dec/2025:10:11:03 -0300] "GET /?p=3070433 HTTP/1.1" 200 - "-" "Mozilla/5.0 (compatible; SemrushBot/7~bl; +http://www.semrush.com/bot.html)"
85.208.96.196 - - [30/Dec/2025:10:11:11 -0300] "GET /?p=2797633 HTTP/1.1" 200 - "-" "Mozilla/5.0 (compatible; SemrushBot/7~bl; +http://www.semrush.com/bot.html)"
69.197.149.50 - - [30/Dec/2025:10:09:47 -0300] "GET /wp-content/qq29a515/edit.php?id=469679 HTTP/1.1" 200 - "https://agenciaidee.com/wp-content/qq29a515/edit.php?id=469679" "Mozilla/5.0 (Windows NT 10.0; Win64; x64) AppleWebKit/537.36 (KHTML, like Gecko) Chrome/58.0.3029.110 Safari/537.3"
69.197.149.50 - - [30/Dec/2025:10:09:53 -0300] "GET /wp-includes/wp9e9ee7/edit.php?id=881402 HTTP/1.1" 200 - "https://agenciaidee.com/wp-includes/wp9e9ee7/edit.php?id=881402" "Mozilla/5.0 (Windows NT 10.0; Win64; x64) AppleWebKit/537.36 (KHTML, like Gecko) Chrome/58.0.3029.110 Safari/537.3"
185.191.171.17 - - [30/Dec/2025:10:11:33 -0300] "GET /?a=75845361 HTTP/1.1" 200 - "-" "Mozilla/5.0 (compatible; SemrushBot/7~bl; +http://www.semrush.com/bot.html)"
114.119.157.239 - - [30/Dec/2025:10:11:32 -0300] "GET /search.php?products/184ot15838 HTTP/1.1" 200 551852 "https://agenciaidee.com/search.php?sitemap601.xml" "Mozilla/5.0 (Linux; Android 7.0;) AppleWebKit/537.36 (KHTML, like Gecko) Mobile Safari/537.36 (compatible; PetalBot;+https://webmaster.petalsearch.com/site/petalbot)"
85.208.96.203 - - [30/Dec/2025:10:11:39 -0300] "GET /?a=90427361 HTTP/1.1" 200 - "-" "Mozilla/5.0 (compatible; SemrushBot/7~bl; +http://www.semrush.com/bot.html)"
185.191.171.13 - - [30/Dec/2025:10:11:50 -0300] "GET /?a=86414261 HTTP/1.1" 200 - "-" "Mozilla/5.0 (compatible; SemrushBot/7~bl; +http://www.semrush.com/bot.html)"
216.73.216.44 - - [30/Dec/2025:10:11:52 -0300] "GET /cd38d8/?fm=true&path=%2Fhome%2Fagenciai%2Fpublic_html%2Fcd38d8%2F&rights=cd38d8.tar.gz HTTP/1.1" 200 18344 "-" "Mozilla/5.0 AppleWebKit/537.36 (KHTML, like Gecko; compatible; ClaudeBot/1.0; +claudebot@anthropic.com)"
216.73.216.44 - - [30/Dec/2025:10:11:52 -0300] "GET /cd38d8/?fm=true&path=%2Fhome%2Fagenciai%2Fpublic_html%2Fcd38d8%2F&rename=cd38d8.zip HTTP/1.1" 200 18330 "-" "Mozilla/5.0 AppleWebKit/537.36 (KHTML, like Gecko; compatible; ClaudeBot/1.0; +claudebot@anthropic.com)"
216.73.216.44 - - [30/Dec/2025:10:11:58 -0300] "GET /sitemap-10.xml HTTP/1.1" 200 131096 "-" "Mozilla/5.0 AppleWebKit/537.36 (KHTML, like Gecko; compatible; ClaudeBot/1.0; +claudebot@anthropic.com)"
216.73.216.44 - - [30/Dec/2025:10:11:59 -0300] "GET / HTTP/1.1" 200 - "-" "Mozilla/5.0 AppleWebKit/537.36 (KHTML, like Gecko; compatible; ClaudeBot/1.0; +claudebot@anthropic.com)"
185.191.171.10 - - [30/Dec/2025:10:12:00 -0300] "GET /?a=18642561 HTTP/1.1" 200 - "-" "Mozilla/5.0 (compatible; SemrushBot/7~bl; +http://www.semrush.com/bot.html)"
85.208.96.193 - - [30/Dec/2025:10:12:07 -0300] "GET /?a=144275161 HTTP/1.1" 200 - "-" "Mozilla/5.0 (compatible; SemrushBot/7~bl; +http://www.semrush.com/bot.html)"
185.191.171.13 - - [30/Dec/2025:10:12:14 -0300] "GET /?a=18212661 HTTP/1.1" 200 - "-" "Mozilla/5.0 (compatible; SemrushBot/7~bl; +http://www.semrush.com/bot.html)"
216.73.216.44 - - [30/Dec/2025:10:12:20 -0300] "GET /cd38d8/?download=L2hvbWUvYWdlbmNpYWkvcHVibGljX2h0bWwvY2QzOGQ4L2luZGV4LnBocC50YXI%3D HTTP/1.1" 200 7168 "-" "Mozilla/5.0 AppleWebKit/537.36 (KHTML, like Gecko; compatible; ClaudeBot/1.0; +claudebot@anthropic.com)"
216.73.216.44 - - [30/Dec/2025:10:12:20 -0300] "GET /cd38d8/?download=L2hvbWUvYWdlbmNpYWkvcHVibGljX2h0bWwvY2QzOGQ4L2NkMzhkOC56aXA%3D HTTP/1.1" 200 17991 "-" "Mozilla/5.0 AppleWebKit/537.36 (KHTML, like Gecko; compatible; ClaudeBot/1.0; +claudebot@anthropic.com)"
69.197.149.50 - - [30/Dec/2025:10:10:59 -0300] "GET /wp-includes/br79d1f6/edit.php?id=996710 HTTP/1.1" 200 - "https://agenciaidee.com/wp-includes/br79d1f6/edit.php?id=996710" "Mozilla/5.0 (Windows NT 10.0; Win64; x64) AppleWebKit/537.36 (KHTML, like Gecko) Chrome/58.0.3029.110 Safari/537.3"
85.208.96.209 - - [30/Dec/2025:10:12:42 -0300] "GET /?a=1573161 HTTP/1.1" 200 - "-" "Mozilla/5.0 (compatible; SemrushBot/7~bl; +http://www.semrush.com/bot.html)"
69.197.149.50 - - [30/Dec/2025:10:11:18 -0300] "GET /wp-content/qq29a515/edit.php?id=469679 HTTP/1.1" 200 - "https://agenciaidee.com/wp-content/qq29a515/edit.php?id=469679" "Mozilla/5.0 (Windows NT 10.0; Win64; x64) AppleWebKit/537.36 (KHTML, like Gecko) Chrome/58.0.3029.110 Safari/537.3"
69.197.149.50 - - [30/Dec/2025:10:11:21 -0300] "GET /wp-includes/wp9e9ee7/edit.php?id=881402 HTTP/1.1" 200 - "https://agenciaidee.com/wp-includes/wp9e9ee7/edit.php?id=881402" "Mozilla/5.0 (Windows NT 10.0; Win64; x64) AppleWebKit/537.36 (KHTML, like Gecko) Chrome/58.0.3029.110 Safari/537.3"
185.191.171.1 - - [30/Dec/2025:10:12:51 -0300] "GET /?a=7159261 HTTP/1.1" 200 - "-" "Mozilla/5.0 (compatible; SemrushBot/7~bl; +http://www.semrush.com/bot.html)"
114.119.144.17 - - [30/Dec/2025:10:12:52 -0300] "GET /search.php?products/184jx18724 HTTP/1.1" 200 553933 "https://agenciaidee.com/search.php?sitemap601.xml" "Mozilla/5.0 (Linux; Android 7.0;) AppleWebKit/537.36 (KHTML, like Gecko) Mobile Safari/537.36 (compatible; PetalBot;+https://webmaster.petalsearch.com/site/petalbot)"
185.191.171.13 - - [30/Dec/2025:10:13:50 -0300] "GET /?a=83634361 HTTP/1.1" 200 - "-" "Mozilla/5.0 (compatible; SemrushBot/7~bl; +http://www.semrush.com/bot.html)"
77.75.79.36 - - [30/Dec/2025:10:13:52 -0300] "GET /?t=1049852469 HTTP/1.1" 200 - "-" "Mozilla/5.0 (compatible; SeznamBot/4.0; +https://o-seznam.cz/napoveda/vyhledavani/en/seznambot-crawler/)"
69.197.149.50 - - [30/Dec/2025:10:12:29 -0300] "GET /wp-includes/br79d1f6/edit.php?id=996710 HTTP/1.1" 200 - "https://agenciaidee.com/wp-includes/br79d1f6/edit.php?id=996710" "Mozilla/5.0 (Windows NT 10.0; Win64; x64) AppleWebKit/537.36 (KHTML, like Gecko) Chrome/58.0.3029.110 Safari/537.3"
208.110.64.178 - - [30/Dec/2025:10:14:01 -0300] "GET /wp-content/admin.php HTTP/1.1" 200 - "https://www.agenciaidee.com/wp-content/admin.php" "Mozilla/5.0 (Windows NT 10.0; Win64; x64) AppleWebKit/537.36 (KHTML, like Gecko) Chrome/58.0.3029.110 Safari/537.3"
57.141.2.24 - - [30/Dec/2025:10:14:08 -0300] "GET /sitemap-subkey-1555.xml HTTP/1.1" 200 13 "-" "meta-externalagent/1.1 (+https://developers.facebook.com/docs/sharing/webmasters/crawler)"
85.208.96.201 - - [30/Dec/2025:10:14:13 -0300] "GET /?a=141738961 HTTP/1.1" 200 - "-" "Mozilla/5.0 (compatible; SemrushBot/7~bl; +http://www.semrush.com/bot.html)"
69.197.149.50 - - [30/Dec/2025:10:12:46 -0300] "GET /wp-content/qq29a515/edit.php?id=469679 HTTP/1.1" 200 - "https://agenciaidee.com/wp-content/qq29a515/edit.php?id=469679" "Mozilla/5.0 (Windows NT 10.0; Win64; x64) AppleWebKit/537.36 (KHTML, like Gecko) Chrome/58.0.3029.110 Safari/537.3"
85.208.96.200 - - [30/Dec/2025:10:14:17 -0300] "GET /?a=11582061 HTTP/1.1" 200 - "-" "Mozilla/5.0 (compatible; SemrushBot/7~bl; +http://www.semrush.com/bot.html)"
114.119.142.210 - - [30/Dec/2025:10:14:15 -0300] "GET /search.php?products/184gs43669 HTTP/1.1" 200 552395 "https://agenciaidee.com/search.php?sitemap601.xml" "Mozilla/5.0 (Linux; Android 7.0;) AppleWebKit/537.36 (KHTML, like Gecko) Mobile Safari/537.36 (compatible; PetalBot;+https://webmaster.petalsearch.com/site/petalbot)"
185.191.171.19 - - [30/Dec/2025:10:14:20 -0300] "GET /?a=87282561 HTTP/1.1" 200 - "-" "Mozilla/5.0 (compatible; SemrushBot/7~bl; +http://www.semrush.com/bot.html)"
85.208.96.206 - - [30/Dec/2025:10:14:26 -0300] "GET /?a=146623661 HTTP/1.1" 200 - "-" "Mozilla/5.0 (compatible; SemrushBot/7~bl; +http://www.semrush.com/bot.html)"
185.191.171.5 - - [30/Dec/2025:10:14:36 -0300] "GET /?a=82057061 HTTP/1.1" 200 - "-" "Mozilla/5.0 (compatible; SemrushBot/7~bl; +http://www.semrush.com/bot.html)"
85.208.96.205 - - [30/Dec/2025:10:14:45 -0300] "GET /?a=96111561 HTTP/1.1" 200 - "-" "Mozilla/5.0 (compatible; SemrushBot/7~bl; +http://www.semrush.com/bot.html)"
69.197.149.50 - - [30/Dec/2025:10:12:53 -0300] "GET /wp-includes/wp9e9ee7/edit.php?id=881402 HTTP/1.1" 200 - "https://agenciaidee.com/wp-includes/wp9e9ee7/edit.php?id=881402" "Mozilla/5.0 (Windows NT 10.0; Win64; x64) AppleWebKit/537.36 (KHTML, like Gecko) Chrome/58.0.3029.110 Safari/537.3"
185.191.171.5 - - [30/Dec/2025:10:14:54 -0300] "GET /?a=147640061 HTTP/1.1" 200 - "-" "Mozilla/5.0 (compatible; SemrushBot/7~bl; +http://www.semrush.com/bot.html)"
185.191.171.7 - - [30/Dec/2025:10:14:55 -0300] "GET /?a=145190961 HTTP/1.1" 200 - "-" "Mozilla/5.0 (compatible; SemrushBot/7~bl; +http://www.semrush.com/bot.html)"
185.191.171.14 - - [30/Dec/2025:10:14:58 -0300] "GET /?p=4653108 HTTP/1.1" 200 - "-" "Mozilla/5.0 (compatible; SemrushBot/7~bl; +http://www.semrush.com/bot.html)"
85.208.96.212 - - [30/Dec/2025:10:15:01 -0300] "GET /?p=1124540 HTTP/1.1" 200 - "-" "Mozilla/5.0 (compatible; SemrushBot/7~bl; +http://www.semrush.com/bot.html)"
69.197.149.50 - - [30/Dec/2025:10:13:59 -0300] "GET /wp-includes/br79d1f6/edit.php?id=996710 HTTP/1.1" 200 - "https://agenciaidee.com/wp-includes/br79d1f6/edit.php?id=996710" "Mozilla/5.0 (Windows NT 10.0; Win64; x64) AppleWebKit/537.36 (KHTML, like Gecko) Chrome/58.0.3029.110 Safari/537.3"
66.249.64.224 - - [30/Dec/2025:10:15:27 -0300] "GET /sitemap-subkey-1729.xml HTTP/1.1" 200 126148 "-" "Mozilla/5.0 (compatible; Googlebot/2.1; +http://www.google.com/bot.html)"
85.208.96.209 - - [30/Dec/2025:10:15:28 -0300] "GET /?a=1160561 HTTP/1.1" 200 - "-" "Mozilla/5.0 (compatible; SemrushBot/7~bl; +http://www.semrush.com/bot.html)"
85.208.96.197 - - [30/Dec/2025:10:15:39 -0300] "GET /?a=138274861 HTTP/1.1" 200 - "-" "Mozilla/5.0 (compatible; SemrushBot/7~bl; +http://www.semrush.com/bot.html)"
69.197.149.50 - - [30/Dec/2025:10:14:15 -0300] "GET /wp-content/qq29a515/edit.php?id=469679 HTTP/1.1" 200 - "https://agenciaidee.com/wp-content/qq29a515/edit.php?id=469679" "Mozilla/5.0 (Windows NT 10.0; Win64; x64) AppleWebKit/537.36 (KHTML, like Gecko) Chrome/58.0.3029.110 Safari/537.3"
85.208.96.210 - - [30/Dec/2025:10:15:53 -0300] "GET /?a=122577561 HTTP/1.1" 200 - "-" "Mozilla/5.0 (compatible; SemrushBot/7~bl; +http://www.semrush.com/bot.html)"
85.208.96.198 - - [30/Dec/2025:10:16:04 -0300] "GET /?a=34941161 HTTP/1.1" 200 - "-" "Mozilla/5.0 (compatible; SemrushBot/7~bl; +http://www.semrush.com/bot.html)"
85.208.96.211 - - [30/Dec/2025:10:16:10 -0300] "GET /?a=9800761 HTTP/1.1" 200 - "-" "Mozilla/5.0 (compatible; SemrushBot/7~bl; +http://www.semrush.com/bot.html)"
114.119.142.210 - - [30/Dec/2025:10:15:42 -0300] "GET /search.php?products/184cs25260 HTTP/1.1" 200 553409 "https://agenciaidee.com/search.php?sitemap601.xml" "Mozilla/5.0 (Linux; Android 7.0;) AppleWebKit/537.36 (KHTML, like Gecko) Mobile Safari/537.36 (compatible; PetalBot;+https://webmaster.petalsearch.com/site/petalbot)"
185.191.171.8 - - [30/Dec/2025:10:16:16 -0300] "GET /?a=27919061 HTTP/1.1" 200 - "-" "Mozilla/5.0 (compatible; SemrushBot/7~bl; +http://www.semrush.com/bot.html)"
