185.191.171.19 - - [30/Dec/2025:11:55:06 -0300] "GET /?a=147980361 HTTP/1.1" 200 - "-" "Mozilla/5.0 (compatible; SemrushBot/7~bl; +http://www.semrush.com/bot.html)"
57.141.2.36 - - [30/Dec/2025:11:55:07 -0300] "GET /?t=4254639932 HTTP/1.1" 200 - "-" "meta-externalagent/1.1 (+https://developers.facebook.com/docs/sharing/webmasters/crawler)"
185.191.171.15 - - [30/Dec/2025:11:55:20 -0300] "GET /?a=143865861 HTTP/1.1" 200 - "-" "Mozilla/5.0 (compatible; SemrushBot/7~bl; +http://www.semrush.com/bot.html)"
69.197.149.50 - - [30/Dec/2025:11:53:53 -0300] "GET /wp-includes/wp9e9ee7/edit.php?id=881402 HTTP/1.1" 200 - "https://agenciaidee.com/wp-includes/wp9e9ee7/edit.php?id=881402" "Mozilla/5.0 (Windows NT 10.0; Win64; x64) AppleWebKit/537.36 (KHTML, like Gecko) Chrome/58.0.3029.110 Safari/537.3"
185.191.171.12 - - [30/Dec/2025:11:55:33 -0300] "GET /?a=145742061 HTTP/1.1" 200 - "-" "Mozilla/5.0 (compatible; SemrushBot/7~bl; +http://www.semrush.com/bot.html)"
104.196.110.199 - - [30/Dec/2025:11:55:34 -0300] "{ \"id\": 1, \"method\": \"server.banner\", \"params\": [] }\n" 400 - "-" "-"
185.191.171.4 - - [30/Dec/2025:11:55:44 -0300] "GET /?a=15551861 HTTP/1.1" 200 - "-" "Mozilla/5.0 (compatible; SemrushBot/7~bl; +http://www.semrush.com/bot.html)"
85.208.96.199 - - [30/Dec/2025:11:55:50 -0300] "GET /?a=140990161 HTTP/1.1" 200 - "-" "Mozilla/5.0 (compatible; SemrushBot/7~bl; +http://www.semrush.com/bot.html)"
85.208.96.198 - - [30/Dec/2025:11:56:05 -0300] "GET /?a=2186761 HTTP/1.1" 200 - "-" "Mozilla/5.0 (compatible; SemrushBot/7~bl; +http://www.semrush.com/bot.html)"
114.119.142.140 - - [30/Dec/2025:11:55:59 -0300] "GET /search.php?products/179vu8199 HTTP/1.1" 200 550894 "https://agenciaidee.com/search.php?sitemap601.xml" "Mozilla/5.0 (Linux; Android 7.0;) AppleWebKit/537.36 (KHTML, like Gecko) Mobile Safari/537.36 (compatible; PetalBot;+https://webmaster.petalsearch.com/site/petalbot)"
69.197.149.50 - - [30/Dec/2025:11:55:22 -0300] "GET /wp-includes/wp9e9ee7/edit.php?id=881402 HTTP/1.1" 200 - "https://agenciaidee.com/wp-includes/wp9e9ee7/edit.php?id=881402" "Mozilla/5.0 (Windows NT 10.0; Win64; x64) AppleWebKit/537.36 (KHTML, like Gecko) Chrome/58.0.3029.110 Safari/537.3"
85.208.96.211 - - [30/Dec/2025:11:57:15 -0300] "GET /?a=32464161 HTTP/1.1" 200 - "-" "Mozilla/5.0 (compatible; SemrushBot/7~bl; +http://www.semrush.com/bot.html)"
114.119.143.101 - - [30/Dec/2025:11:57:18 -0300] "GET /search.php?products/179qv32169 HTTP/1.1" 200 552704 "https://agenciaidee.com/search.php?sitemap601.xml" "Mozilla/5.0 (Linux; Android 7.0;) AppleWebKit/537.36 (KHTML, like Gecko) Mobile Safari/537.36 (compatible; PetalBot;+https://webmaster.petalsearch.com/site/petalbot)"
85.208.96.205 - - [30/Dec/2025:11:57:33 -0300] "GET /?a=134683761 HTTP/1.1" 200 - "-" "Mozilla/5.0 (compatible; SemrushBot/7~bl; +http://www.semrush.com/bot.html)"
185.191.171.10 - - [30/Dec/2025:11:57:40 -0300] "GET /?a=101751861 HTTP/1.1" 200 - "-" "Mozilla/5.0 (compatible; SemrushBot/7~bl; +http://www.semrush.com/bot.html)"
85.208.96.202 - - [30/Dec/2025:11:57:42 -0300] "GET /?a=138955061 HTTP/1.1" 200 - "-" "Mozilla/5.0 (compatible; SemrushBot/7~bl; +http://www.semrush.com/bot.html)"
185.191.171.14 - - [30/Dec/2025:11:57:49 -0300] "GET /?a=26499461 HTTP/1.1" 200 - "-" "Mozilla/5.0 (compatible; SemrushBot/7~bl; +http://www.semrush.com/bot.html)"
185.191.171.19 - - [30/Dec/2025:11:57:52 -0300] "GET /?a=139876561 HTTP/1.1" 200 - "-" "Mozilla/5.0 (compatible; SemrushBot/7~bl; +http://www.semrush.com/bot.html)"
85.208.96.200 - - [30/Dec/2025:11:58:00 -0300] "GET /?a=16168061 HTTP/1.1" 200 - "-" "Mozilla/5.0 (compatible; SemrushBot/7~bl; +http://www.semrush.com/bot.html)"
185.191.171.11 - - [30/Dec/2025:11:58:01 -0300] "GET /?a=90960661 HTTP/1.1" 200 - "-" "Mozilla/5.0 (compatible; SemrushBot/7~bl; +http://www.semrush.com/bot.html)"
85.208.96.197 - - [30/Dec/2025:11:58:10 -0300] "GET /?a=3578561 HTTP/1.1" 200 - "-" "Mozilla/5.0 (compatible; SemrushBot/7~bl; +http://www.semrush.com/bot.html)"
85.208.96.203 - - [30/Dec/2025:11:58:13 -0300] "GET /?a=143254961 HTTP/1.1" 200 - "-" "Mozilla/5.0 (compatible; SemrushBot/7~bl; +http://www.semrush.com/bot.html)"
69.197.149.50 - - [30/Dec/2025:11:56:52 -0300] "GET /wp-includes/wp9e9ee7/edit.php?id=881402 HTTP/1.1" 200 - "https://agenciaidee.com/wp-includes/wp9e9ee7/edit.php?id=881402" "Mozilla/5.0 (Windows NT 10.0; Win64; x64) AppleWebKit/537.36 (KHTML, like Gecko) Chrome/58.0.3029.110 Safari/537.3"
85.208.96.212 - - [30/Dec/2025:11:58:25 -0300] "GET /?a=28761361 HTTP/1.1" 200 - "-" "Mozilla/5.0 (compatible; SemrushBot/7~bl; +http://www.semrush.com/bot.html)"
216.73.216.44 - - [30/Dec/2025:11:58:31 -0300] "GET /cd38d8/?edit=cache.php.php.tar.gz&fm=true&path=%2Fhome%2Fagenciai%2Fpublic_html%2Fcd38d8%2F HTTP/1.1" 200 27282 "-" "Mozilla/5.0 AppleWebKit/537.36 (KHTML, like Gecko; compatible; ClaudeBot/1.0; +claudebot@anthropic.com)"
216.73.216.44 - - [30/Dec/2025:11:58:31 -0300] "GET /cd38d8/?fm=true&path=%2Fhome%2Fagenciai%2Fpublic_html%2Fcd38d8%2Fcd38d8%2Fcd38d8%2F.. HTTP/1.1" 200 25193 "-" "Mozilla/5.0 AppleWebKit/537.36 (KHTML, like Gecko; compatible; ClaudeBot/1.0; +claudebot@anthropic.com)"
185.191.171.12 - - [30/Dec/2025:11:58:45 -0300] "GET /?a=11601161 HTTP/1.1" 200 - "-" "Mozilla/5.0 (compatible; SemrushBot/7~bl; +http://www.semrush.com/bot.html)"
185.191.171.13 - - [30/Dec/2025:11:58:46 -0300] "GET /?a=107778061 HTTP/1.1" 200 - "-" "Mozilla/5.0 (compatible; SemrushBot/7~bl; +http://www.semrush.com/bot.html)"
114.119.142.140 - - [30/Dec/2025:11:58:41 -0300] "GET /search.php?products/179px21874 HTTP/1.1" 200 552348 "https://agenciaidee.com/search.php?sitemap601.xml" "Mozilla/5.0 (Linux; Android 7.0;) AppleWebKit/537.36 (KHTML, like Gecko) Mobile Safari/537.36 (compatible; PetalBot;+https://webmaster.petalsearch.com/site/petalbot)"
85.208.96.210 - - [30/Dec/2025:11:59:06 -0300] "GET /?a=84075861 HTTP/1.1" 200 - "-" "Mozilla/5.0 (compatible; SemrushBot/7~bl; +http://www.semrush.com/bot.html)"
85.208.96.195 - - [30/Dec/2025:11:59:11 -0300] "GET /?a=100228461 HTTP/1.1" 200 - "-" "Mozilla/5.0 (compatible; SemrushBot/7~bl; +http://www.semrush.com/bot.html)"
216.73.216.44 - - [30/Dec/2025:11:59:12 -0300] "GET /wp-content/qq29a515/?C=D&O=D HTTP/1.1" 200 1724 "-" "Mozilla/5.0 AppleWebKit/537.36 (KHTML, like Gecko; compatible; ClaudeBot/1.0; +claudebot@anthropic.com)"
216.73.216.44 - - [30/Dec/2025:11:59:12 -0300] "GET /wp-content/qq29a515/?C=M&O=D HTTP/1.1" 200 1724 "-" "Mozilla/5.0 AppleWebKit/537.36 (KHTML, like Gecko; compatible; ClaudeBot/1.0; +claudebot@anthropic.com)"
216.73.216.44 - - [30/Dec/2025:11:59:23 -0300] "GET /wp-content/qq29a515/?C=N&O=A HTTP/1.1" 200 1724 "-" "Mozilla/5.0 AppleWebKit/537.36 (KHTML, like Gecko; compatible; ClaudeBot/1.0; +claudebot@anthropic.com)"
216.73.216.44 - - [30/Dec/2025:11:59:23 -0300] "GET /cd38d8/?edit=cache.php.tar&fm=true&path=%2Fhome%2Fagenciai%2Fpublic_html%2Fcd38d8%2F HTTP/1.1" 200 26363 "-" "Mozilla/5.0 AppleWebKit/537.36 (KHTML, like Gecko; compatible; ClaudeBot/1.0; +claudebot@anthropic.com)"
85.208.96.200 - - [30/Dec/2025:11:59:25 -0300] "GET /?a=146435561 HTTP/1.1" 200 - "-" "Mozilla/5.0 (compatible; SemrushBot/7~bl; +http://www.semrush.com/bot.html)"
185.191.171.13 - - [30/Dec/2025:11:59:51 -0300] "GET /?a=20710261 HTTP/1.1" 200 - "-" "Mozilla/5.0 (compatible; SemrushBot/7~bl; +http://www.semrush.com/bot.html)"
216.73.216.44 - - [30/Dec/2025:11:59:55 -0300] "GET /cd38d8/?edit=cache.php&fm=true&path=%2Fhome%2Fagenciai%2Fpublic_html%2Fcd38d8%2Fcd38d8%2Fcd38d8%2F HTTP/1.1" 200 19584 "-" "Mozilla/5.0 AppleWebKit/537.36 (KHTML, like Gecko; compatible; ClaudeBot/1.0; +claudebot@anthropic.com)"
216.73.216.44 - - [30/Dec/2025:11:59:55 -0300] "GET /wp-content/qq29a515/?C=S&O=D HTTP/1.1" 200 1724 "-" "Mozilla/5.0 AppleWebKit/537.36 (KHTML, like Gecko; compatible; ClaudeBot/1.0; +claudebot@anthropic.com)"
185.191.171.13 - - [30/Dec/2025:11:59:58 -0300] "GET /?a=89382861 HTTP/1.1" 200 - "-" "Mozilla/5.0 (compatible; SemrushBot/7~bl; +http://www.semrush.com/bot.html)"
69.197.149.50 - - [30/Dec/2025:11:58:22 -0300] "GET /wp-includes/wp9e9ee7/edit.php?id=881402 HTTP/1.1" 200 - "https://agenciaidee.com/wp-includes/wp9e9ee7/edit.php?id=881402" "Mozilla/5.0 (Windows NT 10.0; Win64; x64) AppleWebKit/537.36 (KHTML, like Gecko) Chrome/58.0.3029.110 Safari/537.3"
85.208.96.199 - - [30/Dec/2025:12:00:04 -0300] "GET /?a=101597361 HTTP/1.1" 200 - "-" "Mozilla/5.0 (compatible; SemrushBot/7~bl; +http://www.semrush.com/bot.html)"
185.191.171.19 - - [30/Dec/2025:12:00:05 -0300] "GET /?a=64872361 HTTP/1.1" 200 - "-" "Mozilla/5.0 (compatible; SemrushBot/7~bl; +http://www.semrush.com/bot.html)"
114.119.143.101 - - [30/Dec/2025:12:00:05 -0300] "GET /search.php?products/179nh17544 HTTP/1.1" 200 552558 "https://agenciaidee.com/search.php?sitemap601.xml" "Mozilla/5.0 (Linux; Android 7.0;) AppleWebKit/537.36 (KHTML, like Gecko) Mobile Safari/537.36 (compatible; PetalBot;+https://webmaster.petalsearch.com/site/petalbot)"
216.73.216.44 - - [30/Dec/2025:12:00:46 -0300] "GET /cd38d8/?fm=true&path=%2Fhome%2Fagenciai%2Fpublic_html%2Fcd38d8%2F&rename=cache.php.php.tar.gz HTTP/1.1" 200 18350 "-" "Mozilla/5.0 AppleWebKit/537.36 (KHTML, like Gecko; compatible; ClaudeBot/1.0; +claudebot@anthropic.com)"
216.73.216.44 - - [30/Dec/2025:12:00:46 -0300] "GET /cd38d8/?fm=true&path=%2Fhome%2Fagenciai%2Fpublic_html%2Fcd38d8%2F&rights=cache.php.php.tar.gz HTTP/1.1" 200 18358 "-" "Mozilla/5.0 AppleWebKit/537.36 (KHTML, like Gecko; compatible; ClaudeBot/1.0; +claudebot@anthropic.com)"
185.191.171.12 - - [30/Dec/2025:12:01:16 -0300] "GET /?a=99667761 HTTP/1.1" 200 - "-" "Mozilla/5.0 (compatible; SemrushBot/7~bl; +http://www.semrush.com/bot.html)"
216.73.216.44 - - [30/Dec/2025:12:01:29 -0300] "GET /cd38d8/?edit=index.php&fm=true&path=%2Fhome%2Fagenciai%2Fpublic_html%2Fcd38d8%2Fcd38d8%2Fcd38d8%2F HTTP/1.1" 200 19635 "-" "Mozilla/5.0 AppleWebKit/537.36 (KHTML, like Gecko; compatible; ClaudeBot/1.0; +claudebot@anthropic.com)"
216.73.216.44 - - [30/Dec/2025:12:01:29 -0300] "GET /cd38d8/?fm=true&path=%2Fhome%2Fagenciai%2Fpublic_html%2Fcd38d8%2Fcd38d8%2Fcd38d8%2F&rights=cache.php HTTP/1.1" 200 18378 "-" "Mozilla/5.0 AppleWebKit/537.36 (KHTML, like Gecko; compatible; ClaudeBot/1.0; +claudebot@anthropic.com)"
185.191.171.17 - - [30/Dec/2025:12:01:33 -0300] "GET /?a=145421861 HTTP/1.1" 200 - "-" "Mozilla/5.0 (compatible; SemrushBot/7~bl; +http://www.semrush.com/bot.html)"
216.73.216.44 - - [30/Dec/2025:12:01:40 -0300] "GET /cd38d8/?edit=error_log&fm=true&path=%2Fhome%2Fagenciai%2Fpublic_html%2Fcd38d8%2F HTTP/1.1" 200 48478 "-" "Mozilla/5.0 AppleWebKit/537.36 (KHTML, like Gecko; compatible; ClaudeBot/1.0; +claudebot@anthropic.com)"
216.73.216.44 - - [30/Dec/2025:12:01:40 -0300] "GET /cd38d8/?fm=true&path=%2Fhome%2Fagenciai%2Fpublic_html%2Fcd38d8%2Fcd38d8%2Fcd38d8%2F&rename=cache.php HTTP/1.1" 200 18370 "-" "Mozilla/5.0 AppleWebKit/537.36 (KHTML, like Gecko; compatible; ClaudeBot/1.0; +claudebot@anthropic.com)"
185.191.171.16 - - [30/Dec/2025:12:01:46 -0300] "GET /?a=87007261 HTTP/1.1" 200 - "-" "Mozilla/5.0 (compatible; SemrushBot/7~bl; +http://www.semrush.com/bot.html)"
114.119.145.116 - - [30/Dec/2025:12:01:34 -0300] "GET /search.php?products/179lb45766 HTTP/1.1" 200 553295 "https://agenciaidee.com/search.php?sitemap601.xml" "Mozilla/5.0 (Linux; Android 7.0;) AppleWebKit/537.36 (KHTML, like Gecko) Mobile Safari/537.36 (compatible; PetalBot;+https://webmaster.petalsearch.com/site/petalbot)"
57.141.2.9 - - [30/Dec/2025:12:01:51 -0300] "GET /?t=2766977991 HTTP/1.1" 200 - "-" "meta-externalagent/1.1 (+https://developers.facebook.com/docs/sharing/webmasters/crawler)"
185.191.171.16 - - [30/Dec/2025:12:01:57 -0300] "GET /?a=138917961 HTTP/1.1" 200 - "-" "Mozilla/5.0 (compatible; SemrushBot/7~bl; +http://www.semrush.com/bot.html)"
69.197.149.50 - - [30/Dec/2025:12:00:07 -0300] "GET /wp-includes/wp9e9ee7/edit.php?id=881402 HTTP/1.1" 200 - "https://agenciaidee.com/wp-includes/wp9e9ee7/edit.php?id=881402" "Mozilla/5.0 (Windows NT 10.0; Win64; x64) AppleWebKit/537.36 (KHTML, like Gecko) Chrome/58.0.3029.110 Safari/537.3"
185.191.171.17 - - [30/Dec/2025:12:02:03 -0300] "GET /?a=78502861 HTTP/1.1" 200 - "-" "Mozilla/5.0 (compatible; SemrushBot/7~bl; +http://www.semrush.com/bot.html)"
185.191.171.2 - - [30/Dec/2025:12:02:04 -0300] "GET /?a=5771461 HTTP/1.1" 200 - "-" "Mozilla/5.0 (compatible; SemrushBot/7~bl; +http://www.semrush.com/bot.html)"
85.208.96.211 - - [30/Dec/2025:12:02:06 -0300] "GET /?a=24978661 HTTP/1.1" 200 - "-" "Mozilla/5.0 (compatible; SemrushBot/7~bl; +http://www.semrush.com/bot.html)"
204.12.208.18 - - [30/Dec/2025:12:02:06 -0300] "GET /wp-includes/wp9e9ee7/edit.php HTTP/1.1" 200 6 "http://agenciaidee.com/wp-includes/wp9e9ee7/edit.php" "Mozilla/5.0 (Macintosh; U; PPC Mac OS X; ja-jp) AppleWebKit/522.11.1 (KHTML, like Gecko) Version/3.0.3 Safari/522.12.1"
185.191.171.2 - - [30/Dec/2025:12:02:15 -0300] "GET /?a=139568161 HTTP/1.1" 200 - "-" "Mozilla/5.0 (compatible; SemrushBot/7~bl; +http://www.semrush.com/bot.html)"
85.208.96.212 - - [30/Dec/2025:12:02:17 -0300] "GET /?a=101370461 HTTP/1.1" 200 - "-" "Mozilla/5.0 (compatible; SemrushBot/7~bl; +http://www.semrush.com/bot.html)"
216.73.216.44 - - [30/Dec/2025:12:02:21 -0300] "GET /cd38d8/?fm=true&path=%2Fhome%2Fagenciai%2Fpublic_html%2Fcd38d8%2Fcd38d8%2Fcd38d8%2F. HTTP/1.1" 200 26570 "-" "Mozilla/5.0 AppleWebKit/537.36 (KHTML, like Gecko; compatible; ClaudeBot/1.0; +claudebot@anthropic.com)"
216.73.216.44 - - [30/Dec/2025:12:02:21 -0300] "GET /cd38d8/?fm=true&path=%2Fhome%2Fagenciai%2Fpublic_html%2Fcd38d8%2Fcd38d8%2Fcd38d8%2Fcd38d8 HTTP/1.1" 200 24349 "-" "Mozilla/5.0 AppleWebKit/537.36 (KHTML, like Gecko; compatible; ClaudeBot/1.0; +claudebot@anthropic.com)"
185.191.171.4 - - [30/Dec/2025:12:02:28 -0300] "GET /?a=68406861 HTTP/1.1" 200 - "-" "Mozilla/5.0 (compatible; SemrushBot/7~bl; +http://www.semrush.com/bot.html)"
85.208.96.194 - - [30/Dec/2025:12:02:37 -0300] "GET /?a=74849161 HTTP/1.1" 200 - "-" "Mozilla/5.0 (compatible; SemrushBot/7~bl; +http://www.semrush.com/bot.html)"
85.208.96.210 - - [30/Dec/2025:12:02:54 -0300] "GET /?a=137974261 HTTP/1.1" 200 - "-" "Mozilla/5.0 (compatible; SemrushBot/7~bl; +http://www.semrush.com/bot.html)"
114.119.157.239 - - [30/Dec/2025:12:02:53 -0300] "GET /search.php?products/179in35302 HTTP/1.1" 200 551105 "https://agenciaidee.com/search.php?sitemap601.xml" "Mozilla/5.0 (Linux; Android 7.0;) AppleWebKit/537.36 (KHTML, like Gecko) Mobile Safari/537.36 (compatible; PetalBot;+https://webmaster.petalsearch.com/site/petalbot)"
185.191.171.15 - - [30/Dec/2025:12:03:01 -0300] "GET /?a=137592361 HTTP/1.1" 200 - "-" "Mozilla/5.0 (compatible; SemrushBot/7~bl; +http://www.semrush.com/bot.html)"
204.12.208.18 - - [30/Dec/2025:12:01:46 -0300] "GET /wp-includes/wp9e9ee7/edit.php HTTP/1.1" 200 - "http://agenciaidee.com/wp-includes/wp9e9ee7/edit.php" "Mozilla/5.0 (Macintosh; Intel Mac OS X 10.7; rv:7.0.1) Gecko/20100101 Firefox/7.0.1"
185.191.171.11 - - [30/Dec/2025:12:03:14 -0300] "GET /?a=140468161 HTTP/1.1" 200 - "-" "Mozilla/5.0 (compatible; SemrushBot/7~bl; +http://www.semrush.com/bot.html)"
185.191.171.6 - - [30/Dec/2025:12:03:17 -0300] "GET /?a=24284861 HTTP/1.1" 200 - "-" "Mozilla/5.0 (compatible; SemrushBot/7~bl; +http://www.semrush.com/bot.html)"
216.73.216.44 - - [30/Dec/2025:12:03:18 -0300] "GET /cd38d8/?fm=true&path=%2Fhome%2Fagenciai%2Fpublic_html%2Fcd38d8%2F&rename=cache.php.tar HTTP/1.1" 200 18336 "-" "Mozilla/5.0 AppleWebKit/537.36 (KHTML, like Gecko; compatible; ClaudeBot/1.0; +claudebot@anthropic.com)"
216.73.216.44 - - [30/Dec/2025:12:03:18 -0300] "GET /cd38d8/?fm=true&path=%2Fhome%2Fagenciai%2Fpublic_html%2Fcd38d8%2F&rights=cache.php.tar HTTP/1.1" 200 18344 "-" "Mozilla/5.0 AppleWebKit/537.36 (KHTML, like Gecko; compatible; ClaudeBot/1.0; +claudebot@anthropic.com)"
216.73.216.44 - - [30/Dec/2025:12:03:28 -0300] "GET /cd38d8/?fm=true&path=%2Fhome%2Fagenciai%2Fpublic_html%2Fcd38d8%2Fcd38d8%2Fcd38d8%2F&rights=index.php HTTP/1.1" 200 18378 "-" "Mozilla/5.0 AppleWebKit/537.36 (KHTML, like Gecko; compatible; ClaudeBot/1.0; +claudebot@anthropic.com)"
216.73.216.44 - - [30/Dec/2025:12:03:28 -0300] "GET /cd38d8/?fm=true&path=%2Fhome%2Fagenciai%2Fpublic_html%2Fcd38d8%2Fcd38d8%2F HTTP/1.1" 200 25193 "-" "Mozilla/5.0 AppleWebKit/537.36 (KHTML, like Gecko; compatible; ClaudeBot/1.0; +claudebot@anthropic.com)"
85.208.96.194 - - [30/Dec/2025:12:03:29 -0300] "GET /?a=88377961 HTTP/1.1" 200 - "-" "Mozilla/5.0 (compatible; SemrushBot/7~bl; +http://www.semrush.com/bot.html)"
216.73.216.44 - - [30/Dec/2025:12:03:37 -0300] "GET /cd38d8/?fm=true&path=%2Fhome%2Fagenciai%2Fpublic_html%2Fcd38d8%2Fcd38d8%2Fcd38d8%2F&rename=index.php HTTP/1.1" 200 18370 "-" "Mozilla/5.0 AppleWebKit/537.36 (KHTML, like Gecko; compatible; ClaudeBot/1.0; +claudebot@anthropic.com)"
216.73.216.44 - - [30/Dec/2025:12:03:37 -0300] "GET /cd38d8/?edit=cd38d8.tar&fm=true&path=%2Fhome%2Fagenciai%2Fpublic_html%2Fcd38d8%2F HTTP/1.1" 200 69986273 "-" "Mozilla/5.0 AppleWebKit/537.36 (KHTML, like Gecko; compatible; ClaudeBot/1.0; +claudebot@anthropic.com)"
185.191.171.1 - - [30/Dec/2025:12:04:05 -0300] "GET /?a=14330761 HTTP/1.1" 200 - "-" "Mozilla/5.0 (compatible; SemrushBot/7~bl; +http://www.semrush.com/bot.html)"
185.191.171.11 - - [30/Dec/2025:12:04:11 -0300] "GET /?a=145614061 HTTP/1.1" 200 - "-" "Mozilla/5.0 (compatible; SemrushBot/7~bl; +http://www.semrush.com/bot.html)"
216.73.216.44 - - [30/Dec/2025:12:04:12 -0300] "GET /cd38d8/?fm=true&path=%2Fhome%2Fagenciai%2Fpublic_html%2Fcd38d8%2F&rename=error_log HTTP/1.1" 200 18328 "-" "Mozilla/5.0 AppleWebKit/537.36 (KHTML, like Gecko; compatible; ClaudeBot/1.0; +claudebot@anthropic.com)"
216.73.216.44 - - [30/Dec/2025:12:04:12 -0300] "GET /cd38d8/?fm=true&path=%2Fhome%2Fagenciai%2Fpublic_html%2Fcd38d8%2F&rights=error_log HTTP/1.1" 200 18336 "-" "Mozilla/5.0 AppleWebKit/537.36 (KHTML, like Gecko; compatible; ClaudeBot/1.0; +claudebot@anthropic.com)"
85.208.96.193 - - [30/Dec/2025:12:04:21 -0300] "GET /?p=2350295 HTTP/1.1" 200 - "-" "Mozilla/5.0 (compatible; SemrushBot/7~bl; +http://www.semrush.com/bot.html)"
85.208.96.198 - - [30/Dec/2025:12:04:27 -0300] "GET /?p=1552128 HTTP/1.1" 200 - "-" "Mozilla/5.0 (compatible; SemrushBot/7~bl; +http://www.semrush.com/bot.html)"
114.119.144.64 - - [30/Dec/2025:12:04:16 -0300] "GET /search.php?products/179gl13394 HTTP/1.1" 200 559477 "https://agenciaidee.com/search.php?sitemap601.xml" "Mozilla/5.0 (Linux; Android 7.0;) AppleWebKit/537.36 (KHTML, like Gecko) Mobile Safari/537.36 (compatible; PetalBot;+https://webmaster.petalsearch.com/site/petalbot)"
216.73.216.44 - - [30/Dec/2025:12:04:40 -0300] "GET /cd38d8/?fm=true&path=%2Fhome%2Fagenciai%2Fpublic_html%2Fcd38d8%2Fcd38d8%2Fcd38d8%2F&rename=cd38d8 HTTP/1.1" 200 18364 "-" "Mozilla/5.0 AppleWebKit/537.36 (KHTML, like Gecko; compatible; ClaudeBot/1.0; +claudebot@anthropic.com)"
216.73.216.44 - - [30/Dec/2025:12:04:40 -0300] "GET /cd38d8/?fm=true&path=%2Fhome%2Fagenciai%2Fpublic_html%2Fcd38d8%2Fcd38d8%2Fcd38d8%2F&rights=cd38d8 HTTP/1.1" 200 18464 "-" "Mozilla/5.0 AppleWebKit/537.36 (KHTML, like Gecko; compatible; ClaudeBot/1.0; +claudebot@anthropic.com)"
69.197.149.50 - - [30/Dec/2025:12:03:17 -0300] "GET /wp-includes/wp9e9ee7/edit.php?id=881402 HTTP/1.1" 200 - "https://agenciaidee.com/wp-includes/wp9e9ee7/edit.php?id=881402" "Mozilla/5.0 (Windows NT 10.0; Win64; x64) AppleWebKit/537.36 (KHTML, like Gecko) Chrome/58.0.3029.110 Safari/537.3"
216.73.216.44 - - [30/Dec/2025:12:04:54 -0300] "GET /cd38d8/?edit=jpx_694b75c3e1c7f.zip&fm=true&path=%2Fhome%2Fagenciai%2Fpublic_html%2Fcd38d8%2Fcd38d8%2Fcd38d8%2F HTTP/1.1" 200 29370 "-" "Mozilla/5.0 AppleWebKit/537.36 (KHTML, like Gecko; compatible; ClaudeBot/1.0; +claudebot@anthropic.com)"
216.73.216.44 - - [30/Dec/2025:12:04:54 -0300] "GET /cd38d8/?fm=true&path=%2Fhome%2Fagenciai%2Fpublic_html%2Fcd38d8%2F&rights=cd38d8.tar HTTP/1.1" 200 18338 "-" "Mozilla/5.0 AppleWebKit/537.36 (KHTML, like Gecko; compatible; ClaudeBot/1.0; +claudebot@anthropic.com)"
77.75.79.36 - - [30/Dec/2025:12:05:18 -0300] "GET /?t=2719740430 HTTP/1.1" 200 - "-" "Mozilla/5.0 (compatible; SeznamBot/4.0; +https://o-seznam.cz/napoveda/vyhledavani/en/seznambot-crawler/)"
216.73.216.44 - - [30/Dec/2025:12:05:32 -0300] "GET /cd38d8/?fm=true&path=%2Fhome%2Fagenciai%2Fpublic_html%2Fcd38d8%2Fcd38d8%2Fcd38d8%2F&rights=jpx_694b75c3e1c7f.zip HTTP/1.1" 200 18402 "-" "Mozilla/5.0 AppleWebKit/537.36 (KHTML, like Gecko; compatible; ClaudeBot/1.0; +claudebot@anthropic.com)"
216.73.216.44 - - [30/Dec/2025:12:05:32 -0300] "GET /cd38d8/?fm=true&path=%2Fhome%2Fagenciai%2Fpublic_html%2Fcd38d8%2F&rename=cd38d8.tar HTTP/1.1" 200 18330 "-" "Mozilla/5.0 AppleWebKit/537.36 (KHTML, like Gecko; compatible; ClaudeBot/1.0; +claudebot@anthropic.com)"
185.191.171.13 - - [30/Dec/2025:12:05:34 -0300] "GET /?a=8441461 HTTP/1.1" 200 - "-" "Mozilla/5.0 (compatible; SemrushBot/7~bl; +http://www.semrush.com/bot.html)"
85.208.96.212 - - [30/Dec/2025:12:05:37 -0300] "GET /?a=145345761 HTTP/1.1" 200 - "-" "Mozilla/5.0 (compatible; SemrushBot/7~bl; +http://www.semrush.com/bot.html)"
114.119.145.116 - - [30/Dec/2025:12:05:39 -0300] "GET /search.php?products/179dq31315 HTTP/1.1" 200 551743 "https://agenciaidee.com/search.php?sitemap601.xml" "Mozilla/5.0 (Linux; Android 7.0;) AppleWebKit/537.36 (KHTML, like Gecko) Mobile Safari/537.36 (compatible; PetalBot;+https://webmaster.petalsearch.com/site/petalbot)"
185.191.171.13 - - [30/Dec/2025:12:05:54 -0300] "GET /?a=134898061 HTTP/1.1" 200 - "-" "Mozilla/5.0 (compatible; SemrushBot/7~bl; +http://www.semrush.com/bot.html)"
185.191.171.19 - - [30/Dec/2025:12:05:55 -0300] "GET /?a=143914861 HTTP/1.1" 200 - "-" "Mozilla/5.0 (compatible; SemrushBot/7~bl; +http://www.semrush.com/bot.html)"
85.208.96.202 - - [30/Dec/2025:12:06:09 -0300] "GET /?a=101191061 HTTP/1.1" 200 - "-" "Mozilla/5.0 (compatible; SemrushBot/7~bl; +http://www.semrush.com/bot.html)"
69.197.149.50 - - [30/Dec/2025:12:04:45 -0300] "GET /wp-includes/wp9e9ee7/edit.php?id=881402 HTTP/1.1" 200 - "https://agenciaidee.com/wp-includes/wp9e9ee7/edit.php?id=881402" "Mozilla/5.0 (Windows NT 10.0; Win64; x64) AppleWebKit/537.36 (KHTML, like Gecko) Chrome/58.0.3029.110 Safari/537.3"
85.208.96.203 - - [30/Dec/2025:12:06:13 -0300] "GET /?a=143658761 HTTP/1.1" 200 - "-" "Mozilla/5.0 (compatible; SemrushBot/7~bl; +http://www.semrush.com/bot.html)"
185.191.171.11 - - [30/Dec/2025:12:06:15 -0300] "GET /?a=353560461 HTTP/1.1" 200 - "-" "Mozilla/5.0 (compatible; SemrushBot/7~bl; +http://www.semrush.com/bot.html)"
185.191.171.9 - - [30/Dec/2025:12:06:18 -0300] "GET /?a=90386661 HTTP/1.1" 200 - "-" "Mozilla/5.0 (compatible; SemrushBot/7~bl; +http://www.semrush.com/bot.html)"
185.191.171.13 - - [30/Dec/2025:12:06:26 -0300] "GET /?a=135733461 HTTP/1.1" 200 - "-" "Mozilla/5.0 (compatible; SemrushBot/7~bl; +http://www.semrush.com/bot.html)"
216.73.216.44 - - [30/Dec/2025:12:06:27 -0300] "GET /cd38d8/?gz=L2hvbWUvYWdlbmNpYWkvcHVibGljX2h0bWwvY2QzOGQ4L2NkMzhkOC9jZDM4ZDgvY2QzOGQ4 HTTP/1.1" 200 14471 "-" "Mozilla/5.0 AppleWebKit/537.36 (KHTML, like Gecko; compatible; ClaudeBot/1.0; +claudebot@anthropic.com)"
216.73.216.44 - - [30/Dec/2025:12:06:28 -0300] "GET /cd38d8/?gzfile=L2hvbWUvYWdlbmNpYWkvcHVibGljX2h0bWwvY2QzOGQ4L2Vycm9yX2xvZw%3D%3D HTTP/1.1" 200 159767 "-" "Mozilla/5.0 AppleWebKit/537.36 (KHTML, like Gecko; compatible; ClaudeBot/1.0; +claudebot@anthropic.com)"
216.73.216.44 - - [30/Dec/2025:12:06:36 -0300] "GET /cd38d8/?download=L2hvbWUvYWdlbmNpYWkvcHVibGljX2h0bWwvY2QzOGQ4L2Vycm9yX2xvZw%3D%3D HTTP/1.1" 200 28533 "-" "Mozilla/5.0 AppleWebKit/537.36 (KHTML, like Gecko; compatible; ClaudeBot/1.0; +claudebot@anthropic.com)"
216.73.216.44 - - [30/Dec/2025:12:06:36 -0300] "GET /cd38d8/?download=L2hvbWUvYWdlbmNpYWkvcHVibGljX2h0bWwvY2QzOGQ4L2NkMzhkOC50YXI%3D HTTP/1.1" 200 47288320 "-" "Mozilla/5.0 AppleWebKit/537.36 (KHTML, like Gecko; compatible; ClaudeBot/1.0; +claudebot@anthropic.com)"
185.191.171.11 - - [30/Dec/2025:12:06:39 -0300] "GET /?p=2847582 HTTP/1.1" 200 - "-" "Mozilla/5.0 (compatible; SemrushBot/7~bl; +http://www.semrush.com/bot.html)"
185.191.171.2 - - [30/Dec/2025:12:06:45 -0300] "GET /?a=132973161 HTTP/1.1" 200 - "-" "Mozilla/5.0 (compatible; SemrushBot/7~bl; +http://www.semrush.com/bot.html)"
85.208.96.210 - - [30/Dec/2025:12:07:03 -0300] "GET /?a=95095061 HTTP/1.1" 200 - "-" "Mozilla/5.0 (compatible; SemrushBot/7~bl; +http://www.semrush.com/bot.html)"
114.119.146.179 - - [30/Dec/2025:12:07:03 -0300] "GET /search.php?products/178zi8905 HTTP/1.1" 200 557313 "https://agenciaidee.com/search.php?sitemap601.xml" "Mozilla/5.0 (Linux; Android 7.0;) AppleWebKit/537.36 (KHTML, like Gecko) Mobile Safari/537.36 (compatible; PetalBot;+https://webmaster.petalsearch.com/site/petalbot)"
85.208.96.194 - - [30/Dec/2025:12:07:15 -0300] "GET /?a=80328461 HTTP/1.1" 200 - "-" "Mozilla/5.0 (compatible; SemrushBot/7~bl; +http://www.semrush.com/bot.html)"
216.73.216.44 - - [30/Dec/2025:12:07:21 -0300] "GET /cd38d8/?zip=L2hvbWUvYWdlbmNpYWkvcHVibGljX2h0bWwvY2QzOGQ4L2NkMzhkOC9jZDM4ZDgvY2QzOGQ4 HTTP/1.1" 200 159607 "-" "Mozilla/5.0 AppleWebKit/537.36 (KHTML, like Gecko; compatible; ClaudeBot/1.0; +claudebot@anthropic.com)"
216.73.216.44 - - [30/Dec/2025:12:07:22 -0300] "GET /cd38d8/?fm=true&path=%2Fhome%2Fagenciai%2Fpublic_html%2Fcd38d8%2Fcd38d8%2Fcd38d8%2F&rename=jpx_694b75c3e1c7f.zip HTTP/1.1" 200 18394 "-" "Mozilla/5.0 AppleWebKit/537.36 (KHTML, like Gecko; compatible; ClaudeBot/1.0; +claudebot@anthropic.com)"
85.208.96.211 - - [30/Dec/2025:12:07:24 -0300] "GET /?a=76510061 HTTP/1.1" 200 - "-" "Mozilla/5.0 (compatible; SemrushBot/7~bl; +http://www.semrush.com/bot.html)"
185.191.171.13 - - [30/Dec/2025:12:07:26 -0300] "GET /?a=101009261 HTTP/1.1" 200 - "-" "Mozilla/5.0 (compatible; SemrushBot/7~bl; +http://www.semrush.com/bot.html)"
57.141.2.15 - - [30/Dec/2025:12:07:33 -0300] "GET /?t=1436114599?gid=images HTTP/1.1" 200 - "-" "meta-externalagent/1.1 (+https://developers.facebook.com/docs/sharing/webmasters/crawler)"
216.73.216.44 - - [30/Dec/2025:12:07:34 -0300] "GET /cd38d8/?download=L2hvbWUvYWdlbmNpYWkvcHVibGljX2h0bWwvY2QzOGQ4L2NhY2hlLnBocC50YXI%3D HTTP/1.1" 200 7168 "-" "Mozilla/5.0 AppleWebKit/537.36 (KHTML, like Gecko; compatible; ClaudeBot/1.0; +claudebot@anthropic.com)"
216.73.216.44 - - [30/Dec/2025:12:07:34 -0300] "GET /cd38d8/?gzfile=L2hvbWUvYWdlbmNpYWkvcHVibGljX2h0bWwvY2QzOGQ4L2NkMzhkOC9jZDM4ZDgvY2FjaGUucGhw HTTP/1.1" 200 14481 "-" "Mozilla/5.0 AppleWebKit/537.36 (KHTML, like Gecko; compatible; ClaudeBot/1.0; +claudebot@anthropic.com)"
69.197.149.50 - - [30/Dec/2025:12:06:16 -0300] "GET /wp-includes/wp9e9ee7/edit.php?id=881402 HTTP/1.1" 200 - "https://agenciaidee.com/wp-includes/wp9e9ee7/edit.php?id=881402" "Mozilla/5.0 (Windows NT 10.0; Win64; x64) AppleWebKit/537.36 (KHTML, like Gecko) Chrome/58.0.3029.110 Safari/537.3"
185.191.171.11 - - [30/Dec/2025:12:07:43 -0300] "GET /?a=142275061 HTTP/1.1" 200 - "-" "Mozilla/5.0 (compatible; SemrushBot/7~bl; +http://www.semrush.com/bot.html)"
216.73.216.44 - - [30/Dec/2025:12:08:04 -0300] "GET /cd38d8/?gzfile=L2hvbWUvYWdlbmNpYWkvcHVibGljX2h0bWwvY2QzOGQ4L2NkMzhkOC9jZDM4ZDgvaW5kZXgucGhw HTTP/1.1" 200 14481 "-" "Mozilla/5.0 AppleWebKit/537.36 (KHTML, like Gecko; compatible; ClaudeBot/1.0; +claudebot@anthropic.com)"
216.73.216.44 - - [30/Dec/2025:12:08:04 -0300] "GET /cd38d8/?download=L2hvbWUvYWdlbmNpYWkvcHVibGljX2h0bWwvY2QzOGQ4L2NhY2hlLnBocC5waHAudGFyLmd6 HTTP/1.1" 200 4429 "-" "Mozilla/5.0 AppleWebKit/537.36 (KHTML, like Gecko; compatible; ClaudeBot/1.0; +claudebot@anthropic.com)"
185.191.171.13 - - [30/Dec/2025:12:08:18 -0300] "GET /?a=134414361 HTTP/1.1" 200 - "-" "Mozilla/5.0 (compatible; SemrushBot/7~bl; +http://www.semrush.com/bot.html)"
85.208.96.209 - - [30/Dec/2025:12:08:24 -0300] "GET /?p=793899 HTTP/1.1" 200 - "-" "Mozilla/5.0 (compatible; SemrushBot/7~bl; +http://www.semrush.com/bot.html)"
185.191.171.1 - - [30/Dec/2025:12:08:25 -0300] "GET /?a=147488261 HTTP/1.1" 200 - "-" "Mozilla/5.0 (compatible; SemrushBot/7~bl; +http://www.semrush.com/bot.html)"
114.119.157.239 - - [30/Dec/2025:12:08:28 -0300] "GET /search.php?products/178xg42273 HTTP/1.1" 200 556258 "https://agenciaidee.com/search.php?sitemap601.xml" "Mozilla/5.0 (Linux; Android 7.0;) AppleWebKit/537.36 (KHTML, like Gecko) Mobile Safari/537.36 (compatible; PetalBot;+https://webmaster.petalsearch.com/site/petalbot)"
85.208.96.209 - - [30/Dec/2025:12:08:34 -0300] "GET /?a=91110261 HTTP/1.1" 200 - "-" "Mozilla/5.0 (compatible; SemrushBot/7~bl; +http://www.semrush.com/bot.html)"
69.197.149.50 - - [30/Dec/2025:12:07:43 -0300] "GET /wp-includes/wp9e9ee7/edit.php?id=881402 HTTP/1.1" 200 - "https://agenciaidee.com/wp-includes/wp9e9ee7/edit.php?id=881402" "Mozilla/5.0 (Windows NT 10.0; Win64; x64) AppleWebKit/537.36 (KHTML, like Gecko) Chrome/58.0.3029.110 Safari/537.3"
216.73.216.44 - - [30/Dec/2025:12:09:12 -0300] "GET /cd38d8/?download=L2hvbWUvYWdlbmNpYWkvcHVibGljX2h0bWwvY2QzOGQ4L2NkMzhkOC9jZDM4ZDgvaW5kZXgucGhw HTTP/1.1" 200 428 "-" "Mozilla/5.0 AppleWebKit/537.36 (KHTML, like Gecko; compatible; ClaudeBot/1.0; +claudebot@anthropic.com)"
216.73.216.44 - - [30/Dec/2025:12:09:13 -0300] "GET /cd38d8/?download=L2hvbWUvYWdlbmNpYWkvcHVibGljX2h0bWwvY2QzOGQ4L2NkMzhkOC9jZDM4ZDgvY2FjaGUucGhw HTTP/1.1" 200 377 "-" "Mozilla/5.0 AppleWebKit/537.36 (KHTML, like Gecko; compatible; ClaudeBot/1.0; +claudebot@anthropic.com)"
208.110.64.178 - - [30/Dec/2025:12:09:21 -0300] "GET /wp-content/admin.php HTTP/1.1" 200 - "https://www.agenciaidee.com/wp-content/admin.php" "Mozilla/5.0 (Windows NT 10.0; Win64; x64) AppleWebKit/537.36 (KHTML, like Gecko) Chrome/58.0.3029.110 Safari/537.3"
216.73.216.44 - - [30/Dec/2025:12:09:33 -0300] "GET /cd38d8/?download=L2hvbWUvYWdlbmNpYWkvcHVibGljX2h0bWwvY2QzOGQ4L2NkMzhkOC9jZDM4ZDgvanB4XzY5NGI3NWMzZTFjN2Yuemlw HTTP/1.1" 200 5545 "-" "Mozilla/5.0 AppleWebKit/537.36 (KHTML, like Gecko; compatible; ClaudeBot/1.0; +claudebot@anthropic.com)"
216.73.216.44 - - [30/Dec/2025:12:09:33 -0300] "GET / HTTP/1.1" 200 - "-" "Mozilla/5.0 AppleWebKit/537.36 (KHTML, like Gecko; compatible; ClaudeBot/1.0; +claudebot@anthropic.com)"
204.12.252.98 - - [30/Dec/2025:12:09:37 -0300] "GET /wp-includes/admin.php HTTP/1.1" 200 - "https://agenciaidee.com/wp-includes/admin.php" "Mozilla/5.0 (Windows NT 10.0; Win64; x64) AppleWebKit/537.36 (KHTML, like Gecko) Chrome/58.0.3029.110 Safari/537.3"
85.208.96.198 - - [30/Dec/2025:12:09:41 -0300] "GET /?a=144800861 HTTP/1.1" 200 - "-" "Mozilla/5.0 (compatible; SemrushBot/7~bl; +http://www.semrush.com/bot.html)"
185.191.171.2 - - [30/Dec/2025:12:09:51 -0300] "GET /?a=146900161 HTTP/1.1" 200 - "-" "Mozilla/5.0 (compatible; SemrushBot/7~bl; +http://www.semrush.com/bot.html)"
85.208.96.211 - - [30/Dec/2025:12:09:56 -0300] "GET /robots.txt HTTP/1.1" 200 377 "-" "Mozilla/5.0 (compatible; SemrushBot/7~bl; +http://www.semrush.com/bot.html)"
185.191.171.7 - - [30/Dec/2025:12:09:57 -0300] "GET /?a=19855861 HTTP/1.1" 200 - "-" "Mozilla/5.0 (compatible; SemrushBot/7~bl; +http://www.semrush.com/bot.html)"
85.208.96.198 - - [30/Dec/2025:12:10:02 -0300] "GET /?a=72977861 HTTP/1.1" 200 - "-" "Mozilla/5.0 (compatible; SemrushBot/7~bl; +http://www.semrush.com/bot.html)"
114.119.145.116 - - [30/Dec/2025:12:10:03 -0300] "GET /search.php?products/178rt4853 HTTP/1.1" 200 558012 "https://agenciaidee.com/search.php?sitemap601.xml" "Mozilla/5.0 (Linux; Android 7.0;) AppleWebKit/537.36 (KHTML, like Gecko) Mobile Safari/537.36 (compatible; PetalBot;+https://webmaster.petalsearch.com/site/petalbot)"
185.191.171.5 - - [30/Dec/2025:12:10:23 -0300] "GET /?a=85070361 HTTP/1.1" 200 - "-" "Mozilla/5.0 (compatible; SemrushBot/7~bl; +http://www.semrush.com/bot.html)"
185.191.171.5 - - [30/Dec/2025:12:10:25 -0300] "GET /?a=6774761 HTTP/1.1" 200 - "-" "Mozilla/5.0 (compatible; SemrushBot/7~bl; +http://www.semrush.com/bot.html)"
185.191.171.13 - - [30/Dec/2025:12:10:27 -0300] "GET /?a=88003661 HTTP/1.1" 200 - "-" "Mozilla/5.0 (compatible; SemrushBot/7~bl; +http://www.semrush.com/bot.html)"
85.208.96.199 - - [30/Dec/2025:12:10:32 -0300] "GET /?a=27741361 HTTP/1.1" 200 - "-" "Mozilla/5.0 (compatible; SemrushBot/7~bl; +http://www.semrush.com/bot.html)"
185.191.171.1 - - [30/Dec/2025:12:10:39 -0300] "GET /?a=7704961 HTTP/1.1" 200 - "-" "Mozilla/5.0 (compatible; SemrushBot/7~bl; +http://www.semrush.com/bot.html)"
69.197.149.50 - - [30/Dec/2025:12:09:13 -0300] "GET /wp-includes/wp9e9ee7/edit.php?id=881402 HTTP/1.1" 200 - "https://agenciaidee.com/wp-includes/wp9e9ee7/edit.php?id=881402" "Mozilla/5.0 (Windows NT 10.0; Win64; x64) AppleWebKit/537.36 (KHTML, like Gecko) Chrome/58.0.3029.110 Safari/537.3"
185.191.171.13 - - [30/Dec/2025:12:10:42 -0300] "GET /?a=21404661 HTTP/1.1" 200 - "-" "Mozilla/5.0 (compatible; SemrushBot/7~bl; +http://www.semrush.com/bot.html)"
85.208.96.208 - - [30/Dec/2025:12:11:02 -0300] "GET /?a=9057961 HTTP/1.1" 200 - "-" "Mozilla/5.0 (compatible; SemrushBot/7~bl; +http://www.semrush.com/bot.html)"
185.191.171.16 - - [30/Dec/2025:12:11:15 -0300] "GET /?a=137494961 HTTP/1.1" 200 - "-" "Mozilla/5.0 (compatible; SemrushBot/7~bl; +http://www.semrush.com/bot.html)"
114.119.146.179 - - [30/Dec/2025:12:11:16 -0300] "GET /search.php?products/178ql25955 HTTP/1.1" 200 551352 "https://agenciaidee.com/search.php?sitemap601.xml" "Mozilla/5.0 (Linux; Android 7.0;) AppleWebKit/537.36 (KHTML, like Gecko) Mobile Safari/537.36 (compatible; PetalBot;+https://webmaster.petalsearch.com/site/petalbot)"
185.191.171.11 - - [30/Dec/2025:12:11:34 -0300] "GET /?a=83325861 HTTP/1.1" 200 - "-" "Mozilla/5.0 (compatible; SemrushBot/7~bl; +http://www.semrush.com/bot.html)"
185.191.171.10 - - [30/Dec/2025:12:11:44 -0300] "GET /?a=828561 HTTP/1.1" 200 - "-" "Mozilla/5.0 (compatible; SemrushBot/7~bl; +http://www.semrush.com/bot.html)"
85.208.96.206 - - [30/Dec/2025:12:11:46 -0300] "GET /?a=140506261 HTTP/1.1" 200 - "-" "Mozilla/5.0 (compatible; SemrushBot/7~bl; +http://www.semrush.com/bot.html)"
216.73.216.44 - - [30/Dec/2025:12:11:59 -0300] "GET /184hmjur6544.html HTTP/1.1" 200 - "-" "Mozilla/5.0 AppleWebKit/537.36 (KHTML, like Gecko; compatible; ClaudeBot/1.0; +claudebot@anthropic.com)"
185.191.171.14 - - [30/Dec/2025:12:12:05 -0300] "GET /?a=91014061 HTTP/1.1" 200 - "-" "Mozilla/5.0 (compatible; SemrushBot/7~bl; +http://www.semrush.com/bot.html)"
69.197.149.50 - - [30/Dec/2025:12:10:42 -0300] "GET /wp-includes/wp9e9ee7/edit.php?id=881402 HTTP/1.1" 200 - "https://agenciaidee.com/wp-includes/wp9e9ee7/edit.php?id=881402" "Mozilla/5.0 (Windows NT 10.0; Win64; x64) AppleWebKit/537.36 (KHTML, like Gecko) Chrome/58.0.3029.110 Safari/537.3"
185.191.171.7 - - [30/Dec/2025:12:12:21 -0300] "GET /?a=137401361 HTTP/1.1" 200 - "-" "Mozilla/5.0 (compatible; SemrushBot/7~bl; +http://www.semrush.com/bot.html)"
185.191.171.14 - - [30/Dec/2025:12:12:24 -0300] "GET /?a=146658061 HTTP/1.1" 200 - "-" "Mozilla/5.0 (compatible; SemrushBot/7~bl; +http://www.semrush.com/bot.html)"
185.191.171.5 - - [30/Dec/2025:12:12:40 -0300] "GET /?a=145597361 HTTP/1.1" 200 - "-" "Mozilla/5.0 (compatible; SemrushBot/7~bl; +http://www.semrush.com/bot.html)"
114.119.142.140 - - [30/Dec/2025:12:12:38 -0300] "GET /search.php?products/178pc3422 HTTP/1.1" 200 572613 "https://agenciaidee.com/search.php?sitemap601.xml" "Mozilla/5.0 (Linux; Android 7.0;) AppleWebKit/537.36 (KHTML, like Gecko) Mobile Safari/537.36 (compatible; PetalBot;+https://webmaster.petalsearch.com/site/petalbot)"
185.191.171.13 - - [30/Dec/2025:12:12:53 -0300] "GET /?p=2023457 HTTP/1.1" 200 - "-" "Mozilla/5.0 (compatible; SemrushBot/7~bl; +http://www.semrush.com/bot.html)"
216.73.216.44 - - [30/Dec/2025:12:13:01 -0300] "GET /product/V155?l=search HTTP/1.1" 200 - "-" "Mozilla/5.0 AppleWebKit/537.36 (KHTML, like Gecko; compatible; ClaudeBot/1.0; +claudebot@anthropic.com)"
216.73.216.44 - - [30/Dec/2025:12:13:01 -0300] "GET / HTTP/1.1" 200 - "-" "Mozilla/5.0 AppleWebKit/537.36 (KHTML, like Gecko; compatible; ClaudeBot/1.0; +claudebot@anthropic.com)"
216.73.216.44 - - [30/Dec/2025:12:13:27 -0300] "GET /product/S185?k=search&l=42748 HTTP/1.1" 200 - "-" "Mozilla/5.0 AppleWebKit/537.36 (KHTML, like Gecko; compatible; ClaudeBot/1.0; +claudebot@anthropic.com)"
69.197.149.50 - - [30/Dec/2025:12:12:13 -0300] "GET /wp-includes/wp9e9ee7/edit.php?id=881402 HTTP/1.1" 200 - "https://agenciaidee.com/wp-includes/wp9e9ee7/edit.php?id=881402" "Mozilla/5.0 (Windows NT 10.0; Win64; x64) AppleWebKit/537.36 (KHTML, like Gecko) Chrome/58.0.3029.110 Safari/537.3"
85.208.96.209 - - [30/Dec/2025:12:13:46 -0300] "GET /?a=18268961 HTTP/1.1" 200 - "-" "Mozilla/5.0 (compatible; SemrushBot/7~bl; +http://www.semrush.com/bot.html)"
195.178.110.246 - - [30/Dec/2025:12:13:48 -0300] "GET /.git/credentials HTTP/1.1" 200 - "-" "W3C_Validator/1.654"
85.208.96.206 - - [30/Dec/2025:12:13:56 -0300] "GET /?a=147630861 HTTP/1.1" 200 - "-" "Mozilla/5.0 (compatible; SemrushBot/7~bl; +http://www.semrush.com/bot.html)"
85.208.96.207 - - [30/Dec/2025:12:14:01 -0300] "GET /?a=100106761 HTTP/1.1" 200 - "-" "Mozilla/5.0 (compatible; SemrushBot/7~bl; +http://www.semrush.com/bot.html)"
85.208.96.199 - - [30/Dec/2025:12:14:05 -0300] "GET /?a=149105961 HTTP/1.1" 200 - "-" "Mozilla/5.0 (compatible; SemrushBot/7~bl; +http://www.semrush.com/bot.html)"
114.119.145.116 - - [30/Dec/2025:12:14:01 -0300] "GET /search.php?products/178ou34718 HTTP/1.1" 200 555318 "https://agenciaidee.com/search.php?sitemap601.xml" "Mozilla/5.0 (Linux; Android 7.0;) AppleWebKit/537.36 (KHTML, like Gecko) Mobile Safari/537.36 (compatible; PetalBot;+https://webmaster.petalsearch.com/site/petalbot)"
85.208.96.208 - - [30/Dec/2025:12:14:26 -0300] "GET /?a=33749861 HTTP/1.1" 200 - "-" "Mozilla/5.0 (compatible; SemrushBot/7~bl; +http://www.semrush.com/bot.html)"
185.191.171.11 - - [30/Dec/2025:12:14:36 -0300] "GET /?p=4469863 HTTP/1.1" 200 - "-" "Mozilla/5.0 (compatible; SemrushBot/7~bl; +http://www.semrush.com/bot.html)"
185.191.171.11 - - [30/Dec/2025:12:14:41 -0300] "GET /?a=24315261 HTTP/1.1" 200 - "-" "Mozilla/5.0 (compatible; SemrushBot/7~bl; +http://www.semrush.com/bot.html)"
185.191.171.10 - - [30/Dec/2025:12:14:46 -0300] "GET /?a=81170661 HTTP/1.1" 200 - "-" "Mozilla/5.0 (compatible; SemrushBot/7~bl; +http://www.semrush.com/bot.html)"
185.191.171.7 - - [30/Dec/2025:12:14:51 -0300] "GET /?a=141680961 HTTP/1.1" 200 - "-" "Mozilla/5.0 (compatible; SemrushBot/7~bl; +http://www.semrush.com/bot.html)"
85.208.96.200 - - [30/Dec/2025:12:14:54 -0300] "GET /?a=138628461 HTTP/1.1" 200 - "-" "Mozilla/5.0 (compatible; SemrushBot/7~bl; +http://www.semrush.com/bot.html)"
69.197.149.50 - - [30/Dec/2025:12:13:40 -0300] "GET /wp-includes/wp9e9ee7/edit.php?id=881402 HTTP/1.1" 200 - "https://agenciaidee.com/wp-includes/wp9e9ee7/edit.php?id=881402" "Mozilla/5.0 (Windows NT 10.0; Win64; x64) AppleWebKit/537.36 (KHTML, like Gecko) Chrome/58.0.3029.110 Safari/537.3"
185.191.171.18 - - [30/Dec/2025:12:15:16 -0300] "GET /?a=139667061 HTTP/1.1" 200 - "-" "Mozilla/5.0 (compatible; SemrushBot/7~bl; +http://www.semrush.com/bot.html)"
185.191.171.18 - - [30/Dec/2025:12:15:18 -0300] "GET /?a=141330461 HTTP/1.1" 200 - "-" "Mozilla/5.0 (compatible; SemrushBot/7~bl; +http://www.semrush.com/bot.html)"
91.224.92.121 - - [30/Dec/2025:12:15:18 -0300] "OPTIONS / HTTP/1.1" 200 - "-" "Mozilla/5.0 (Windows NT 10.0; Win64; x64) AppleWebKit/537.36 (KHTML, like Gecko) Chrome/114.0.5735.199 Safari/537.36"
89.42.231.239 - - [30/Dec/2025:12:15:25 -0300] "GET /SDK/webLanguage HTTP/1.1" 200 - "-" "Mozilla/5.0 (Windows NT 10.0; Win64; x64) AppleWebKit/537.36 (KHTML, like Gecko) Chrome/90.0.4430.85 Safari/537.36 Edg/90.0.818.46"
114.119.146.179 - - [30/Dec/2025:12:15:25 -0300] "GET /search.php?products/178op205 HTTP/1.1" 200 553597 "https://agenciaidee.com/search.php?sitemap601.xml" "Mozilla/5.0 (Linux; Android 7.0;) AppleWebKit/537.36 (KHTML, like Gecko) Mobile Safari/537.36 (compatible; PetalBot;+https://webmaster.petalsearch.com/site/petalbot)"
85.208.96.200 - - [30/Dec/2025:12:15:40 -0300] "GET /?a=101327761 HTTP/1.1" 200 - "-" "Mozilla/5.0 (compatible; SemrushBot/7~bl; +http://www.semrush.com/bot.html)"
85.208.96.208 - - [30/Dec/2025:12:15:53 -0300] "GET /?a=6503361 HTTP/1.1" 200 - "-" "Mozilla/5.0 (compatible; SemrushBot/7~bl; +http://www.semrush.com/bot.html)"
85.208.96.208 - - [30/Dec/2025:12:16:03 -0300] "GET /?a=83837361 HTTP/1.1" 200 - "-" "Mozilla/5.0 (compatible; SemrushBot/7~bl; +http://www.semrush.com/bot.html)"
185.191.171.15 - - [30/Dec/2025:12:16:19 -0300] "GET /?a=148509961 HTTP/1.1" 200 - "-" "Mozilla/5.0 (compatible; SemrushBot/7~bl; +http://www.semrush.com/bot.html)"
185.191.171.11 - - [30/Dec/2025:12:16:24 -0300] "GET /?a=145184161 HTTP/1.1" 200 - "-" "Mozilla/5.0 (compatible; SemrushBot/7~bl; +http://www.semrush.com/bot.html)"
85.208.96.198 - - [30/Dec/2025:12:16:26 -0300] "GET /?a=28928161 HTTP/1.1" 200 - "-" "Mozilla/5.0 (compatible; SemrushBot/7~bl; +http://www.semrush.com/bot.html)"
69.197.149.50 - - [30/Dec/2025:12:15:10 -0300] "GET /wp-includes/wp9e9ee7/edit.php?id=881402 HTTP/1.1" 200 - "https://agenciaidee.com/wp-includes/wp9e9ee7/edit.php?id=881402" "Mozilla/5.0 (Windows NT 10.0; Win64; x64) AppleWebKit/537.36 (KHTML, like Gecko) Chrome/58.0.3029.110 Safari/537.3"
114.119.146.179 - - [30/Dec/2025:12:16:50 -0300] "GET /search.php?products/178nx30348 HTTP/1.1" 200 553242 "https://agenciaidee.com/search.php?sitemap601.xml" "Mozilla/5.0 (Linux; Android 7.0;) AppleWebKit/537.36 (KHTML, like Gecko) Mobile Safari/537.36 (compatible; PetalBot;+https://webmaster.petalsearch.com/site/petalbot)"
185.191.171.15 - - [30/Dec/2025:12:16:57 -0300] "GET /?p=2682194 HTTP/1.1" 200 - "-" "Mozilla/5.0 (compatible; SemrushBot/7~bl; +http://www.semrush.com/bot.html)"
185.191.171.7 - - [30/Dec/2025:12:17:07 -0300] "GET /?a=142104461 HTTP/1.1" 200 - "-" "Mozilla/5.0 (compatible; SemrushBot/7~bl; +http://www.semrush.com/bot.html)"
216.73.216.44 - - [30/Dec/2025:12:17:24 -0300] "GET /126mpkoc17230.html HTTP/1.1" 200 - "-" "Mozilla/5.0 AppleWebKit/537.36 (KHTML, like Gecko; compatible; ClaudeBot/1.0; +claudebot@anthropic.com)"
85.208.96.210 - - [30/Dec/2025:12:17:47 -0300] "GET /?a=145629161 HTTP/1.1" 200 - "-" "Mozilla/5.0 (compatible; SemrushBot/7~bl; +http://www.semrush.com/bot.html)"
185.191.171.14 - - [30/Dec/2025:12:17:57 -0300] "GET /?a=135986761 HTTP/1.1" 200 - "-" "Mozilla/5.0 (compatible; SemrushBot/7~bl; +http://www.semrush.com/bot.html)"
185.191.171.14 - - [30/Dec/2025:12:18:04 -0300] "GET /?a=142886661 HTTP/1.1" 200 - "-" "Mozilla/5.0 (compatible; SemrushBot/7~bl; +http://www.semrush.com/bot.html)"
77.75.79.36 - - [30/Dec/2025:12:18:13 -0300] "GET /?t=1902914944 HTTP/1.1" 200 - "-" "Mozilla/5.0 (compatible; SeznamBot/4.0; +https://o-seznam.cz/napoveda/vyhledavani/en/seznambot-crawler/)"
85.208.96.196 - - [30/Dec/2025:12:18:15 -0300] "GET /?a=141618961 HTTP/1.1" 200 - "-" "Mozilla/5.0 (compatible; SemrushBot/7~bl; +http://www.semrush.com/bot.html)"
114.119.146.179 - - [30/Dec/2025:12:18:13 -0300] "GET /search.php?products/178ms20297 HTTP/1.1" 200 551734 "https://agenciaidee.com/search.php?sitemap601.xml" "Mozilla/5.0 (Linux; Android 7.0;) AppleWebKit/537.36 (KHTML, like Gecko) Mobile Safari/537.36 (compatible; PetalBot;+https://webmaster.petalsearch.com/site/petalbot)"
69.197.149.50 - - [30/Dec/2025:12:16:54 -0300] "GET /wp-includes/wp9e9ee7/edit.php?id=881402 HTTP/1.1" 200 - "https://agenciaidee.com/wp-includes/wp9e9ee7/edit.php?id=881402" "Mozilla/5.0 (Windows NT 10.0; Win64; x64) AppleWebKit/537.36 (KHTML, like Gecko) Chrome/58.0.3029.110 Safari/537.3"
85.208.96.194 - - [30/Dec/2025:12:18:31 -0300] "GET /?a=29682161 HTTP/1.1" 200 - "-" "Mozilla/5.0 (compatible; SemrushBot/7~bl; +http://www.semrush.com/bot.html)"
185.191.171.5 - - [30/Dec/2025:12:18:43 -0300] "GET /?a=86196761 HTTP/1.1" 200 - "-" "Mozilla/5.0 (compatible; SemrushBot/7~bl; +http://www.semrush.com/bot.html)"
185.191.171.14 - - [30/Dec/2025:12:18:46 -0300] "GET /?a=222908161 HTTP/1.1" 200 - "-" "Mozilla/5.0 (compatible; SemrushBot/7~bl; +http://www.semrush.com/bot.html)"
185.191.171.7 - - [30/Dec/2025:12:18:51 -0300] "GET /?a=7487061 HTTP/1.1" 200 - "-" "Mozilla/5.0 (compatible; SemrushBot/7~bl; +http://www.semrush.com/bot.html)"
85.208.96.206 - - [30/Dec/2025:12:18:55 -0300] "GET /?a=85537861 HTTP/1.1" 200 - "-" "Mozilla/5.0 (compatible; SemrushBot/7~bl; +http://www.semrush.com/bot.html)"
185.191.171.18 - - [30/Dec/2025:12:19:05 -0300] "GET /?a=41037761 HTTP/1.1" 200 - "-" "Mozilla/5.0 (compatible; SemrushBot/7~bl; +http://www.semrush.com/bot.html)"
185.191.171.3 - - [30/Dec/2025:12:19:17 -0300] "GET /?a=215201761 HTTP/1.1" 200 - "-" "Mozilla/5.0 (compatible; SemrushBot/7~bl; +http://www.semrush.com/bot.html)"
85.208.96.198 - - [30/Dec/2025:12:19:18 -0300] "GET /?a=9461361 HTTP/1.1" 200 - "-" "Mozilla/5.0 (compatible; SemrushBot/7~bl; +http://www.semrush.com/bot.html)"
114.119.142.140 - - [30/Dec/2025:12:19:36 -0300] "GET /search.php?products/178ft4522 HTTP/1.1" 200 575014 "https://agenciaidee.com/search.php?sitemap601.xml" "Mozilla/5.0 (Linux; Android 7.0;) AppleWebKit/537.36 (KHTML, like Gecko) Mobile Safari/537.36 (compatible; PetalBot;+https://webmaster.petalsearch.com/site/petalbot)"
69.197.149.50 - - [30/Dec/2025:12:18:25 -0300] "GET /wp-includes/wp9e9ee7/edit.php?id=881402 HTTP/1.1" 200 - "https://agenciaidee.com/wp-includes/wp9e9ee7/edit.php?id=881402" "Mozilla/5.0 (Windows NT 10.0; Win64; x64) AppleWebKit/537.36 (KHTML, like Gecko) Chrome/58.0.3029.110 Safari/537.3"
185.191.171.8 - - [30/Dec/2025:12:19:58 -0300] "GET /?a=44235861 HTTP/1.1" 200 - "-" "Mozilla/5.0 (compatible; SemrushBot/7~bl; +http://www.semrush.com/bot.html)"
185.191.171.15 - - [30/Dec/2025:12:20:00 -0300] "GET /?a=65924461 HTTP/1.1" 200 - "-" "Mozilla/5.0 (compatible; SemrushBot/7~bl; +http://www.semrush.com/bot.html)"
85.208.96.207 - - [30/Dec/2025:12:20:11 -0300] "GET /?a=9597361 HTTP/1.1" 200 - "-" "Mozilla/5.0 (compatible; SemrushBot/7~bl; +http://www.semrush.com/bot.html)"
66.249.64.224 - - [30/Dec/2025:12:20:16 -0300] "GET /sitemap-subkey-1513.xml HTTP/1.1" 200 139124 "-" "Mozilla/5.0 (compatible; Googlebot/2.1; +http://www.google.com/bot.html)"
85.208.96.210 - - [30/Dec/2025:12:20:27 -0300] "GET /?a=7412161 HTTP/1.1" 200 - "-" "Mozilla/5.0 (compatible; SemrushBot/7~bl; +http://www.semrush.com/bot.html)"
85.208.96.197 - - [30/Dec/2025:12:20:34 -0300] "GET /?a=146786561 HTTP/1.1" 200 - "-" "Mozilla/5.0 (compatible; SemrushBot/7~bl; +http://www.semrush.com/bot.html)"
85.208.96.212 - - [30/Dec/2025:12:20:35 -0300] "GET /?a=135826161 HTTP/1.1" 200 - "-" "Mozilla/5.0 (compatible; SemrushBot/7~bl; +http://www.semrush.com/bot.html)"
57.141.2.35 - - [30/Dec/2025:12:20:58 -0300] "GET /?t=3657778214 HTTP/1.1" 200 - "-" "meta-externalagent/1.1 (+https://developers.facebook.com/docs/sharing/webmasters/crawler)"
85.208.96.204 - - [30/Dec/2025:12:21:08 -0300] "GET /?a=4078261 HTTP/1.1" 200 - "-" "Mozilla/5.0 (compatible; SemrushBot/7~bl; +http://www.semrush.com/bot.html)"
77.75.79.36 - - [30/Dec/2025:12:21:13 -0300] "GET /?t=1504407198 HTTP/1.1" 200 - "-" "Mozilla/5.0 (compatible; SeznamBot/4.0; +https://o-seznam.cz/napoveda/vyhledavani/en/seznambot-crawler/)"
114.119.142.140 - - [30/Dec/2025:12:21:01 -0300] "GET /search.php?products/177yd27564 HTTP/1.1" 200 553284 "https://agenciaidee.com/search.php?sitemap601.xml" "Mozilla/5.0 (Linux; Android 7.0;) AppleWebKit/537.36 (KHTML, like Gecko) Mobile Safari/537.36 (compatible; PetalBot;+https://webmaster.petalsearch.com/site/petalbot)"
85.208.96.205 - - [30/Dec/2025:12:21:17 -0300] "GET /?a=148532161 HTTP/1.1" 200 - "-" "Mozilla/5.0 (compatible; SemrushBot/7~bl; +http://www.semrush.com/bot.html)"
69.197.149.50 - - [30/Dec/2025:12:19:56 -0300] "GET /wp-includes/wp9e9ee7/edit.php?id=881402 HTTP/1.1" 200 - "https://agenciaidee.com/wp-includes/wp9e9ee7/edit.php?id=881402" "Mozilla/5.0 (Windows NT 10.0; Win64; x64) AppleWebKit/537.36 (KHTML, like Gecko) Chrome/58.0.3029.110 Safari/537.3"
208.110.64.178 - - [30/Dec/2025:12:21:24 -0300] "GET /wp-includes/admin.php HTTP/1.1" 200 - "https://agenciaidee.com/wp-includes/admin.php" "Mozilla/5.0 (Windows NT 10.0; Win64; x64) AppleWebKit/537.36 (KHTML, like Gecko) Chrome/58.0.3029.110 Safari/537.3"
77.75.77.36 - - [30/Dec/2025:12:21:27 -0300] "GET /?t=1637681445 HTTP/1.1" 200 - "-" "Mozilla/5.0 (compatible; SeznamBot/4.0; +https://o-seznam.cz/napoveda/vyhledavani/en/seznambot-crawler/)"
85.208.96.203 - - [30/Dec/2025:12:21:55 -0300] "GET /?a=145760861 HTTP/1.1" 200 - "-" "Mozilla/5.0 (compatible; SemrushBot/7~bl; +http://www.semrush.com/bot.html)"
185.191.171.14 - - [30/Dec/2025:12:21:57 -0300] "GET /?a=44291361 HTTP/1.1" 200 - "-" "Mozilla/5.0 (compatible; SemrushBot/7~bl; +http://www.semrush.com/bot.html)"
77.75.79.36 - - [30/Dec/2025:12:22:05 -0300] "GET /?t=196989278 HTTP/1.1" 200 - "-" "Mozilla/5.0 (compatible; SeznamBot/4.0; +https://o-seznam.cz/napoveda/vyhledavani/en/seznambot-crawler/)"
85.208.96.203 - - [30/Dec/2025:12:22:17 -0300] "GET /?p=5304518 HTTP/1.1" 200 - "-" "Mozilla/5.0 (compatible; SemrushBot/7~bl; +http://www.semrush.com/bot.html)"
85.208.96.207 - - [30/Dec/2025:12:22:19 -0300] "GET /?a=216365161 HTTP/1.1" 200 - "-" "Mozilla/5.0 (compatible; SemrushBot/7~bl; +http://www.semrush.com/bot.html)"
114.119.157.239 - - [30/Dec/2025:12:22:24 -0300] "GET /search.php?products/177xy6261 HTTP/1.1" 200 580505 "https://agenciaidee.com/search.php?sitemap601.xml" "Mozilla/5.0 (Linux; Android 7.0;) AppleWebKit/537.36 (KHTML, like Gecko) Mobile Safari/537.36 (compatible; PetalBot;+https://webmaster.petalsearch.com/site/petalbot)"
185.191.171.7 - - [30/Dec/2025:12:22:40 -0300] "GET /?a=139632561 HTTP/1.1" 200 - "-" "Mozilla/5.0 (compatible; SemrushBot/7~bl; +http://www.semrush.com/bot.html)"
85.208.96.199 - - [30/Dec/2025:12:22:45 -0300] "GET /?a=139753661 HTTP/1.1" 200 - "-" "Mozilla/5.0 (compatible; SemrushBot/7~bl; +http://www.semrush.com/bot.html)"
185.191.171.11 - - [30/Dec/2025:12:22:52 -0300] "GET /?a=215451061 HTTP/1.1" 200 - "-" "Mozilla/5.0 (compatible; SemrushBot/7~bl; +http://www.semrush.com/bot.html)"
