216.73.216.44 - - [30/Dec/2025:11:46:19 -0300] "GET /cd38d8/?fm=true&path=%2Fhome%2Fagenciai%2Fpublic_html%2F&rights=theme-insvuhj.php HTTP/1.1" 200 18331 "-" "Mozilla/5.0 AppleWebKit/537.36 (KHTML, like Gecko; compatible; ClaudeBot/1.0; +claudebot@anthropic.com)"
216.73.216.44 - - [30/Dec/2025:11:46:19 -0300] "GET /cd38d8/?fm=true&path=%2Fhome%2Fagenciai%2Fpublic_html%2F&rights=tesTzwd.php HTTP/1.1" 200 18319 "-" "Mozilla/5.0 AppleWebKit/537.36 (KHTML, like Gecko; compatible; ClaudeBot/1.0; +claudebot@anthropic.com)"
216.73.216.44 - - [30/Dec/2025:11:46:19 -0300] "GET /cd38d8/?fm=true&path=%2Fhome%2Fagenciai%2Fpublic_html%2F&rename=tesTlol.php HTTP/1.1" 200 18311 "-" "Mozilla/5.0 AppleWebKit/537.36 (KHTML, like Gecko; compatible; ClaudeBot/1.0; +claudebot@anthropic.com)"
216.73.216.44 - - [30/Dec/2025:11:46:19 -0300] "GET /cd38d8/?fm=true&path=%2Fhome%2Fagenciai%2Fpublic_html%2F&rename=slQMVfcKwCD.php HTTP/1.1" 200 18319 "-" "Mozilla/5.0 AppleWebKit/537.36 (KHTML, like Gecko; compatible; ClaudeBot/1.0; +claudebot@anthropic.com)"
185.191.171.18 - - [30/Dec/2025:11:46:22 -0300] "GET /?a=4632661 HTTP/1.1" 200 - "-" "Mozilla/5.0 (compatible; SemrushBot/7~bl; +http://www.semrush.com/bot.html)"
216.73.216.44 - - [30/Dec/2025:11:46:32 -0300] "GET /cd38d8/?gz=L2hvbWUvYWdlbmNpYWkvcHVibGljX2h0bWwvYWE5OWYx HTTP/1.1" 200 14471 "-" "Mozilla/5.0 AppleWebKit/537.36 (KHTML, like Gecko; compatible; ClaudeBot/1.0; +claudebot@anthropic.com)"
216.73.216.44 - - [30/Dec/2025:11:46:32 -0300] "GET /cd38d8/?gz=L2hvbWUvYWdlbmNpYWkvcHVibGljX2h0bWwvaW1hZ2Vz HTTP/1.1" 200 14471 "-" "Mozilla/5.0 AppleWebKit/537.36 (KHTML, like Gecko; compatible; ClaudeBot/1.0; +claudebot@anthropic.com)"
216.73.216.44 - - [30/Dec/2025:11:46:33 -0300] "GET /cd38d8/?download=L2hvbWUvYWdlbmNpYWkvcHVibGljX2h0bWwvcGhwLmluaQ%3D%3D HTTP/1.1" 200 105 "-" "Mozilla/5.0 AppleWebKit/537.36 (KHTML, like Gecko; compatible; ClaudeBot/1.0; +claudebot@anthropic.com)"
216.73.216.44 - - [30/Dec/2025:11:46:33 -0300] "GET /cd38d8/?zip=L2hvbWUvYWdlbmNpYWkvcHVibGljX2h0bWwvNDI0YmRm HTTP/1.1" 200 159601 "-" "Mozilla/5.0 AppleWebKit/537.36 (KHTML, like Gecko; compatible; ClaudeBot/1.0; +claudebot@anthropic.com)"
216.73.216.44 - - [30/Dec/2025:11:46:33 -0300] "GET /cd38d8/?zip=L2hvbWUvYWdlbmNpYWkvcHVibGljX2h0bWwvMmZjMjM%3D HTTP/1.1" 200 159597 "-" "Mozilla/5.0 AppleWebKit/537.36 (KHTML, like Gecko; compatible; ClaudeBot/1.0; +claudebot@anthropic.com)"
216.73.216.44 - - [30/Dec/2025:11:46:33 -0300] "GET /cd38d8/?gzfile=L2hvbWUvYWdlbmNpYWkvcHVibGljX2h0bWwvcGhwLmluaQ%3D%3D HTTP/1.1" 200 14479 "-" "Mozilla/5.0 AppleWebKit/537.36 (KHTML, like Gecko; compatible; ClaudeBot/1.0; +claudebot@anthropic.com)"
216.73.216.44 - - [30/Dec/2025:11:46:33 -0300] "GET /cd38d8/?zip=L2hvbWUvYWdlbmNpYWkvcHVibGljX2h0bWwvd3AtaW5jbHVkZXM%3D HTTP/1.1" 200 159629 "-" "Mozilla/5.0 AppleWebKit/537.36 (KHTML, like Gecko; compatible; ClaudeBot/1.0; +claudebot@anthropic.com)"
216.73.216.44 - - [30/Dec/2025:11:46:33 -0300] "GET /cd38d8/?zip=L2hvbWUvYWdlbmNpYWkvcHVibGljX2h0bWwvYWE5OWYx HTTP/1.1" 200 159601 "-" "Mozilla/5.0 AppleWebKit/537.36 (KHTML, like Gecko; compatible; ClaudeBot/1.0; +claudebot@anthropic.com)"
216.73.216.44 - - [30/Dec/2025:11:46:33 -0300] "GET /cd38d8/?fm=true&path=%2Fhome%2Fagenciai%2Fpublic_html%2F&rename=robots.txt HTTP/1.1" 200 18309 "-" "Mozilla/5.0 AppleWebKit/537.36 (KHTML, like Gecko; compatible; ClaudeBot/1.0; +claudebot@anthropic.com)"
216.73.216.44 - - [30/Dec/2025:11:46:33 -0300] "GET /cd38d8/?zip=L2hvbWUvYWdlbmNpYWkvcHVibGljX2h0bWwvY2QzOGQ4 HTTP/1.1" 200 159603 "-" "Mozilla/5.0 AppleWebKit/537.36 (KHTML, like Gecko; compatible; ClaudeBot/1.0; +claudebot@anthropic.com)"
216.73.216.44 - - [30/Dec/2025:11:46:33 -0300] "GET /cd38d8/?zip=L2hvbWUvYWdlbmNpYWkvcHVibGljX2h0bWwvaW1hZ2Vz HTTP/1.1" 200 159603 "-" "Mozilla/5.0 AppleWebKit/537.36 (KHTML, like Gecko; compatible; ClaudeBot/1.0; +claudebot@anthropic.com)"
216.73.216.44 - - [30/Dec/2025:11:46:33 -0300] "GET /cd38d8/?fm=true&path=%2Fhome%2Fagenciai%2Fpublic_html%2F&rename=.well-known HTTP/1.1" 200 18311 "-" "Mozilla/5.0 AppleWebKit/537.36 (KHTML, like Gecko; compatible; ClaudeBot/1.0; +claudebot@anthropic.com)"
216.73.216.44 - - [30/Dec/2025:11:46:33 -0300] "GET /cd38d8/?fm=true&path=%2Fhome%2Fagenciai%2Fpublic_html%2F&rename=COOKIE.txt HTTP/1.1" 200 18309 "-" "Mozilla/5.0 AppleWebKit/537.36 (KHTML, like Gecko; compatible; ClaudeBot/1.0; +claudebot@anthropic.com)"
216.73.216.44 - - [30/Dec/2025:11:46:33 -0300] "GET /cd38d8/?fm=true&path=%2Fhome%2Fagenciai%2Fpublic_html%2F&rename=images HTTP/1.1" 200 18301 "-" "Mozilla/5.0 AppleWebKit/537.36 (KHTML, like Gecko; compatible; ClaudeBot/1.0; +claudebot@anthropic.com)"
216.73.216.44 - - [30/Dec/2025:11:46:34 -0300] "GET /cd38d8/?fm=true&path=%2Fhome%2Fagenciai%2Fpublic_html%2F&rights=robots.txt HTTP/1.1" 200 18317 "-" "Mozilla/5.0 AppleWebKit/537.36 (KHTML, like Gecko; compatible; ClaudeBot/1.0; +claudebot@anthropic.com)"
216.73.216.44 - - [30/Dec/2025:11:46:34 -0300] "GET /cd38d8/?fm=true&path=%2Fhome%2Fagenciai%2Fpublic_html%2F&rights=.well-known HTTP/1.1" 200 18411 "-" "Mozilla/5.0 AppleWebKit/537.36 (KHTML, like Gecko; compatible; ClaudeBot/1.0; +claudebot@anthropic.com)"
216.73.216.44 - - [30/Dec/2025:11:46:34 -0300] "GET /cd38d8/?fm=true&path=%2Fhome%2Fagenciai%2Fpublic_html%2F&rights=COOKIE.txt HTTP/1.1" 200 18317 "-" "Mozilla/5.0 AppleWebKit/537.36 (KHTML, like Gecko; compatible; ClaudeBot/1.0; +claudebot@anthropic.com)"
216.73.216.44 - - [30/Dec/2025:11:46:34 -0300] "GET /cd38d8/?fm=true&path=%2Fhome%2Fagenciai%2Fpublic_html%2F&rights=images HTTP/1.1" 200 18401 "-" "Mozilla/5.0 AppleWebKit/537.36 (KHTML, like Gecko; compatible; ClaudeBot/1.0; +claudebot@anthropic.com)"
216.73.216.44 - - [30/Dec/2025:11:46:34 -0300] "GET /cd38d8/?fm=true&path=%2Fhome%2Fagenciai%2Fpublic_html%2F&rename=BqJFrnx7kRm.php HTTP/1.1" 200 18319 "-" "Mozilla/5.0 AppleWebKit/537.36 (KHTML, like Gecko; compatible; ClaudeBot/1.0; +claudebot@anthropic.com)"
216.73.216.44 - - [30/Dec/2025:11:46:34 -0300] "GET /cd38d8/?fm=true&path=%2Fhome%2Fagenciai%2Fpublic_html%2F&rename=aa99f1 HTTP/1.1" 200 18301 "-" "Mozilla/5.0 AppleWebKit/537.36 (KHTML, like Gecko; compatible; ClaudeBot/1.0; +claudebot@anthropic.com)"
216.73.216.44 - - [30/Dec/2025:11:46:34 -0300] "GET /cd38d8/?fm=true&path=%2Fhome%2Fagenciai%2Fpublic_html%2F&rename=xqgjTKZ3.php HTTP/1.1" 200 18313 "-" "Mozilla/5.0 AppleWebKit/537.36 (KHTML, like Gecko; compatible; ClaudeBot/1.0; +claudebot@anthropic.com)"
216.73.216.44 - - [30/Dec/2025:11:46:34 -0300] "GET /cd38d8/?fm=true&path=%2Fhome%2Fagenciai%2Fpublic_html%2F&rename=EP5zbL1Dkne.php HTTP/1.1" 200 18319 "-" "Mozilla/5.0 AppleWebKit/537.36 (KHTML, like Gecko; compatible; ClaudeBot/1.0; +claudebot@anthropic.com)"
85.208.96.212 - - [30/Dec/2025:11:46:34 -0300] "GET /?a=149701261 HTTP/1.1" 200 - "-" "Mozilla/5.0 (compatible; SemrushBot/7~bl; +http://www.semrush.com/bot.html)"
216.73.216.44 - - [30/Dec/2025:11:46:34 -0300] "GET /cd38d8/?fm=true&path=%2Fhome%2Fagenciai%2Fpublic_html%2F&rights=BqJFrnx7kRm.php HTTP/1.1" 200 18327 "-" "Mozilla/5.0 AppleWebKit/537.36 (KHTML, like Gecko; compatible; ClaudeBot/1.0; +claudebot@anthropic.com)"
216.73.216.44 - - [30/Dec/2025:11:46:34 -0300] "GET /cd38d8/?fm=true&path=%2Fhome%2Fagenciai%2Fpublic_html%2F&rename=2fc23 HTTP/1.1" 200 18299 "-" "Mozilla/5.0 AppleWebKit/537.36 (KHTML, like Gecko; compatible; ClaudeBot/1.0; +claudebot@anthropic.com)"
216.73.216.44 - - [30/Dec/2025:11:46:34 -0300] "GET /cd38d8/?fm=true&path=%2Fhome%2Fagenciai%2Fpublic_html%2F&rename=.htaccess HTTP/1.1" 200 18307 "-" "Mozilla/5.0 AppleWebKit/537.36 (KHTML, like Gecko; compatible; ClaudeBot/1.0; +claudebot@anthropic.com)"
85.208.96.193 - - [30/Dec/2025:11:46:36 -0300] "GET /?a=98376861 HTTP/1.1" 200 - "-" "Mozilla/5.0 (compatible; SemrushBot/7~bl; +http://www.semrush.com/bot.html)"
85.208.96.198 - - [30/Dec/2025:11:46:40 -0300] "GET /?a=100379961 HTTP/1.1" 200 - "-" "Mozilla/5.0 (compatible; SemrushBot/7~bl; +http://www.semrush.com/bot.html)"
77.75.79.36 - - [30/Dec/2025:11:47:01 -0300] "GET /sitemap-5.xml HTTP/1.1" 200 100564 "-" "Mozilla/5.0 (compatible; SeznamBot/4.0; +https://o-seznam.cz/napoveda/vyhledavani/en/seznambot-crawler/)"
208.110.64.178 - - [30/Dec/2025:11:47:03 -0300] "GET /wp-includes/admin.php HTTP/1.1" 200 - "https://agenciaidee.com/wp-includes/admin.php" "Mozilla/5.0 (Windows NT 10.0; Win64; x64) AppleWebKit/537.36 (KHTML, like Gecko) Chrome/58.0.3029.110 Safari/537.3"
85.208.96.199 - - [30/Dec/2025:11:47:07 -0300] "GET /?a=144055461 HTTP/1.1" 200 - "-" "Mozilla/5.0 (compatible; SemrushBot/7~bl; +http://www.semrush.com/bot.html)"
85.208.96.199 - - [30/Dec/2025:11:47:08 -0300] "GET /?p=2386365 HTTP/1.1" 200 - "-" "Mozilla/5.0 (compatible; SemrushBot/7~bl; +http://www.semrush.com/bot.html)"
185.191.171.1 - - [30/Dec/2025:11:47:15 -0300] "GET /?a=34787661 HTTP/1.1" 200 - "-" "Mozilla/5.0 (compatible; SemrushBot/7~bl; +http://www.semrush.com/bot.html)"
185.191.171.18 - - [30/Dec/2025:11:47:27 -0300] "GET /?a=352293261 HTTP/1.1" 200 - "-" "Mozilla/5.0 (compatible; SemrushBot/7~bl; +http://www.semrush.com/bot.html)"
114.119.143.101 - - [30/Dec/2025:11:47:35 -0300] "GET /search.php?products/17gq31416 HTTP/1.1" 200 565856 "https://agenciaidee.com/search.php?sitemap601.xml" "Mozilla/5.0 (Linux; Android 7.0;) AppleWebKit/537.36 (KHTML, like Gecko) Mobile Safari/537.36 (compatible; PetalBot;+https://webmaster.petalsearch.com/site/petalbot)"
69.197.149.50 - - [30/Dec/2025:11:46:16 -0300] "GET /wp-includes/wp9e9ee7/edit.php?id=881402 HTTP/1.1" 200 - "https://agenciaidee.com/wp-includes/wp9e9ee7/edit.php?id=881402" "Mozilla/5.0 (Windows NT 10.0; Win64; x64) AppleWebKit/537.36 (KHTML, like Gecko) Chrome/58.0.3029.110 Safari/537.3"
216.73.216.44 - - [30/Dec/2025:11:47:50 -0300] "GET /cd38d8/?gzfile=L2hvbWUvYWdlbmNpYWkvcHVibGljX2h0bWwvd3Atc3gxMC5waHA%3D HTTP/1.1" 200 14483 "-" "Mozilla/5.0 AppleWebKit/537.36 (KHTML, like Gecko; compatible; ClaudeBot/1.0; +claudebot@anthropic.com)"
216.73.216.44 - - [30/Dec/2025:11:47:50 -0300] "GET /cd38d8/?gzfile=L2hvbWUvYWdlbmNpYWkvcHVibGljX2h0bWwvdGVzVGxvbC5waHA%3D HTTP/1.1" 200 14483 "-" "Mozilla/5.0 AppleWebKit/537.36 (KHTML, like Gecko; compatible; ClaudeBot/1.0; +claudebot@anthropic.com)"
216.73.216.44 - - [30/Dec/2025:11:47:50 -0300] "GET /cd38d8/?gzfile=L2hvbWUvYWdlbmNpYWkvcHVibGljX2h0bWwvQ09PS0lFLnR4dA%3D%3D HTTP/1.1" 200 14482 "-" "Mozilla/5.0 AppleWebKit/537.36 (KHTML, like Gecko; compatible; ClaudeBot/1.0; +claudebot@anthropic.com)"
216.73.216.44 - - [30/Dec/2025:11:47:50 -0300] "GET /cd38d8/?download=L2hvbWUvYWdlbmNpYWkvcHVibGljX2h0bWwvZ20ucGhw HTTP/1.1" 200 25334 "-" "Mozilla/5.0 AppleWebKit/537.36 (KHTML, like Gecko; compatible; ClaudeBot/1.0; +claudebot@anthropic.com)"
216.73.216.44 - - [30/Dec/2025:11:47:50 -0300] "GET /cd38d8/?zip=L2hvbWUvYWdlbmNpYWkvcHVibGljX2h0bWwvLS0tVGlua2VyZmN1X2xkZW50aXR5dmVyaWZpY2F0aW9u HTTP/1.1" 200 159747 "-" "Mozilla/5.0 AppleWebKit/537.36 (KHTML, like Gecko; compatible; ClaudeBot/1.0; +claudebot@anthropic.com)"
216.73.216.44 - - [30/Dec/2025:11:47:50 -0300] "GET /cd38d8/?gzfile=L2hvbWUvYWdlbmNpYWkvcHVibGljX2h0bWwvd3AtYmxvZy1oZWFkZXIucGhw HTTP/1.1" 200 14490 "-" "Mozilla/5.0 AppleWebKit/537.36 (KHTML, like Gecko; compatible; ClaudeBot/1.0; +claudebot@anthropic.com)"
216.73.216.44 - - [30/Dec/2025:11:47:50 -0300] "GET /cd38d8/?download=L2hvbWUvYWdlbmNpYWkvcHVibGljX2h0bWwvY2xpY2sucGhw HTTP/1.1" 200 2043 "-" "Mozilla/5.0 AppleWebKit/537.36 (KHTML, like Gecko; compatible; ClaudeBot/1.0; +claudebot@anthropic.com)"
216.73.216.44 - - [30/Dec/2025:11:47:50 -0300] "GET /cd38d8/?gzfile=L2hvbWUvYWdlbmNpYWkvcHVibGljX2h0bWwvaW1nLnBocA%3D%3D HTTP/1.1" 200 14479 "-" "Mozilla/5.0 AppleWebKit/537.36 (KHTML, like Gecko; compatible; ClaudeBot/1.0; +claudebot@anthropic.com)"
216.73.216.44 - - [30/Dec/2025:11:47:51 -0300] "GET /cd38d8/?download=L2hvbWUvYWdlbmNpYWkvcHVibGljX2h0bWwvdHhldHMucGhw HTTP/1.1" 200 23362 "-" "Mozilla/5.0 AppleWebKit/537.36 (KHTML, like Gecko; compatible; ClaudeBot/1.0; +claudebot@anthropic.com)"
216.73.216.44 - - [30/Dec/2025:11:47:51 -0300] "GET /cd38d8/?download=L2hvbWUvYWdlbmNpYWkvcHVibGljX2h0bWwvZXgucGhw HTTP/1.1" 200 6099 "-" "Mozilla/5.0 AppleWebKit/537.36 (KHTML, like Gecko; compatible; ClaudeBot/1.0; +claudebot@anthropic.com)"
216.73.216.44 - - [30/Dec/2025:11:47:51 -0300] "GET /cd38d8/?zip=L2hvbWUvYWdlbmNpYWkvcHVibGljX2h0bWwvLndlbGwta25vd24%3D HTTP/1.1" 200 159631 "-" "Mozilla/5.0 AppleWebKit/537.36 (KHTML, like Gecko; compatible; ClaudeBot/1.0; +claudebot@anthropic.com)"
216.73.216.44 - - [30/Dec/2025:11:47:51 -0300] "GET /cd38d8/?gzfile=L2hvbWUvYWdlbmNpYWkvcHVibGljX2h0bWwvLmh0YWNjZXNz HTTP/1.1" 200 14491 "-" "Mozilla/5.0 AppleWebKit/537.36 (KHTML, like Gecko; compatible; ClaudeBot/1.0; +claudebot@anthropic.com)"
216.73.216.44 - - [30/Dec/2025:11:47:51 -0300] "GET /cd38d8/?gzfile=L2hvbWUvYWdlbmNpYWkvcHVibGljX2h0bWwvaW5kZXgucGhw HTTP/1.1" 200 14481 "-" "Mozilla/5.0 AppleWebKit/537.36 (KHTML, like Gecko; compatible; ClaudeBot/1.0; +claudebot@anthropic.com)"
216.73.216.44 - - [30/Dec/2025:11:47:51 -0300] "GET /cd38d8/?download=L2hvbWUvYWdlbmNpYWkvcHVibGljX2h0bWwvZXJyb3JfbG9n HTTP/1.1" 200 3030379 "-" "Mozilla/5.0 AppleWebKit/537.36 (KHTML, like Gecko; compatible; ClaudeBot/1.0; +claudebot@anthropic.com)"
216.73.216.44 - - [30/Dec/2025:11:47:51 -0300] "GET /cd38d8/?gz=L2hvbWUvYWdlbmNpYWkvcHVibGljX2h0bWwvd3AtY29udGVudA%3D%3D HTTP/1.1" 200 14475 "-" "Mozilla/5.0 AppleWebKit/537.36 (KHTML, like Gecko; compatible; ClaudeBot/1.0; +claudebot@anthropic.com)"
216.73.216.44 - - [30/Dec/2025:11:47:51 -0300] "GET /cd38d8/?gzfile=L2hvbWUvYWdlbmNpYWkvcHVibGljX2h0bWwvZ20ucGhw HTTP/1.1" 200 14478 "-" "Mozilla/5.0 AppleWebKit/537.36 (KHTML, like Gecko; compatible; ClaudeBot/1.0; +claudebot@anthropic.com)"
216.73.216.44 - - [30/Dec/2025:11:47:51 -0300] "GET /cd38d8/?gzfile=L2hvbWUvYWdlbmNpYWkvcHVibGljX2h0bWwvY2xpY2sucGhw HTTP/1.1" 200 14481 "-" "Mozilla/5.0 AppleWebKit/537.36 (KHTML, like Gecko; compatible; ClaudeBot/1.0; +claudebot@anthropic.com)"
216.73.216.44 - - [30/Dec/2025:11:47:51 -0300] "GET /cd38d8/?gzfile=L2hvbWUvYWdlbmNpYWkvcHVibGljX2h0bWwvdHhldHMucGhw HTTP/1.1" 200 14481 "-" "Mozilla/5.0 AppleWebKit/537.36 (KHTML, like Gecko; compatible; ClaudeBot/1.0; +claudebot@anthropic.com)"
216.73.216.44 - - [30/Dec/2025:11:47:51 -0300] "GET /cd38d8/?gzfile=L2hvbWUvYWdlbmNpYWkvcHVibGljX2h0bWwvZXJyb3JfbG9n HTTP/1.1" 200 14602 "-" "Mozilla/5.0 AppleWebKit/537.36 (KHTML, like Gecko; compatible; ClaudeBot/1.0; +claudebot@anthropic.com)"
216.73.216.44 - - [30/Dec/2025:11:47:52 -0300] "GET /cd38d8/?gzfile=L2hvbWUvYWdlbmNpYWkvcHVibGljX2h0bWwvZXgucGhw HTTP/1.1" 200 14478 "-" "Mozilla/5.0 AppleWebKit/537.36 (KHTML, like Gecko; compatible; ClaudeBot/1.0; +claudebot@anthropic.com)"
216.73.216.44 - - [30/Dec/2025:11:47:52 -0300] "GET /cd38d8/?gz=L2hvbWUvYWdlbmNpYWkvcHVibGljX2h0bWwvNDI0YmRm HTTP/1.1" 200 14471 "-" "Mozilla/5.0 AppleWebKit/537.36 (KHTML, like Gecko; compatible; ClaudeBot/1.0; +claudebot@anthropic.com)"
216.73.216.44 - - [30/Dec/2025:11:47:52 -0300] "GET /cd38d8/?gz=L2hvbWUvYWdlbmNpYWkvcHVibGljX2h0bWwvMmZjMjM%3D HTTP/1.1" 200 14470 "-" "Mozilla/5.0 AppleWebKit/537.36 (KHTML, like Gecko; compatible; ClaudeBot/1.0; +claudebot@anthropic.com)"
216.73.216.44 - - [30/Dec/2025:11:47:52 -0300] "GET /cd38d8/?gz=L2hvbWUvYWdlbmNpYWkvcHVibGljX2h0bWwvd3AtaW5jbHVkZXM%3D HTTP/1.1" 200 14476 "-" "Mozilla/5.0 AppleWebKit/537.36 (KHTML, like Gecko; compatible; ClaudeBot/1.0; +claudebot@anthropic.com)"
216.73.216.44 - - [30/Dec/2025:11:47:52 -0300] "GET /cd38d8/?zip=L2hvbWUvYWdlbmNpYWkvcHVibGljX2h0bWwvd3AtY29udGVudA%3D%3D HTTP/1.1" 200 160661 "-" "Mozilla/5.0 AppleWebKit/537.36 (KHTML, like Gecko; compatible; ClaudeBot/1.0; +claudebot@anthropic.com)"
216.73.216.44 - - [30/Dec/2025:11:47:52 -0300] "GET /cd38d8/?gz=L2hvbWUvYWdlbmNpYWkvcHVibGljX2h0bWwvY2QzOGQ4 HTTP/1.1" 200 14471 "-" "Mozilla/5.0 AppleWebKit/537.36 (KHTML, like Gecko; compatible; ClaudeBot/1.0; +claudebot@anthropic.com)"
85.208.96.196 - - [30/Dec/2025:11:47:56 -0300] "GET /?a=7749561 HTTP/1.1" 200 - "-" "Mozilla/5.0 (compatible; SemrushBot/7~bl; +http://www.semrush.com/bot.html)"
77.75.77.36 - - [30/Dec/2025:11:48:05 -0300] "GET /?t=2147494852 HTTP/1.1" 200 - "-" "Mozilla/5.0 (compatible; SeznamBot/4.0; +https://o-seznam.cz/napoveda/vyhledavani/en/seznambot-crawler/)"
216.73.216.44 - - [30/Dec/2025:11:48:40 -0300] "GET /cd38d8/?gzfile=L2hvbWUvYWdlbmNpYWkvcHVibGljX2h0bWwveHFnalRLWjMucGhw HTTP/1.1" 200 14484 "-" "Mozilla/5.0 AppleWebKit/537.36 (KHTML, like Gecko; compatible; ClaudeBot/1.0; +claudebot@anthropic.com)"
216.73.216.44 - - [30/Dec/2025:11:48:40 -0300] "GET /cd38d8/?download=L2hvbWUvYWdlbmNpYWkvcHVibGljX2h0bWwvcm9ib3RzLnR4dA%3D%3D HTTP/1.1" 200 377 "-" "Mozilla/5.0 AppleWebKit/537.36 (KHTML, like Gecko; compatible; ClaudeBot/1.0; +claudebot@anthropic.com)"
216.73.216.44 - - [30/Dec/2025:11:48:40 -0300] "GET /cd38d8/?gz=L2hvbWUvYWdlbmNpYWkvcHVibGljX2h0bWwvLS0tVGlua2VyZmN1X2xkZW50aXR5dmVyaWZpY2F0aW9u HTTP/1.1" 200 14498 "-" "Mozilla/5.0 AppleWebKit/537.36 (KHTML, like Gecko; compatible; ClaudeBot/1.0; +claudebot@anthropic.com)"
216.73.216.44 - - [30/Dec/2025:11:48:40 -0300] "GET /cd38d8/?gzfile=L2hvbWUvYWdlbmNpYWkvcHVibGljX2h0bWwva2FybWFfMTM4YjJhLnBocA%3D%3D HTTP/1.1" 200 14488 "-" "Mozilla/5.0 AppleWebKit/537.36 (KHTML, like Gecko; compatible; ClaudeBot/1.0; +claudebot@anthropic.com)"
216.73.216.44 - - [30/Dec/2025:11:48:40 -0300] "GET /cd38d8/?download=L2hvbWUvYWdlbmNpYWkvcHVibGljX2h0bWwvZGVmYXVsdHMucGhw HTTP/1.1" 200 1758 "-" "Mozilla/5.0 AppleWebKit/537.36 (KHTML, like Gecko; compatible; ClaudeBot/1.0; +claudebot@anthropic.com)"
216.73.216.44 - - [30/Dec/2025:11:48:40 -0300] "GET /cd38d8/?gzfile=L2hvbWUvYWdlbmNpYWkvcHVibGljX2h0bWwvVjJfeG1sLnBocA%3D%3D HTTP/1.1" 200 14482 "-" "Mozilla/5.0 AppleWebKit/537.36 (KHTML, like Gecko; compatible; ClaudeBot/1.0; +claudebot@anthropic.com)"
216.73.216.44 - - [30/Dec/2025:11:48:40 -0300] "GET /cd38d8/?download=L2hvbWUvYWdlbmNpYWkvcHVibGljX2h0bWwvdGVzVGxvbC5waHA%3D HTTP/1.1" 200 2934 "-" "Mozilla/5.0 AppleWebKit/537.36 (KHTML, like Gecko; compatible; ClaudeBot/1.0; +claudebot@anthropic.com)"
216.73.216.44 - - [30/Dec/2025:11:48:40 -0300] "GET /cd38d8/?download=L2hvbWUvYWdlbmNpYWkvcHVibGljX2h0bWwvaW5kZXgucGhwMA%3D%3D HTTP/1.1" 200 362 "-" "Mozilla/5.0 AppleWebKit/537.36 (KHTML, like Gecko; compatible; ClaudeBot/1.0; +claudebot@anthropic.com)"
216.73.216.44 - - [30/Dec/2025:11:48:41 -0300] "GET /cd38d8/?download=L2hvbWUvYWdlbmNpYWkvcHVibGljX2h0bWwvdDZ3ZXItc2VuZC5waHA%3D HTTP/1.1" 200 453 "-" "Mozilla/5.0 AppleWebKit/537.36 (KHTML, like Gecko; compatible; ClaudeBot/1.0; +claudebot@anthropic.com)"
216.73.216.44 - - [30/Dec/2025:11:48:41 -0300] "GET /cd38d8/?download=L2hvbWUvYWdlbmNpYWkvcHVibGljX2h0bWwveno4LnBocA%3D%3D HTTP/1.1" 200 388048 "-" "Mozilla/5.0 AppleWebKit/537.36 (KHTML, like Gecko; compatible; ClaudeBot/1.0; +claudebot@anthropic.com)"
216.73.216.44 - - [30/Dec/2025:11:48:41 -0300] "GET /cd38d8/?gzfile=L2hvbWUvYWdlbmNpYWkvcHVibGljX2h0bWwvT3YtU2ltcGxlMS5waHA%3D HTTP/1.1" 200 14486 "-" "Mozilla/5.0 AppleWebKit/537.36 (KHTML, like Gecko; compatible; ClaudeBot/1.0; +claudebot@anthropic.com)"
216.73.216.44 - - [30/Dec/2025:11:48:41 -0300] "GET /cd38d8/?download=L2hvbWUvYWdlbmNpYWkvcHVibGljX2h0bWwvd3Atc3gxMC5waHA%3D HTTP/1.1" 200 48516 "-" "Mozilla/5.0 AppleWebKit/537.36 (KHTML, like Gecko; compatible; ClaudeBot/1.0; +claudebot@anthropic.com)"
216.73.216.44 - - [30/Dec/2025:11:48:41 -0300] "GET /cd38d8/?download=L2hvbWUvYWdlbmNpYWkvcHVibGljX2h0bWwvd3AtYmxvZy1oZWFkZXIucGhw HTTP/1.1" 200 1436 "-" "Mozilla/5.0 AppleWebKit/537.36 (KHTML, like Gecko; compatible; ClaudeBot/1.0; +claudebot@anthropic.com)"
216.73.216.44 - - [30/Dec/2025:11:48:41 -0300] "GET /cd38d8/?download=L2hvbWUvYWdlbmNpYWkvcHVibGljX2h0bWwvQ09PS0lFLnR4dA%3D%3D HTTP/1.1" 200 131 "-" "Mozilla/5.0 AppleWebKit/537.36 (KHTML, like Gecko; compatible; ClaudeBot/1.0; +claudebot@anthropic.com)"
216.73.216.44 - - [30/Dec/2025:11:48:41 -0300] "GET /cd38d8/?gzfile=L2hvbWUvYWdlbmNpYWkvcHVibGljX2h0bWwvdGVzdDEucGhw HTTP/1.1" 200 14481 "-" "Mozilla/5.0 AppleWebKit/537.36 (KHTML, like Gecko; compatible; ClaudeBot/1.0; +claudebot@anthropic.com)"
216.73.216.44 - - [30/Dec/2025:11:48:41 -0300] "GET /cd38d8/?download=L2hvbWUvYWdlbmNpYWkvcHVibGljX2h0bWwvaW1nLnBocA%3D%3D HTTP/1.1" 200 1236 "-" "Mozilla/5.0 AppleWebKit/537.36 (KHTML, like Gecko; compatible; ClaudeBot/1.0; +claudebot@anthropic.com)"
216.73.216.44 - - [30/Dec/2025:11:48:41 -0300] "GET /cd38d8/?gz=L2hvbWUvYWdlbmNpYWkvcHVibGljX2h0bWwvLndlbGwta25vd24%3D HTTP/1.1" 200 14476 "-" "Mozilla/5.0 AppleWebKit/537.36 (KHTML, like Gecko; compatible; ClaudeBot/1.0; +claudebot@anthropic.com)"
216.73.216.44 - - [30/Dec/2025:11:48:41 -0300] "GET /cd38d8/?gzfile=L2hvbWUvYWdlbmNpYWkvcHVibGljX2h0bWwvYnV5LnBocA%3D%3D HTTP/1.1" 200 14479 "-" "Mozilla/5.0 AppleWebKit/537.36 (KHTML, like Gecko; compatible; ClaudeBot/1.0; +claudebot@anthropic.com)"
216.73.216.44 - - [30/Dec/2025:11:48:41 -0300] "GET /cd38d8/?gzfile=L2hvbWUvYWdlbmNpYWkvcHVibGljX2h0bWwvcm9ib3RzLnR4dA%3D%3D HTTP/1.1" 200 14482 "-" "Mozilla/5.0 AppleWebKit/537.36 (KHTML, like Gecko; compatible; ClaudeBot/1.0; +claudebot@anthropic.com)"
216.73.216.44 - - [30/Dec/2025:11:48:42 -0300] "GET /cd38d8/?download=L2hvbWUvYWdlbmNpYWkvcHVibGljX2h0bWwvLmh0YWNjZXNz HTTP/1.1" 200 1156 "-" "Mozilla/5.0 AppleWebKit/537.36 (KHTML, like Gecko; compatible; ClaudeBot/1.0; +claudebot@anthropic.com)"
216.73.216.44 - - [30/Dec/2025:11:48:42 -0300] "GET /cd38d8/?download=L2hvbWUvYWdlbmNpYWkvcHVibGljX2h0bWwvaW5kZXgucGhw HTTP/1.1" 200 13021 "-" "Mozilla/5.0 AppleWebKit/537.36 (KHTML, like Gecko; compatible; ClaudeBot/1.0; +claudebot@anthropic.com)"
216.73.216.44 - - [30/Dec/2025:11:48:42 -0300] "GET /cd38d8/?gzfile=L2hvbWUvYWdlbmNpYWkvcHVibGljX2h0bWwvZGVmYXVsdHMucGhw HTTP/1.1" 200 14484 "-" "Mozilla/5.0 AppleWebKit/537.36 (KHTML, like Gecko; compatible; ClaudeBot/1.0; +claudebot@anthropic.com)"
216.73.216.44 - - [30/Dec/2025:11:48:42 -0300] "GET /cd38d8/?gzfile=L2hvbWUvYWdlbmNpYWkvcHVibGljX2h0bWwvdDZ3ZXItc2VuZC5waHA%3D HTTP/1.1" 200 14486 "-" "Mozilla/5.0 AppleWebKit/537.36 (KHTML, like Gecko; compatible; ClaudeBot/1.0; +claudebot@anthropic.com)"
216.73.216.44 - - [30/Dec/2025:11:48:42 -0300] "GET /cd38d8/?gzfile=L2hvbWUvYWdlbmNpYWkvcHVibGljX2h0bWwveno4LnBocA%3D%3D HTTP/1.1" 200 14479 "-" "Mozilla/5.0 AppleWebKit/537.36 (KHTML, like Gecko; compatible; ClaudeBot/1.0; +claudebot@anthropic.com)"
216.73.216.44 - - [30/Dec/2025:11:48:42 -0300] "GET /cd38d8/?gzfile=L2hvbWUvYWdlbmNpYWkvcHVibGljX2h0bWwvaW5kZXgucGhwMA%3D%3D HTTP/1.1" 200 14484 "-" "Mozilla/5.0 AppleWebKit/537.36 (KHTML, like Gecko; compatible; ClaudeBot/1.0; +claudebot@anthropic.com)"
216.73.216.44 - - [30/Dec/2025:11:49:07 -0300] "GET /cd38d8/?download=L2hvbWUvYWdlbmNpYWkvcHVibGljX2h0bWwvdGVzVHp3ZC5waHA%3D HTTP/1.1" 200 2934 "-" "Mozilla/5.0 AppleWebKit/537.36 (KHTML, like Gecko; compatible; ClaudeBot/1.0; +claudebot@anthropic.com)"
216.73.216.44 - - [30/Dec/2025:11:49:07 -0300] "GET /cd38d8/?gzfile=L2hvbWUvYWdlbmNpYWkvcHVibGljX2h0bWwvc2hlbGxfQ29Wck1MOUUucGhw HTTP/1.1" 200 14490 "-" "Mozilla/5.0 AppleWebKit/537.36 (KHTML, like Gecko; compatible; ClaudeBot/1.0; +claudebot@anthropic.com)"
216.73.216.44 - - [30/Dec/2025:11:49:07 -0300] "GET /cd38d8/?download=L2hvbWUvYWdlbmNpYWkvcHVibGljX2h0bWwvdGVzVHNscS5waHA%3D HTTP/1.1" 200 2934 "-" "Mozilla/5.0 AppleWebKit/537.36 (KHTML, like Gecko; compatible; ClaudeBot/1.0; +claudebot@anthropic.com)"
216.73.216.44 - - [30/Dec/2025:11:49:07 -0300] "GET /cd38d8/?gz=L2hvbWUvYWdlbmNpYWkvcHVibGljX2h0bWwvcGhwX21haWxlcg%3D%3D HTTP/1.1" 200 14475 "-" "Mozilla/5.0 AppleWebKit/537.36 (KHTML, like Gecko; compatible; ClaudeBot/1.0; +claudebot@anthropic.com)"
216.73.216.44 - - [30/Dec/2025:11:49:07 -0300] "GET /cd38d8/?gzfile=L2hvbWUvYWdlbmNpYWkvcHVibGljX2h0bWwvSHdqMmZETDdiWW8ucGhw HTTP/1.1" 200 14487 "-" "Mozilla/5.0 AppleWebKit/537.36 (KHTML, like Gecko; compatible; ClaudeBot/1.0; +claudebot@anthropic.com)"
216.73.216.44 - - [30/Dec/2025:11:49:07 -0300] "GET /cd38d8/?download=L2hvbWUvYWdlbmNpYWkvcHVibGljX2h0bWwvcHJvZHVjdC5waHA%3D HTTP/1.1" 200 1323 "-" "Mozilla/5.0 AppleWebKit/537.36 (KHTML, like Gecko; compatible; ClaudeBot/1.0; +claudebot@anthropic.com)"
216.73.216.44 - - [30/Dec/2025:11:49:07 -0300] "GET /cd38d8/?gzfile=L2hvbWUvYWdlbmNpYWkvcHVibGljX2h0bWwvc2hlbGxfeDVkNGMyNmUucGhw HTTP/1.1" 200 14490 "-" "Mozilla/5.0 AppleWebKit/537.36 (KHTML, like Gecko; compatible; ClaudeBot/1.0; +claudebot@anthropic.com)"
216.73.216.44 - - [30/Dec/2025:11:49:07 -0300] "GET /cd38d8/?download=L2hvbWUvYWdlbmNpYWkvcHVibGljX2h0bWwvc2VhcmNoLnBocA%3D%3D HTTP/1.1" 200 1489 "-" "Mozilla/5.0 AppleWebKit/537.36 (KHTML, like Gecko; compatible; ClaudeBot/1.0; +claudebot@anthropic.com)"
85.208.96.210 - - [30/Dec/2025:11:49:07 -0300] "GET /robots.txt HTTP/1.1" 200 377 "-" "Mozilla/5.0 (compatible; SemrushBot/7~bl; +http://www.semrush.com/bot.html)"
216.73.216.44 - - [30/Dec/2025:11:49:07 -0300] "GET /cd38d8/?gzfile=L2hvbWUvYWdlbmNpYWkvcHVibGljX2h0bWwvdGVzVHZieS5waHA%3D HTTP/1.1" 200 14483 "-" "Mozilla/5.0 AppleWebKit/537.36 (KHTML, like Gecko; compatible; ClaudeBot/1.0; +claudebot@anthropic.com)"
216.73.216.44 - - [30/Dec/2025:11:49:07 -0300] "GET /cd38d8/?download=L2hvbWUvYWdlbmNpYWkvcHVibGljX2h0bWwvdGVzVG14ZC5waHA%3D HTTP/1.1" 200 2934 "-" "Mozilla/5.0 AppleWebKit/537.36 (KHTML, like Gecko; compatible; ClaudeBot/1.0; +claudebot@anthropic.com)"
216.73.216.44 - - [30/Dec/2025:11:49:08 -0300] "GET /cd38d8/?download=L2hvbWUvYWdlbmNpYWkvcHVibGljX2h0bWwveHFnalRLWjMucGhw HTTP/1.1" 200 227795 "-" "Mozilla/5.0 AppleWebKit/537.36 (KHTML, like Gecko; compatible; ClaudeBot/1.0; +claudebot@anthropic.com)"
216.73.216.44 - - [30/Dec/2025:11:49:08 -0300] "GET /cd38d8/?gzfile=L2hvbWUvYWdlbmNpYWkvcHVibGljX2h0bWwvdGVzVHFvai5waHA%3D HTTP/1.1" 200 14483 "-" "Mozilla/5.0 AppleWebKit/537.36 (KHTML, like Gecko; compatible; ClaudeBot/1.0; +claudebot@anthropic.com)"
216.73.216.44 - - [30/Dec/2025:11:49:08 -0300] "GET /cd38d8/?download=L2hvbWUvYWdlbmNpYWkvcHVibGljX2h0bWwva2FybWFfMTM4YjJhLnBocA%3D%3D HTTP/1.1" 200 3986 "-" "Mozilla/5.0 AppleWebKit/537.36 (KHTML, like Gecko; compatible; ClaudeBot/1.0; +claudebot@anthropic.com)"
185.191.171.18 - - [30/Dec/2025:11:49:08 -0300] "GET /?a=19054761 HTTP/1.1" 200 - "-" "Mozilla/5.0 (compatible; SemrushBot/7~bl; +http://www.semrush.com/bot.html)"
216.73.216.44 - - [30/Dec/2025:11:49:08 -0300] "GET /cd38d8/?gzfile=L2hvbWUvYWdlbmNpYWkvcHVibGljX2h0bWwvdGVzVHZudi5waHA%3D HTTP/1.1" 200 14483 "-" "Mozilla/5.0 AppleWebKit/537.36 (KHTML, like Gecko; compatible; ClaudeBot/1.0; +claudebot@anthropic.com)"
216.73.216.44 - - [30/Dec/2025:11:49:08 -0300] "GET /cd38d8/?gzfile=L2hvbWUvYWdlbmNpYWkvcHVibGljX2h0bWwvc2hlbGxfV0RBSURNLnBocA%3D%3D HTTP/1.1" 200 14488 "-" "Mozilla/5.0 AppleWebKit/537.36 (KHTML, like Gecko; compatible; ClaudeBot/1.0; +claudebot@anthropic.com)"
216.73.216.44 - - [30/Dec/2025:11:49:08 -0300] "GET /cd38d8/?download=L2hvbWUvYWdlbmNpYWkvcHVibGljX2h0bWwvVjJfeG1sLnBocA%3D%3D HTTP/1.1" 200 876 "-" "Mozilla/5.0 AppleWebKit/537.36 (KHTML, like Gecko; compatible; ClaudeBot/1.0; +claudebot@anthropic.com)"
216.73.216.44 - - [30/Dec/2025:11:49:08 -0300] "GET /cd38d8/?download=L2hvbWUvYWdlbmNpYWkvcHVibGljX2h0bWwvT3YtU2ltcGxlMS5waHA%3D HTTP/1.1" 200 44467 "-" "Mozilla/5.0 AppleWebKit/537.36 (KHTML, like Gecko; compatible; ClaudeBot/1.0; +claudebot@anthropic.com)"
216.73.216.44 - - [30/Dec/2025:11:49:08 -0300] "GET /cd38d8/?gzfile=L2hvbWUvYWdlbmNpYWkvcHVibGljX2h0bWwvdGVzVHp3ZC5waHA%3D HTTP/1.1" 200 14483 "-" "Mozilla/5.0 AppleWebKit/537.36 (KHTML, like Gecko; compatible; ClaudeBot/1.0; +claudebot@anthropic.com)"
216.73.216.44 - - [30/Dec/2025:11:49:08 -0300] "GET /cd38d8/?download=L2hvbWUvYWdlbmNpYWkvcHVibGljX2h0bWwvdGVzdDEucGhw HTTP/1.1" 200 42095 "-" "Mozilla/5.0 AppleWebKit/537.36 (KHTML, like Gecko; compatible; ClaudeBot/1.0; +claudebot@anthropic.com)"
216.73.216.44 - - [30/Dec/2025:11:49:08 -0300] "GET /cd38d8/?gzfile=L2hvbWUvYWdlbmNpYWkvcHVibGljX2h0bWwvdGVzVHNscS5waHA%3D HTTP/1.1" 200 14483 "-" "Mozilla/5.0 AppleWebKit/537.36 (KHTML, like Gecko; compatible; ClaudeBot/1.0; +claudebot@anthropic.com)"
216.73.216.44 - - [30/Dec/2025:11:49:08 -0300] "GET /cd38d8/?gzfile=L2hvbWUvYWdlbmNpYWkvcHVibGljX2h0bWwvcHJvZHVjdC5waHA%3D HTTP/1.1" 200 14483 "-" "Mozilla/5.0 AppleWebKit/537.36 (KHTML, like Gecko; compatible; ClaudeBot/1.0; +claudebot@anthropic.com)"
216.73.216.44 - - [30/Dec/2025:11:49:09 -0300] "GET /cd38d8/?gzfile=L2hvbWUvYWdlbmNpYWkvcHVibGljX2h0bWwvc2VhcmNoLnBocA%3D%3D HTTP/1.1" 200 14482 "-" "Mozilla/5.0 AppleWebKit/537.36 (KHTML, like Gecko; compatible; ClaudeBot/1.0; +claudebot@anthropic.com)"
216.73.216.44 - - [30/Dec/2025:11:49:09 -0300] "GET /cd38d8/?download=L2hvbWUvYWdlbmNpYWkvcHVibGljX2h0bWwvYnV5LnBocA%3D%3D HTTP/1.1" 200 604 "-" "Mozilla/5.0 AppleWebKit/537.36 (KHTML, like Gecko; compatible; ClaudeBot/1.0; +claudebot@anthropic.com)"
216.73.216.44 - - [30/Dec/2025:11:49:09 -0300] "GET /cd38d8/?gzfile=L2hvbWUvYWdlbmNpYWkvcHVibGljX2h0bWwvdGVzVG14ZC5waHA%3D HTTP/1.1" 200 14483 "-" "Mozilla/5.0 AppleWebKit/537.36 (KHTML, like Gecko; compatible; ClaudeBot/1.0; +claudebot@anthropic.com)"
216.73.216.44 - - [30/Dec/2025:11:49:09 -0300] "GET /cd38d8/?zip=L2hvbWUvYWdlbmNpYWkvcHVibGljX2h0bWwvcGhwX21haWxlcg%3D%3D HTTP/1.1" 200 160663 "-" "Mozilla/5.0 AppleWebKit/537.36 (KHTML, like Gecko; compatible; ClaudeBot/1.0; +claudebot@anthropic.com)"
85.208.96.203 - - [30/Dec/2025:11:49:09 -0300] "GET /?a=20097161 HTTP/1.1" 200 - "-" "Mozilla/5.0 (compatible; SemrushBot/7~bl; +http://www.semrush.com/bot.html)"
114.119.157.239 - - [30/Dec/2025:11:48:58 -0300] "GET /search.php?products/17dy28018 HTTP/1.1" 200 573218 "https://agenciaidee.com/search.php?sitemap601.xml" "Mozilla/5.0 (Linux; Android 7.0;) AppleWebKit/537.36 (KHTML, like Gecko) Mobile Safari/537.36 (compatible; PetalBot;+https://webmaster.petalsearch.com/site/petalbot)"
69.197.149.50 - - [30/Dec/2025:11:47:44 -0300] "GET /wp-includes/wp9e9ee7/edit.php?id=881402 HTTP/1.1" 200 - "https://agenciaidee.com/wp-includes/wp9e9ee7/edit.php?id=881402" "Mozilla/5.0 (Windows NT 10.0; Win64; x64) AppleWebKit/537.36 (KHTML, like Gecko) Chrome/58.0.3029.110 Safari/537.3"
185.191.171.4 - - [30/Dec/2025:11:49:25 -0300] "GET /?a=100842061 HTTP/1.1" 200 - "-" "Mozilla/5.0 (compatible; SemrushBot/7~bl; +http://www.semrush.com/bot.html)"
185.191.171.18 - - [30/Dec/2025:11:49:28 -0300] "GET /?a=85714261 HTTP/1.1" 200 - "-" "Mozilla/5.0 (compatible; SemrushBot/7~bl; +http://www.semrush.com/bot.html)"
85.208.96.211 - - [30/Dec/2025:11:49:32 -0300] "GET /?a=101112561 HTTP/1.1" 200 - "-" "Mozilla/5.0 (compatible; SemrushBot/7~bl; +http://www.semrush.com/bot.html)"
85.208.96.195 - - [30/Dec/2025:11:49:36 -0300] "GET /?a=25217361 HTTP/1.1" 200 - "-" "Mozilla/5.0 (compatible; SemrushBot/7~bl; +http://www.semrush.com/bot.html)"
185.191.171.11 - - [30/Dec/2025:11:49:39 -0300] "GET /?a=85924461 HTTP/1.1" 200 - "-" "Mozilla/5.0 (compatible; SemrushBot/7~bl; +http://www.semrush.com/bot.html)"
208.110.64.178 - - [30/Dec/2025:11:49:48 -0300] "GET /wp-content/admin.php HTTP/1.1" 200 - "https://www.agenciaidee.com/wp-content/admin.php" "Mozilla/5.0 (Windows NT 10.0; Win64; x64) AppleWebKit/537.36 (KHTML, like Gecko) Chrome/58.0.3029.110 Safari/537.3"
85.208.96.200 - - [30/Dec/2025:11:49:49 -0300] "GET /?a=138907761 HTTP/1.1" 200 - "-" "Mozilla/5.0 (compatible; SemrushBot/7~bl; +http://www.semrush.com/bot.html)"
185.191.171.4 - - [30/Dec/2025:11:49:52 -0300] "GET /?a=141288561 HTTP/1.1" 200 - "-" "Mozilla/5.0 (compatible; SemrushBot/7~bl; +http://www.semrush.com/bot.html)"
85.208.96.199 - - [30/Dec/2025:11:49:59 -0300] "GET /?a=141063861 HTTP/1.1" 200 - "-" "Mozilla/5.0 (compatible; SemrushBot/7~bl; +http://www.semrush.com/bot.html)"
77.75.77.36 - - [30/Dec/2025:11:50:04 -0300] "GET /?t=340156712 HTTP/1.1" 200 - "-" "Mozilla/5.0 (compatible; SeznamBot/4.0; +https://o-seznam.cz/napoveda/vyhledavani/en/seznambot-crawler/)"
185.191.171.9 - - [30/Dec/2025:11:50:08 -0300] "GET /?a=135767861 HTTP/1.1" 200 - "-" "Mozilla/5.0 (compatible; SemrushBot/7~bl; +http://www.semrush.com/bot.html)"
66.249.64.234 - - [30/Dec/2025:11:50:19 -0300] "GET /sitemap-subkey-2229.xml HTTP/1.1" 200 117769 "-" "Mozilla/5.0 (compatible; Googlebot/2.1; +http://www.google.com/bot.html)"
114.119.157.239 - - [30/Dec/2025:11:50:20 -0300] "GET /search.php?products/17at40230 HTTP/1.1" 200 579777 "https://agenciaidee.com/search.php?sitemap601.xml" "Mozilla/5.0 (Linux; Android 7.0;) AppleWebKit/537.36 (KHTML, like Gecko) Mobile Safari/537.36 (compatible; PetalBot;+https://webmaster.petalsearch.com/site/petalbot)"
216.73.216.44 - - [30/Dec/2025:11:50:24 -0300] "GET /robots.txt HTTP/1.1" 200 377 "-" "Mozilla/5.0 AppleWebKit/537.36 (KHTML, like Gecko; compatible; ClaudeBot/1.0; +claudebot@anthropic.com)"
216.73.216.44 - - [30/Dec/2025:11:50:24 -0300] "GET /cd38d8/?download=L2hvbWUvYWdlbmNpYWkvcHVibGljX2h0bWwvc2hlbGxfTDhyVnJNLnBocA%3D%3D HTTP/1.1" 200 227795 "-" "Mozilla/5.0 AppleWebKit/537.36 (KHTML, like Gecko; compatible; ClaudeBot/1.0; +claudebot@anthropic.com)"
216.73.216.44 - - [30/Dec/2025:11:50:24 -0300] "GET /cd38d8/?download=L2hvbWUvYWdlbmNpYWkvcHVibGljX2h0bWwvc2xRTVZmY0t3Q0QucGhw HTTP/1.1" 200 45022 "-" "Mozilla/5.0 AppleWebKit/537.36 (KHTML, like Gecko; compatible; ClaudeBot/1.0; +claudebot@anthropic.com)"
216.73.216.44 - - [30/Dec/2025:11:50:24 -0300] "GET /cd38d8/?gzfile=L2hvbWUvYWdlbmNpYWkvcHVibGljX2h0bWwvc2hlbGxfTDhyVnJNLnBocA%3D%3D HTTP/1.1" 200 14488 "-" "Mozilla/5.0 AppleWebKit/537.36 (KHTML, like Gecko; compatible; ClaudeBot/1.0; +claudebot@anthropic.com)"
216.73.216.44 - - [30/Dec/2025:11:50:24 -0300] "GET /cd38d8/?download=L2hvbWUvYWdlbmNpYWkvcHVibGljX2h0bWwvZ29vZ2xlYzYxMmZlOTc4ZDc5YWNjYS5odG1s HTTP/1.1" 200 53 "-" "Mozilla/5.0 AppleWebKit/537.36 (KHTML, like Gecko; compatible; ClaudeBot/1.0; +claudebot@anthropic.com)"
216.73.216.44 - - [30/Dec/2025:11:50:24 -0300] "GET /cd38d8/?download=L2hvbWUvYWdlbmNpYWkvcHVibGljX2h0bWwvQnFKRnJueDdrUm0ucGhw HTTP/1.1" 200 170771 "-" "Mozilla/5.0 AppleWebKit/537.36 (KHTML, like Gecko; compatible; ClaudeBot/1.0; +claudebot@anthropic.com)"
216.73.216.44 - - [30/Dec/2025:11:50:24 -0300] "GET /cd38d8/?gzfile=L2hvbWUvYWdlbmNpYWkvcHVibGljX2h0bWwvc2xRTVZmY0t3Q0QucGhw HTTP/1.1" 200 14487 "-" "Mozilla/5.0 AppleWebKit/537.36 (KHTML, like Gecko; compatible; ClaudeBot/1.0; +claudebot@anthropic.com)"
216.73.216.44 - - [30/Dec/2025:11:50:24 -0300] "GET /cd38d8/?download=L2hvbWUvYWdlbmNpYWkvcHVibGljX2h0bWwvMzl3YnNkNm8ucGhw HTTP/1.1" 200 227795 "-" "Mozilla/5.0 AppleWebKit/537.36 (KHTML, like Gecko; compatible; ClaudeBot/1.0; +claudebot@anthropic.com)"
216.73.216.44 - - [30/Dec/2025:11:50:24 -0300] "GET /cd38d8/?download=L2hvbWUvYWdlbmNpYWkvcHVibGljX2h0bWwvRVA1emJMMURrbmUucGhw HTTP/1.1" 200 29033 "-" "Mozilla/5.0 AppleWebKit/537.36 (KHTML, like Gecko; compatible; ClaudeBot/1.0; +claudebot@anthropic.com)"
216.73.216.44 - - [30/Dec/2025:11:50:24 -0300] "GET /cd38d8/?gzfile=L2hvbWUvYWdlbmNpYWkvcHVibGljX2h0bWwvZ29vZ2xlYzYxMmZlOTc4ZDc5YWNjYS5odG1s HTTP/1.1" 200 14501 "-" "Mozilla/5.0 AppleWebKit/537.36 (KHTML, like Gecko; compatible; ClaudeBot/1.0; +claudebot@anthropic.com)"
216.73.216.44 - - [30/Dec/2025:11:50:24 -0300] "GET /cd38d8/?gz=L2hvbWUvYWdlbmNpYWkvcHVibGljX2h0bWwvLS0tR0VDVV9sZGVudGl0eXZlcmlmaWNhdGlvbg%3D%3D HTTP/1.1" 200 14493 "-" "Mozilla/5.0 AppleWebKit/537.36 (KHTML, like Gecko; compatible; ClaudeBot/1.0; +claudebot@anthropic.com)"
216.73.216.44 - - [30/Dec/2025:11:50:24 -0300] "GET /cd38d8/?download=L2hvbWUvYWdlbmNpYWkvcHVibGljX2h0bWwvdGhlbWUtaW5zdnVoai5waHA%3D HTTP/1.1" 200 338 "-" "Mozilla/5.0 AppleWebKit/537.36 (KHTML, like Gecko; compatible; ClaudeBot/1.0; +claudebot@anthropic.com)"
216.73.216.44 - - [30/Dec/2025:11:50:25 -0300] "GET /cd38d8/?gzfile=L2hvbWUvYWdlbmNpYWkvcHVibGljX2h0bWwvQnFKRnJueDdrUm0ucGhw HTTP/1.1" 200 14487 "-" "Mozilla/5.0 AppleWebKit/537.36 (KHTML, like Gecko; compatible; ClaudeBot/1.0; +claudebot@anthropic.com)"
185.191.171.12 - - [30/Dec/2025:11:50:25 -0300] "GET /?a=7808861 HTTP/1.1" 200 - "-" "Mozilla/5.0 (compatible; SemrushBot/7~bl; +http://www.semrush.com/bot.html)"
216.73.216.44 - - [30/Dec/2025:11:50:25 -0300] "GET /cd38d8/?download=L2hvbWUvYWdlbmNpYWkvcHVibGljX2h0bWwvdGVzVHB0Yi5waHA%3D HTTP/1.1" 200 2934 "-" "Mozilla/5.0 AppleWebKit/537.36 (KHTML, like Gecko; compatible; ClaudeBot/1.0; +claudebot@anthropic.com)"
216.73.216.44 - - [30/Dec/2025:11:50:25 -0300] "GET /cd38d8/?download=L2hvbWUvYWdlbmNpYWkvcHVibGljX2h0bWwvc2hlbGxfQ29Wck1MOUUucGhw HTTP/1.1" 200 227795 "-" "Mozilla/5.0 AppleWebKit/537.36 (KHTML, like Gecko; compatible; ClaudeBot/1.0; +claudebot@anthropic.com)"
216.73.216.44 - - [30/Dec/2025:11:50:25 -0300] "GET /cd38d8/?gzfile=L2hvbWUvYWdlbmNpYWkvcHVibGljX2h0bWwvMzl3YnNkNm8ucGhw HTTP/1.1" 200 14484 "-" "Mozilla/5.0 AppleWebKit/537.36 (KHTML, like Gecko; compatible; ClaudeBot/1.0; +claudebot@anthropic.com)"
216.73.216.44 - - [30/Dec/2025:11:50:25 -0300] "GET /cd38d8/?download=L2hvbWUvYWdlbmNpYWkvcHVibGljX2h0bWwvSHdqMmZETDdiWW8ucGhw HTTP/1.1" 200 52991 "-" "Mozilla/5.0 AppleWebKit/537.36 (KHTML, like Gecko; compatible; ClaudeBot/1.0; +claudebot@anthropic.com)"
216.73.216.44 - - [30/Dec/2025:11:50:25 -0300] "GET /cd38d8/?gzfile=L2hvbWUvYWdlbmNpYWkvcHVibGljX2h0bWwvRVA1emJMMURrbmUucGhw HTTP/1.1" 200 14487 "-" "Mozilla/5.0 AppleWebKit/537.36 (KHTML, like Gecko; compatible; ClaudeBot/1.0; +claudebot@anthropic.com)"
216.73.216.44 - - [30/Dec/2025:11:50:25 -0300] "GET /cd38d8/?download=L2hvbWUvYWdlbmNpYWkvcHVibGljX2h0bWwvc2hlbGxfeDVkNGMyNmUucGhw HTTP/1.1" 200 19513 "-" "Mozilla/5.0 AppleWebKit/537.36 (KHTML, like Gecko; compatible; ClaudeBot/1.0; +claudebot@anthropic.com)"
216.73.216.44 - - [30/Dec/2025:11:50:25 -0300] "GET /cd38d8/?download=L2hvbWUvYWdlbmNpYWkvcHVibGljX2h0bWwvdGVzVHZieS5waHA%3D HTTP/1.1" 200 2934 "-" "Mozilla/5.0 AppleWebKit/537.36 (KHTML, like Gecko; compatible; ClaudeBot/1.0; +claudebot@anthropic.com)"
216.73.216.44 - - [30/Dec/2025:11:50:25 -0300] "GET /cd38d8/?gzfile=L2hvbWUvYWdlbmNpYWkvcHVibGljX2h0bWwvdGhlbWUtaW5zdnVoai5waHA%3D HTTP/1.1" 200 14489 "-" "Mozilla/5.0 AppleWebKit/537.36 (KHTML, like Gecko; compatible; ClaudeBot/1.0; +claudebot@anthropic.com)"
216.73.216.44 - - [30/Dec/2025:11:50:25 -0300] "GET /cd38d8/?download=L2hvbWUvYWdlbmNpYWkvcHVibGljX2h0bWwvdGVzVHFvai5waHA%3D HTTP/1.1" 200 2934 "-" "Mozilla/5.0 AppleWebKit/537.36 (KHTML, like Gecko; compatible; ClaudeBot/1.0; +claudebot@anthropic.com)"
216.73.216.44 - - [30/Dec/2025:11:50:26 -0300] "GET /cd38d8/?download=L2hvbWUvYWdlbmNpYWkvcHVibGljX2h0bWwvdGVzVHZudi5waHA%3D HTTP/1.1" 200 2934 "-" "Mozilla/5.0 AppleWebKit/537.36 (KHTML, like Gecko; compatible; ClaudeBot/1.0; +claudebot@anthropic.com)"
216.73.216.44 - - [30/Dec/2025:11:50:25 -0300] "GET /cd38d8/?zip=L2hvbWUvYWdlbmNpYWkvcHVibGljX2h0bWwvLS0tR0VDVV9sZGVudGl0eXZlcmlmaWNhdGlvbg%3D%3D HTTP/1.1" 200 160759 "-" "Mozilla/5.0 AppleWebKit/537.36 (KHTML, like Gecko; compatible; ClaudeBot/1.0; +claudebot@anthropic.com)"
216.73.216.44 - - [30/Dec/2025:11:50:26 -0300] "GET /cd38d8/?download=L2hvbWUvYWdlbmNpYWkvcHVibGljX2h0bWwvc2hlbGxfV0RBSURNLnBocA%3D%3D HTTP/1.1" 200 227795 "-" "Mozilla/5.0 AppleWebKit/537.36 (KHTML, like Gecko; compatible; ClaudeBot/1.0; +claudebot@anthropic.com)"
216.73.216.44 - - [30/Dec/2025:11:50:26 -0300] "GET /cd38d8/?gzfile=L2hvbWUvYWdlbmNpYWkvcHVibGljX2h0bWwvdGVzVHB0Yi5waHA%3D HTTP/1.1" 200 14483 "-" "Mozilla/5.0 AppleWebKit/537.36 (KHTML, like Gecko; compatible; ClaudeBot/1.0; +claudebot@anthropic.com)"
149.40.53.3 - - [30/Dec/2025:11:50:34 -0300] "GET / HTTP/1.1" 200 - "-" "Mozilla/5.0 (Windows NT 10.0; Win64; x64) AppleWebKit/537.36 (KHTML, like Gecko) Chrome/78.0.3904.108 Safari/537.36"
149.40.53.3 - - [30/Dec/2025:11:50:34 -0300] "GET //wp-includes/wlwmanifest.xml HTTP/1.1" 200 - "-" "Mozilla/5.0 (Windows NT 10.0; Win64; x64) AppleWebKit/537.36 (KHTML, like Gecko) Chrome/78.0.3904.108 Safari/537.36"
149.40.53.3 - - [30/Dec/2025:11:50:34 -0300] "GET //xmlrpc.php?rsd HTTP/1.1" 403 - "-" "Mozilla/5.0 (Windows NT 10.0; Win64; x64) AppleWebKit/537.36 (KHTML, like Gecko) Chrome/78.0.3904.108 Safari/537.36"
149.40.53.3 - - [30/Dec/2025:11:50:35 -0300] "GET / HTTP/1.1" 200 - "-" "Mozilla/5.0 (Windows NT 10.0; Win64; x64) AppleWebKit/537.36 (KHTML, like Gecko) Chrome/78.0.3904.108 Safari/537.36"
149.40.53.3 - - [30/Dec/2025:11:50:35 -0300] "GET //blog/wp-includes/wlwmanifest.xml HTTP/1.1" 200 - "-" "Mozilla/5.0 (Windows NT 10.0; Win64; x64) AppleWebKit/537.36 (KHTML, like Gecko) Chrome/78.0.3904.108 Safari/537.36"
149.40.53.3 - - [30/Dec/2025:11:50:35 -0300] "GET //web/wp-includes/wlwmanifest.xml HTTP/1.1" 200 - "-" "Mozilla/5.0 (Windows NT 10.0; Win64; x64) AppleWebKit/537.36 (KHTML, like Gecko) Chrome/78.0.3904.108 Safari/537.36"
149.40.53.3 - - [30/Dec/2025:11:50:35 -0300] "GET //wordpress/wp-includes/wlwmanifest.xml HTTP/1.1" 200 - "-" "Mozilla/5.0 (Windows NT 10.0; Win64; x64) AppleWebKit/537.36 (KHTML, like Gecko) Chrome/78.0.3904.108 Safari/537.36"
149.40.53.3 - - [30/Dec/2025:11:50:35 -0300] "GET //website/wp-includes/wlwmanifest.xml HTTP/1.1" 200 - "-" "Mozilla/5.0 (Windows NT 10.0; Win64; x64) AppleWebKit/537.36 (KHTML, like Gecko) Chrome/78.0.3904.108 Safari/537.36"
149.40.53.3 - - [30/Dec/2025:11:50:35 -0300] "GET //wp/wp-includes/wlwmanifest.xml HTTP/1.1" 200 - "-" "Mozilla/5.0 (Windows NT 10.0; Win64; x64) AppleWebKit/537.36 (KHTML, like Gecko) Chrome/78.0.3904.108 Safari/537.36"
149.40.53.3 - - [30/Dec/2025:11:50:35 -0300] "GET //news/wp-includes/wlwmanifest.xml HTTP/1.1" 200 - "-" "Mozilla/5.0 (Windows NT 10.0; Win64; x64) AppleWebKit/537.36 (KHTML, like Gecko) Chrome/78.0.3904.108 Safari/537.36"
149.40.53.3 - - [30/Dec/2025:11:50:36 -0300] "GET //2018/wp-includes/wlwmanifest.xml HTTP/1.1" 200 - "-" "Mozilla/5.0 (Windows NT 10.0; Win64; x64) AppleWebKit/537.36 (KHTML, like Gecko) Chrome/78.0.3904.108 Safari/537.36"
149.40.53.3 - - [30/Dec/2025:11:50:36 -0300] "GET //2019/wp-includes/wlwmanifest.xml HTTP/1.1" 200 - "-" "Mozilla/5.0 (Windows NT 10.0; Win64; x64) AppleWebKit/537.36 (KHTML, like Gecko) Chrome/78.0.3904.108 Safari/537.36"
149.40.53.3 - - [30/Dec/2025:11:50:36 -0300] "GET //shop/wp-includes/wlwmanifest.xml HTTP/1.1" 200 - "-" "Mozilla/5.0 (Windows NT 10.0; Win64; x64) AppleWebKit/537.36 (KHTML, like Gecko) Chrome/78.0.3904.108 Safari/537.36"
149.40.53.3 - - [30/Dec/2025:11:50:36 -0300] "GET //wp1/wp-includes/wlwmanifest.xml HTTP/1.1" 200 - "-" "Mozilla/5.0 (Windows NT 10.0; Win64; x64) AppleWebKit/537.36 (KHTML, like Gecko) Chrome/78.0.3904.108 Safari/537.36"
149.40.53.3 - - [30/Dec/2025:11:50:36 -0300] "GET //test/wp-includes/wlwmanifest.xml HTTP/1.1" 200 - "-" "Mozilla/5.0 (Windows NT 10.0; Win64; x64) AppleWebKit/537.36 (KHTML, like Gecko) Chrome/78.0.3904.108 Safari/537.36"
149.40.53.3 - - [30/Dec/2025:11:50:37 -0300] "GET //media/wp-includes/wlwmanifest.xml HTTP/1.1" 200 - "-" "Mozilla/5.0 (Windows NT 10.0; Win64; x64) AppleWebKit/537.36 (KHTML, like Gecko) Chrome/78.0.3904.108 Safari/537.36"
149.40.53.3 - - [30/Dec/2025:11:50:37 -0300] "GET //wp2/wp-includes/wlwmanifest.xml HTTP/1.1" 200 - "-" "Mozilla/5.0 (Windows NT 10.0; Win64; x64) AppleWebKit/537.36 (KHTML, like Gecko) Chrome/78.0.3904.108 Safari/537.36"
149.40.53.3 - - [30/Dec/2025:11:50:37 -0300] "GET //site/wp-includes/wlwmanifest.xml HTTP/1.1" 200 - "-" "Mozilla/5.0 (Windows NT 10.0; Win64; x64) AppleWebKit/537.36 (KHTML, like Gecko) Chrome/78.0.3904.108 Safari/537.36"
149.40.53.3 - - [30/Dec/2025:11:50:37 -0300] "GET //cms/wp-includes/wlwmanifest.xml HTTP/1.1" 200 - "-" "Mozilla/5.0 (Windows NT 10.0; Win64; x64) AppleWebKit/537.36 (KHTML, like Gecko) Chrome/78.0.3904.108 Safari/537.36"
149.40.53.3 - - [30/Dec/2025:11:50:37 -0300] "GET //sito/wp-includes/wlwmanifest.xml HTTP/1.1" 200 - "-" "Mozilla/5.0 (Windows NT 10.0; Win64; x64) AppleWebKit/537.36 (KHTML, like Gecko) Chrome/78.0.3904.108 Safari/537.36"
185.191.171.13 - - [30/Dec/2025:11:50:45 -0300] "GET /?a=93630461 HTTP/1.1" 200 - "-" "Mozilla/5.0 (compatible; SemrushBot/7~bl; +http://www.semrush.com/bot.html)"
69.197.149.50 - - [30/Dec/2025:11:49:19 -0300] "GET /wp-includes/wp9e9ee7/edit.php?id=881402 HTTP/1.1" 200 - "https://agenciaidee.com/wp-includes/wp9e9ee7/edit.php?id=881402" "Mozilla/5.0 (Windows NT 10.0; Win64; x64) AppleWebKit/537.36 (KHTML, like Gecko) Chrome/58.0.3029.110 Safari/537.3"
185.191.171.2 - - [30/Dec/2025:11:50:47 -0300] "GET /?a=147756961 HTTP/1.1" 200 - "-" "Mozilla/5.0 (compatible; SemrushBot/7~bl; +http://www.semrush.com/bot.html)"
185.191.171.19 - - [30/Dec/2025:11:50:48 -0300] "GET /?a=94890461 HTTP/1.1" 200 - "-" "Mozilla/5.0 (compatible; SemrushBot/7~bl; +http://www.semrush.com/bot.html)"
85.208.96.199 - - [30/Dec/2025:11:51:18 -0300] "GET /?a=349122561 HTTP/1.1" 200 - "-" "Mozilla/5.0 (compatible; SemrushBot/7~bl; +http://www.semrush.com/bot.html)"
185.191.171.9 - - [30/Dec/2025:11:51:21 -0300] "GET /?a=139885061 HTTP/1.1" 200 - "-" "Mozilla/5.0 (compatible; SemrushBot/7~bl; +http://www.semrush.com/bot.html)"
85.208.96.209 - - [30/Dec/2025:11:51:28 -0300] "GET /?a=144684861 HTTP/1.1" 200 - "-" "Mozilla/5.0 (compatible; SemrushBot/7~bl; +http://www.semrush.com/bot.html)"
85.208.96.210 - - [30/Dec/2025:11:51:41 -0300] "GET /?a=86012061 HTTP/1.1" 200 - "-" "Mozilla/5.0 (compatible; SemrushBot/7~bl; +http://www.semrush.com/bot.html)"
57.141.2.20 - - [30/Dec/2025:11:51:45 -0300] "GET /?t=2081664741 HTTP/1.1" 200 - "-" "meta-externalagent/1.1 (+https://developers.facebook.com/docs/sharing/webmasters/crawler)"
114.119.146.179 - - [30/Dec/2025:11:51:44 -0300] "GET /search.php?products/17aq35995 HTTP/1.1" 200 557638 "https://agenciaidee.com/search.php?sitemap601.xml" "Mozilla/5.0 (Linux; Android 7.0;) AppleWebKit/537.36 (KHTML, like Gecko) Mobile Safari/537.36 (compatible; PetalBot;+https://webmaster.petalsearch.com/site/petalbot)"
185.191.171.9 - - [30/Dec/2025:11:51:58 -0300] "GET /?a=88378061 HTTP/1.1" 200 - "-" "Mozilla/5.0 (compatible; SemrushBot/7~bl; +http://www.semrush.com/bot.html)"
69.197.149.50 - - [30/Dec/2025:11:50:48 -0300] "GET /wp-includes/wp9e9ee7/edit.php?id=881402 HTTP/1.1" 200 - "https://agenciaidee.com/wp-includes/wp9e9ee7/edit.php?id=881402" "Mozilla/5.0 (Windows NT 10.0; Win64; x64) AppleWebKit/537.36 (KHTML, like Gecko) Chrome/58.0.3029.110 Safari/537.3"
77.75.77.36 - - [30/Dec/2025:11:53:04 -0300] "GET /?t=1731695480 HTTP/1.1" 200 - "-" "Mozilla/5.0 (compatible; SeznamBot/4.0; +https://o-seznam.cz/napoveda/vyhledavani/en/seznambot-crawler/)"
185.191.171.10 - - [30/Dec/2025:11:53:10 -0300] "GET /?a=149013761 HTTP/1.1" 200 - "-" "Mozilla/5.0 (compatible; SemrushBot/7~bl; +http://www.semrush.com/bot.html)"
114.119.142.210 - - [30/Dec/2025:11:53:08 -0300] "GET /search.php?products/179zh9628 HTTP/1.1" 200 556514 "https://agenciaidee.com/search.php?sitemap601.xml" "Mozilla/5.0 (Linux; Android 7.0;) AppleWebKit/537.36 (KHTML, like Gecko) Mobile Safari/537.36 (compatible; PetalBot;+https://webmaster.petalsearch.com/site/petalbot)"
185.191.171.10 - - [30/Dec/2025:11:53:24 -0300] "GET /?a=17043261 HTTP/1.1" 200 - "-" "Mozilla/5.0 (compatible; SemrushBot/7~bl; +http://www.semrush.com/bot.html)"
85.208.96.194 - - [30/Dec/2025:11:53:31 -0300] "GET /?a=135622261 HTTP/1.1" 200 - "-" "Mozilla/5.0 (compatible; SemrushBot/7~bl; +http://www.semrush.com/bot.html)"
185.191.171.10 - - [30/Dec/2025:11:53:32 -0300] "GET /?a=79514961 HTTP/1.1" 200 - "-" "Mozilla/5.0 (compatible; SemrushBot/7~bl; +http://www.semrush.com/bot.html)"
185.191.171.6 - - [30/Dec/2025:11:53:36 -0300] "GET /?a=6367061 HTTP/1.1" 200 - "-" "Mozilla/5.0 (compatible; SemrushBot/7~bl; +http://www.semrush.com/bot.html)"
85.208.96.194 - - [30/Dec/2025:11:53:48 -0300] "GET /?a=94262461 HTTP/1.1" 200 - "-" "Mozilla/5.0 (compatible; SemrushBot/7~bl; +http://www.semrush.com/bot.html)"
185.191.171.10 - - [30/Dec/2025:11:53:50 -0300] "GET /?a=100929861 HTTP/1.1" 200 - "-" "Mozilla/5.0 (compatible; SemrushBot/7~bl; +http://www.semrush.com/bot.html)"
185.191.171.12 - - [30/Dec/2025:11:53:52 -0300] "GET /?a=351307361 HTTP/1.1" 200 - "-" "Mozilla/5.0 (compatible; SemrushBot/7~bl; +http://www.semrush.com/bot.html)"
69.197.149.50 - - [30/Dec/2025:11:52:18 -0300] "GET /wp-includes/wp9e9ee7/edit.php?id=881402 HTTP/1.1" 200 - "https://agenciaidee.com/wp-includes/wp9e9ee7/edit.php?id=881402" "Mozilla/5.0 (Windows NT 10.0; Win64; x64) AppleWebKit/537.36 (KHTML, like Gecko) Chrome/58.0.3029.110 Safari/537.3"
185.191.171.2 - - [30/Dec/2025:11:53:59 -0300] "GET /?a=353841561 HTTP/1.1" 200 - "-" "Mozilla/5.0 (compatible; SemrushBot/7~bl; +http://www.semrush.com/bot.html)"
77.75.79.36 - - [30/Dec/2025:11:54:00 -0300] "GET /?t=2701825921 HTTP/1.1" 200 - "-" "Mozilla/5.0 (compatible; SeznamBot/4.0; +https://o-seznam.cz/napoveda/vyhledavani/en/seznambot-crawler/)"
85.208.96.194 - - [30/Dec/2025:11:54:08 -0300] "GET /?a=139235261 HTTP/1.1" 200 - "-" "Mozilla/5.0 (compatible; SemrushBot/7~bl; +http://www.semrush.com/bot.html)"
185.191.171.10 - - [30/Dec/2025:11:54:11 -0300] "GET /?p=1544091 HTTP/1.1" 200 - "-" "Mozilla/5.0 (compatible; SemrushBot/7~bl; +http://www.semrush.com/bot.html)"
114.119.144.17 - - [30/Dec/2025:11:54:30 -0300] "GET /search.php?products/179wt42916 HTTP/1.1" 200 556784 "https://agenciaidee.com/search.php?sitemap601.xml" "Mozilla/5.0 (Linux; Android 7.0;) AppleWebKit/537.36 (KHTML, like Gecko) Mobile Safari/537.36 (compatible; PetalBot;+https://webmaster.petalsearch.com/site/petalbot)"
85.208.96.208 - - [30/Dec/2025:11:54:34 -0300] "GET /?a=142776561 HTTP/1.1" 200 - "-" "Mozilla/5.0 (compatible; SemrushBot/7~bl; +http://www.semrush.com/bot.html)"
85.208.96.201 - - [30/Dec/2025:11:54:45 -0300] "GET /?a=57677461 HTTP/1.1" 200 - "-" "Mozilla/5.0 (compatible; SemrushBot/7~bl; +http://www.semrush.com/bot.html)"
85.208.96.204 - - [30/Dec/2025:11:54:57 -0300] "GET /?a=22139761 HTTP/1.1" 200 - "-" "Mozilla/5.0 (compatible; SemrushBot/7~bl; +http://www.semrush.com/bot.html)"
