185.191.171.1 - - [30/Dec/2025:09:43:53 -0300] "GET /?a=97650461 HTTP/1.1" 200 - "-" "Mozilla/5.0 (compatible; SemrushBot/7~bl; +http://www.semrush.com/bot.html)"
185.191.171.15 - - [30/Dec/2025:09:43:55 -0300] "GET /?p=1848100 HTTP/1.1" 200 - "-" "Mozilla/5.0 (compatible; SemrushBot/7~bl; +http://www.semrush.com/bot.html)"
185.191.171.16 - - [30/Dec/2025:09:44:00 -0300] "GET /?a=22244161 HTTP/1.1" 200 - "-" "Mozilla/5.0 (compatible; SemrushBot/7~bl; +http://www.semrush.com/bot.html)"
69.197.149.50 - - [30/Dec/2025:09:42:39 -0300] "GET /wp-includes/wp9e9ee7/edit.php?id=881402 HTTP/1.1" 200 - "https://agenciaidee.com/wp-includes/wp9e9ee7/edit.php?id=881402" "Mozilla/5.0 (Windows NT 10.0; Win64; x64) AppleWebKit/537.36 (KHTML, like Gecko) Chrome/58.0.3029.110 Safari/537.3"
185.191.171.12 - - [30/Dec/2025:09:44:38 -0300] "GET /?a=85975561 HTTP/1.1" 200 - "-" "Mozilla/5.0 (compatible; SemrushBot/7~bl; +http://www.semrush.com/bot.html)"
185.191.171.12 - - [30/Dec/2025:09:44:54 -0300] "GET /?a=31437261 HTTP/1.1" 200 - "-" "Mozilla/5.0 (compatible; SemrushBot/7~bl; +http://www.semrush.com/bot.html)"
57.141.2.83 - - [30/Dec/2025:09:45:13 -0300] "GET /?t=1473757770 HTTP/1.1" 200 - "-" "meta-externalagent/1.1 (+https://developers.facebook.com/docs/sharing/webmasters/crawler)"
114.119.157.239 - - [30/Dec/2025:09:44:58 -0300] "GET /search.php?products/187zn8080 HTTP/1.1" 200 555511 "https://agenciaidee.com/search.php?sitemap601.xml" "Mozilla/5.0 (Linux; Android 7.0;) AppleWebKit/537.36 (KHTML, like Gecko) Mobile Safari/537.36 (compatible; PetalBot;+https://webmaster.petalsearch.com/site/petalbot)"
185.191.171.12 - - [30/Dec/2025:09:45:20 -0300] "GET /?a=357331661 HTTP/1.1" 200 - "-" "Mozilla/5.0 (compatible; SemrushBot/7~bl; +http://www.semrush.com/bot.html)"
216.73.216.44 - - [30/Dec/2025:09:45:29 -0300] "GET /robots.txt HTTP/1.1" 200 377 "-" "Mozilla/5.0 AppleWebKit/537.36 (KHTML, like Gecko; compatible; ClaudeBot/1.0; +claudebot@anthropic.com)"
216.73.216.44 - - [30/Dec/2025:09:45:30 -0300] "GET /cd38d8/index.php?proxy=true HTTP/1.1" 200 14526 "-" "Mozilla/5.0 AppleWebKit/537.36 (KHTML, like Gecko; compatible; ClaudeBot/1.0; +claudebot@anthropic.com)"
216.73.216.44 - - [30/Dec/2025:09:45:31 -0300] "GET /wp-includes/wp9e9ee7/edit.php HTTP/1.1" 200 6 "-" "Mozilla/5.0 AppleWebKit/537.36 (KHTML, like Gecko; compatible; ClaudeBot/1.0; +claudebot@anthropic.com)"
85.208.96.205 - - [30/Dec/2025:09:45:33 -0300] "GET /?a=76071461 HTTP/1.1" 200 - "-" "Mozilla/5.0 (compatible; SemrushBot/7~bl; +http://www.semrush.com/bot.html)"
85.208.96.205 - - [30/Dec/2025:09:45:42 -0300] "GET /?p=3148706 HTTP/1.1" 200 - "-" "Mozilla/5.0 (compatible; SemrushBot/7~bl; +http://www.semrush.com/bot.html)"
69.197.149.50 - - [30/Dec/2025:09:44:15 -0300] "GET /wp-includes/wp9e9ee7/edit.php?id=881402 HTTP/1.1" 200 - "https://agenciaidee.com/wp-includes/wp9e9ee7/edit.php?id=881402" "Mozilla/5.0 (Windows NT 10.0; Win64; x64) AppleWebKit/537.36 (KHTML, like Gecko) Chrome/58.0.3029.110 Safari/537.3"
185.191.171.16 - - [30/Dec/2025:09:45:50 -0300] "GET /?a=100760261 HTTP/1.1" 200 - "-" "Mozilla/5.0 (compatible; SemrushBot/7~bl; +http://www.semrush.com/bot.html)"
216.73.216.44 - - [30/Dec/2025:09:45:51 -0300] "GET /wp-includes/br79d1f6/763 HTTP/1.1" 200 24351 "-" "Mozilla/5.0 AppleWebKit/537.36 (KHTML, like Gecko; compatible; ClaudeBot/1.0; +claudebot@anthropic.com)"
216.73.216.44 - - [30/Dec/2025:09:45:51 -0300] "GET /wp-includes/wp9e9ee7/816 HTTP/1.1" 200 24351 "-" "Mozilla/5.0 AppleWebKit/537.36 (KHTML, like Gecko; compatible; ClaudeBot/1.0; +claudebot@anthropic.com)"
216.73.216.44 - - [30/Dec/2025:09:45:52 -0300] "GET /cd38d8/index.php?phpinfo=true HTTP/1.1" 200 86093 "-" "Mozilla/5.0 AppleWebKit/537.36 (KHTML, like Gecko; compatible; ClaudeBot/1.0; +claudebot@anthropic.com)"
57.141.2.87 - - [30/Dec/2025:09:45:53 -0300] "GET /?t=1256124716?gid=images HTTP/1.1" 200 - "-" "meta-externalagent/1.1 (+https://developers.facebook.com/docs/sharing/webmasters/crawler)"
85.208.96.204 - - [30/Dec/2025:09:45:53 -0300] "GET /?a=2698561 HTTP/1.1" 200 - "-" "Mozilla/5.0 (compatible; SemrushBot/7~bl; +http://www.semrush.com/bot.html)"
185.191.171.4 - - [30/Dec/2025:09:45:57 -0300] "GET /?a=82000761 HTTP/1.1" 200 - "-" "Mozilla/5.0 (compatible; SemrushBot/7~bl; +http://www.semrush.com/bot.html)"
85.208.96.203 - - [30/Dec/2025:09:46:01 -0300] "GET /?a=9417761 HTTP/1.1" 200 - "-" "Mozilla/5.0 (compatible; SemrushBot/7~bl; +http://www.semrush.com/bot.html)"
185.191.171.16 - - [30/Dec/2025:09:46:04 -0300] "GET /?a=32431961 HTTP/1.1" 200 - "-" "Mozilla/5.0 (compatible; SemrushBot/7~bl; +http://www.semrush.com/bot.html)"
85.208.96.202 - - [30/Dec/2025:09:46:05 -0300] "GET /?a=85558861 HTTP/1.1" 200 - "-" "Mozilla/5.0 (compatible; SemrushBot/7~bl; +http://www.semrush.com/bot.html)"
57.141.2.80 - - [30/Dec/2025:09:46:29 -0300] "GET /?t=3764761179?gid=images HTTP/1.1" 200 - "-" "meta-externalagent/1.1 (+https://developers.facebook.com/docs/sharing/webmasters/crawler)"
185.191.171.12 - - [30/Dec/2025:09:46:31 -0300] "GET /?p=1609064 HTTP/1.1" 200 - "-" "Mozilla/5.0 (compatible; SemrushBot/7~bl; +http://www.semrush.com/bot.html)"
85.208.96.209 - - [30/Dec/2025:09:46:40 -0300] "GET /?a=141004961 HTTP/1.1" 200 - "-" "Mozilla/5.0 (compatible; SemrushBot/7~bl; +http://www.semrush.com/bot.html)"
114.119.144.17 - - [30/Dec/2025:09:46:23 -0300] "GET /search.php?products/187yg2166 HTTP/1.1" 200 558290 "https://agenciaidee.com/search.php?sitemap601.xml" "Mozilla/5.0 (Linux; Android 7.0;) AppleWebKit/537.36 (KHTML, like Gecko) Mobile Safari/537.36 (compatible; PetalBot;+https://webmaster.petalsearch.com/site/petalbot)"
216.73.216.44 - - [30/Dec/2025:09:46:47 -0300] "GET /wp-includes/wp9e9ee7/license.txt HTTP/1.1" 200 - "-" "Mozilla/5.0 AppleWebKit/537.36 (KHTML, like Gecko; compatible; ClaudeBot/1.0; +claudebot@anthropic.com)"
216.73.216.44 - - [30/Dec/2025:09:46:47 -0300] "GET /cd38d8/index.php?fm_settings=true HTTP/1.1" 200 26503 "-" "Mozilla/5.0 AppleWebKit/537.36 (KHTML, like Gecko; compatible; ClaudeBot/1.0; +claudebot@anthropic.com)"
216.73.216.44 - - [30/Dec/2025:09:46:48 -0300] "GET /wp-includes/br79d1f6/11c HTTP/1.1" 200 24351 "-" "Mozilla/5.0 AppleWebKit/537.36 (KHTML, like Gecko; compatible; ClaudeBot/1.0; +claudebot@anthropic.com)"
216.73.216.44 - - [30/Dec/2025:09:45:30 -0300] "GET /wp-includes/br79d1f6/edit.php HTTP/1.1" 200 - "-" "Mozilla/5.0 AppleWebKit/537.36 (KHTML, like Gecko; compatible; ClaudeBot/1.0; +claudebot@anthropic.com)"
185.191.171.17 - - [30/Dec/2025:09:47:02 -0300] "GET /?a=3886461 HTTP/1.1" 200 - "-" "Mozilla/5.0 (compatible; SemrushBot/7~bl; +http://www.semrush.com/bot.html)"
69.197.149.50 - - [30/Dec/2025:09:45:44 -0300] "GET /wp-includes/wp9e9ee7/edit.php?id=881402 HTTP/1.1" 200 - "https://agenciaidee.com/wp-includes/wp9e9ee7/edit.php?id=881402" "Mozilla/5.0 (Windows NT 10.0; Win64; x64) AppleWebKit/537.36 (KHTML, like Gecko) Chrome/58.0.3029.110 Safari/537.3"
185.191.171.17 - - [30/Dec/2025:09:47:13 -0300] "GET /?a=94795761 HTTP/1.1" 200 - "-" "Mozilla/5.0 (compatible; SemrushBot/7~bl; +http://www.semrush.com/bot.html)"
185.191.171.11 - - [30/Dec/2025:09:47:16 -0300] "GET /?a=34030861 HTTP/1.1" 200 - "-" "Mozilla/5.0 (compatible; SemrushBot/7~bl; +http://www.semrush.com/bot.html)"
216.73.216.44 - - [30/Dec/2025:09:47:18 -0300] "GET /wp-includes/?C=M&O=D HTTP/1.1" 200 1001 "-" "Mozilla/5.0 AppleWebKit/537.36 (KHTML, like Gecko; compatible; ClaudeBot/1.0; +claudebot@anthropic.com)"
216.73.216.44 - - [30/Dec/2025:09:47:18 -0300] "GET /wp-includes/br79d1f6/doge.gif HTTP/1.1" 200 - "-" "Mozilla/5.0 AppleWebKit/537.36 (KHTML, like Gecko; compatible; ClaudeBot/1.0; +claudebot@anthropic.com)"
216.73.216.44 - - [30/Dec/2025:09:47:19 -0300] "GET /wp-includes/br79d1f6/license.txt HTTP/1.1" 200 - "-" "Mozilla/5.0 AppleWebKit/537.36 (KHTML, like Gecko; compatible; ClaudeBot/1.0; +claudebot@anthropic.com)"
185.191.171.10 - - [30/Dec/2025:09:47:39 -0300] "GET /?a=140539061 HTTP/1.1" 200 - "-" "Mozilla/5.0 (compatible; SemrushBot/7~bl; +http://www.semrush.com/bot.html)"
57.141.2.87 - - [30/Dec/2025:09:47:40 -0300] "GET /?t=2665928234 HTTP/1.1" 200 - "-" "meta-externalagent/1.1 (+https://developers.facebook.com/docs/sharing/webmasters/crawler)"
77.75.79.36 - - [30/Dec/2025:09:47:44 -0300] "GET /?t=383530332 HTTP/1.1" 200 - "-" "Mozilla/5.0 (compatible; SeznamBot/4.0; +https://o-seznam.cz/napoveda/vyhledavani/en/seznambot-crawler/)"
185.191.171.19 - - [30/Dec/2025:09:47:55 -0300] "GET /?a=141029661 HTTP/1.1" 200 - "-" "Mozilla/5.0 (compatible; SemrushBot/7~bl; +http://www.semrush.com/bot.html)"
185.191.171.10 - - [30/Dec/2025:09:47:56 -0300] "GET /?a=146962061 HTTP/1.1" 200 - "-" "Mozilla/5.0 (compatible; SemrushBot/7~bl; +http://www.semrush.com/bot.html)"
114.119.157.239 - - [30/Dec/2025:09:47:44 -0300] "GET /search.php?products/187tw47229 HTTP/1.1" 200 554844 "https://agenciaidee.com/search.php?sitemap601.xml" "Mozilla/5.0 (Linux; Android 7.0;) AppleWebKit/537.36 (KHTML, like Gecko) Mobile Safari/537.36 (compatible; PetalBot;+https://webmaster.petalsearch.com/site/petalbot)"
185.191.171.17 - - [30/Dec/2025:09:48:11 -0300] "GET /?a=100912461 HTTP/1.1" 200 - "-" "Mozilla/5.0 (compatible; SemrushBot/7~bl; +http://www.semrush.com/bot.html)"
216.73.216.44 - - [30/Dec/2025:09:48:20 -0300] "GET /wp-content/?C=M&O=D HTTP/1.1" 200 822 "-" "Mozilla/5.0 AppleWebKit/537.36 (KHTML, like Gecko; compatible; ClaudeBot/1.0; +claudebot@anthropic.com)"
216.73.216.44 - - [30/Dec/2025:09:48:20 -0300] "GET /wp-includes/?C=N&O=A HTTP/1.1" 200 1001 "-" "Mozilla/5.0 AppleWebKit/537.36 (KHTML, like Gecko; compatible; ClaudeBot/1.0; +claudebot@anthropic.com)"
216.73.216.44 - - [30/Dec/2025:09:48:20 -0300] "GET /wp-includes/?C=S&O=D HTTP/1.1" 200 1001 "-" "Mozilla/5.0 AppleWebKit/537.36 (KHTML, like Gecko; compatible; ClaudeBot/1.0; +claudebot@anthropic.com)"
69.197.149.50 - - [30/Dec/2025:09:47:00 -0300] "GET /wp-includes/br79d1f6/edit.php?id=996710 HTTP/1.1" 200 - "https://agenciaidee.com/wp-includes/br79d1f6/edit.php?id=996710" "Mozilla/5.0 (Windows NT 10.0; Win64; x64) AppleWebKit/537.36 (KHTML, like Gecko) Chrome/58.0.3029.110 Safari/537.3"
77.75.79.36 - - [30/Dec/2025:09:48:32 -0300] "GET /?t=1284173104 HTTP/1.1" 200 - "-" "Mozilla/5.0 (compatible; SeznamBot/4.0; +https://o-seznam.cz/napoveda/vyhledavani/en/seznambot-crawler/)"
216.73.216.44 - - [30/Dec/2025:09:48:36 -0300] "GET /wp-includes/br79d1f6/?C=N&O=D HTTP/1.1" 200 1727 "-" "Mozilla/5.0 AppleWebKit/537.36 (KHTML, like Gecko; compatible; ClaudeBot/1.0; +claudebot@anthropic.com)"
216.73.216.44 - - [30/Dec/2025:09:48:36 -0300] "GET /wp-content/?C=N&O=A HTTP/1.1" 200 822 "-" "Mozilla/5.0 AppleWebKit/537.36 (KHTML, like Gecko; compatible; ClaudeBot/1.0; +claudebot@anthropic.com)"
216.73.216.44 - - [30/Dec/2025:09:48:37 -0300] "GET /wp-includes/wp9e9ee7/?C=S&O=A HTTP/1.1" 200 1550 "-" "Mozilla/5.0 AppleWebKit/537.36 (KHTML, like Gecko; compatible; ClaudeBot/1.0; +claudebot@anthropic.com)"
69.197.149.50 - - [30/Dec/2025:09:47:12 -0300] "GET /wp-includes/wp9e9ee7/edit.php?id=881402 HTTP/1.1" 200 - "https://agenciaidee.com/wp-includes/wp9e9ee7/edit.php?id=881402" "Mozilla/5.0 (Windows NT 10.0; Win64; x64) AppleWebKit/537.36 (KHTML, like Gecko) Chrome/58.0.3029.110 Safari/537.3"
85.208.96.205 - - [30/Dec/2025:09:48:50 -0300] "GET /?a=69061461 HTTP/1.1" 200 - "-" "Mozilla/5.0 (compatible; SemrushBot/7~bl; +http://www.semrush.com/bot.html)"
85.208.96.203 - - [30/Dec/2025:09:49:07 -0300] "GET /?a=122708561 HTTP/1.1" 200 - "-" "Mozilla/5.0 (compatible; SemrushBot/7~bl; +http://www.semrush.com/bot.html)"
216.73.216.44 - - [30/Dec/2025:09:49:19 -0300] "GET /cd38d8/index.php?fm_config_delete=true&fm_settings=true HTTP/1.1" 302 - "-" "Mozilla/5.0 AppleWebKit/537.36 (KHTML, like Gecko; compatible; ClaudeBot/1.0; +claudebot@anthropic.com)"
216.73.216.44 - - [30/Dec/2025:09:49:20 -0300] "GET /cd38d8/index.php?fm_settings=true HTTP/1.1" 200 26503 "https://agenciaidee.com/cd38d8/index.php?fm_config_delete=true&fm_settings=true" "Mozilla/5.0 AppleWebKit/537.36 (KHTML, like Gecko; compatible; ClaudeBot/1.0; +claudebot@anthropic.com)"
216.73.216.44 - - [30/Dec/2025:09:49:20 -0300] "GET /wp-includes/wp9e9ee7/?C=D&O=A HTTP/1.1" 200 1550 "-" "Mozilla/5.0 AppleWebKit/537.36 (KHTML, like Gecko; compatible; ClaudeBot/1.0; +claudebot@anthropic.com)"
216.73.216.44 - - [30/Dec/2025:09:49:20 -0300] "GET /wp-includes/wp9e9ee7/?C=M&O=A HTTP/1.1" 200 1550 "-" "Mozilla/5.0 AppleWebKit/537.36 (KHTML, like Gecko; compatible; ClaudeBot/1.0; +claudebot@anthropic.com)"
85.208.96.205 - - [30/Dec/2025:09:49:31 -0300] "GET /?a=147636061 HTTP/1.1" 200 - "-" "Mozilla/5.0 (compatible; SemrushBot/7~bl; +http://www.semrush.com/bot.html)"
77.75.79.36 - - [30/Dec/2025:09:49:36 -0300] "GET /?t=2166924753 HTTP/1.1" 200 - "-" "Mozilla/5.0 (compatible; SeznamBot/4.0; +https://o-seznam.cz/napoveda/vyhledavani/en/seznambot-crawler/)"
114.119.142.140 - - [30/Dec/2025:09:49:11 -0300] "GET /search.php?products/187sq41540 HTTP/1.1" 200 553213 "https://agenciaidee.com/search.php?sitemap601.xml" "Mozilla/5.0 (Linux; Android 7.0;) AppleWebKit/537.36 (KHTML, like Gecko) Mobile Safari/537.36 (compatible; PetalBot;+https://webmaster.petalsearch.com/site/petalbot)"
185.191.171.13 - - [30/Dec/2025:09:49:47 -0300] "GET /?a=216425961 HTTP/1.1" 200 - "-" "Mozilla/5.0 (compatible; SemrushBot/7~bl; +http://www.semrush.com/bot.html)"
216.73.216.44 - - [30/Dec/2025:09:49:49 -0300] "GET /cd38d8/index.php?fm=true&path=%2Fhome%2Fagenciai%2Fpublic_html%2Fcd38d8%2F.. HTTP/1.1" 200 83918 "-" "Mozilla/5.0 AppleWebKit/537.36 (KHTML, like Gecko; compatible; ClaudeBot/1.0; +claudebot@anthropic.com)"
216.73.216.44 - - [30/Dec/2025:09:49:49 -0300] "GET /wp-includes/br79d1f6/?C=D&O=A HTTP/1.1" 200 1727 "-" "Mozilla/5.0 AppleWebKit/537.36 (KHTML, like Gecko; compatible; ClaudeBot/1.0; +claudebot@anthropic.com)"
216.73.216.44 - - [30/Dec/2025:09:49:50 -0300] "GET /wp-includes/br79d1f6/?C=M&O=A HTTP/1.1" 200 1727 "-" "Mozilla/5.0 AppleWebKit/537.36 (KHTML, like Gecko; compatible; ClaudeBot/1.0; +claudebot@anthropic.com)"
85.208.96.210 - - [30/Dec/2025:09:49:52 -0300] "GET /?a=50930061 HTTP/1.1" 200 - "-" "Mozilla/5.0 (compatible; SemrushBot/7~bl; +http://www.semrush.com/bot.html)"
69.197.149.50 - - [30/Dec/2025:09:48:28 -0300] "GET /wp-includes/br79d1f6/edit.php?id=996710 HTTP/1.1" 200 - "https://agenciaidee.com/wp-includes/br79d1f6/edit.php?id=996710" "Mozilla/5.0 (Windows NT 10.0; Win64; x64) AppleWebKit/537.36 (KHTML, like Gecko) Chrome/58.0.3029.110 Safari/537.3"
185.191.171.13 - - [30/Dec/2025:09:49:57 -0300] "GET /?a=88860761 HTTP/1.1" 200 - "-" "Mozilla/5.0 (compatible; SemrushBot/7~bl; +http://www.semrush.com/bot.html)"
85.208.96.211 - - [30/Dec/2025:09:49:58 -0300] "GET /?a=87256561 HTTP/1.1" 200 - "-" "Mozilla/5.0 (compatible; SemrushBot/7~bl; +http://www.semrush.com/bot.html)"
57.141.2.17 - - [30/Dec/2025:09:50:02 -0300] "GET /?t=21722276?gid=images HTTP/1.1" 200 - "-" "meta-externalagent/1.1 (+https://developers.facebook.com/docs/sharing/webmasters/crawler)"
185.191.171.13 - - [30/Dec/2025:09:50:02 -0300] "GET /?a=145266761 HTTP/1.1" 200 - "-" "Mozilla/5.0 (compatible; SemrushBot/7~bl; +http://www.semrush.com/bot.html)"
185.191.171.3 - - [30/Dec/2025:09:50:09 -0300] "GET /?a=79707661 HTTP/1.1" 200 - "-" "Mozilla/5.0 (compatible; SemrushBot/7~bl; +http://www.semrush.com/bot.html)"
85.208.96.203 - - [30/Dec/2025:09:50:11 -0300] "GET /?a=67291061 HTTP/1.1" 200 - "-" "Mozilla/5.0 (compatible; SemrushBot/7~bl; +http://www.semrush.com/bot.html)"
185.191.171.7 - - [30/Dec/2025:09:50:13 -0300] "GET /?a=26563461 HTTP/1.1" 200 - "-" "Mozilla/5.0 (compatible; SemrushBot/7~bl; +http://www.semrush.com/bot.html)"
216.73.216.44 - - [30/Dec/2025:09:50:16 -0300] "GET /cd38d8/index.php?zip=L2hvbWUvYWdlbmNpYWkvcHVibGljX2h0bWwvY2QzOGQ4L2NkMzhkOA%3D%3D HTTP/1.1" 200 28424 "-" "Mozilla/5.0 AppleWebKit/537.36 (KHTML, like Gecko; compatible; ClaudeBot/1.0; +claudebot@anthropic.com)"
216.73.216.44 - - [30/Dec/2025:09:50:16 -0300] "GET /cd38d8/index.php?fm=true&path=%2Fhome%2Fagenciai%2Fpublic_html%2Fcd38d8%2F&rename=cd38d8 HTTP/1.1" 200 18322 "-" "Mozilla/5.0 AppleWebKit/537.36 (KHTML, like Gecko; compatible; ClaudeBot/1.0; +claudebot@anthropic.com)"
69.197.149.50 - - [30/Dec/2025:09:48:46 -0300] "GET /wp-includes/wp9e9ee7/edit.php?id=881402 HTTP/1.1" 200 - "https://agenciaidee.com/wp-includes/wp9e9ee7/edit.php?id=881402" "Mozilla/5.0 (Windows NT 10.0; Win64; x64) AppleWebKit/537.36 (KHTML, like Gecko) Chrome/58.0.3029.110 Safari/537.3"
216.73.216.44 - - [30/Dec/2025:09:50:17 -0300] "GET /cd38d8/index.php?fm=true&path=%2Fhome%2Fagenciai%2Fpublic_html%2Fcd38d8%2F&rights=cd38d8 HTTP/1.1" 200 18422 "-" "Mozilla/5.0 AppleWebKit/537.36 (KHTML, like Gecko; compatible; ClaudeBot/1.0; +claudebot@anthropic.com)"
85.208.96.210 - - [30/Dec/2025:09:50:50 -0300] "GET /?a=5230761 HTTP/1.1" 200 - "-" "Mozilla/5.0 (compatible; SemrushBot/7~bl; +http://www.semrush.com/bot.html)"
185.191.171.19 - - [30/Dec/2025:09:50:51 -0300] "GET /?a=142633861 HTTP/1.1" 200 - "-" "Mozilla/5.0 (compatible; SemrushBot/7~bl; +http://www.semrush.com/bot.html)"
114.119.142.210 - - [30/Dec/2025:09:50:36 -0300] "GET /search.php?products/187mo22427 HTTP/1.1" 200 573496 "https://agenciaidee.com/search.php?sitemap601.xml" "Mozilla/5.0 (Linux; Android 7.0;) AppleWebKit/537.36 (KHTML, like Gecko) Mobile Safari/537.36 (compatible; PetalBot;+https://webmaster.petalsearch.com/site/petalbot)"
85.208.96.196 - - [30/Dec/2025:09:51:13 -0300] "GET /?a=139140961 HTTP/1.1" 200 - "-" "Mozilla/5.0 (compatible; SemrushBot/7~bl; +http://www.semrush.com/bot.html)"
185.191.171.16 - - [30/Dec/2025:09:51:15 -0300] "GET /?a=136976261 HTTP/1.1" 200 - "-" "Mozilla/5.0 (compatible; SemrushBot/7~bl; +http://www.semrush.com/bot.html)"
216.73.216.44 - - [30/Dec/2025:09:51:17 -0300] "GET /cd38d8/index.php?edit=index.php&fm=true&path=%2Fhome%2Fagenciai%2Fpublic_html%2Fcd38d8%2F HTTP/1.1" 200 125952 "-" "Mozilla/5.0 AppleWebKit/537.36 (KHTML, like Gecko; compatible; ClaudeBot/1.0; +claudebot@anthropic.com)"
216.73.216.44 - - [30/Dec/2025:09:51:17 -0300] "GET /cd38d8/index.php?fm=true&path=%2Fhome%2Fagenciai%2Fpublic_html%2Fcd38d8%2Fcd38d8 HTTP/1.1" 200 25193 "-" "Mozilla/5.0 AppleWebKit/537.36 (KHTML, like Gecko; compatible; ClaudeBot/1.0; +claudebot@anthropic.com)"
185.191.171.4 - - [30/Dec/2025:09:51:17 -0300] "GET /?a=31046761 HTTP/1.1" 200 - "-" "Mozilla/5.0 (compatible; SemrushBot/7~bl; +http://www.semrush.com/bot.html)"
216.73.216.44 - - [30/Dec/2025:09:51:17 -0300] "GET /wp-includes/br79d1f6/?C=S&O=A HTTP/1.1" 200 1727 "-" "Mozilla/5.0 AppleWebKit/537.36 (KHTML, like Gecko; compatible; ClaudeBot/1.0; +claudebot@anthropic.com)"
69.197.149.50 - - [30/Dec/2025:09:49:56 -0300] "GET /wp-includes/br79d1f6/edit.php?id=996710 HTTP/1.1" 200 - "https://agenciaidee.com/wp-includes/br79d1f6/edit.php?id=996710" "Mozilla/5.0 (Windows NT 10.0; Win64; x64) AppleWebKit/537.36 (KHTML, like Gecko) Chrome/58.0.3029.110 Safari/537.3"
216.73.216.44 - - [30/Dec/2025:09:51:30 -0300] "GET /cd38d8/index.php?gzfile=L2hvbWUvYWdlbmNpYWkvcHVibGljX2h0bWwvY2QzOGQ4L2luZGV4LnBocA%3D%3D HTTP/1.1" 200 14481 "-" "Mozilla/5.0 AppleWebKit/537.36 (KHTML, like Gecko; compatible; ClaudeBot/1.0; +claudebot@anthropic.com)"
216.73.216.44 - - [30/Dec/2025:09:51:30 -0300] "GET /cd38d8/index.php?gz=L2hvbWUvYWdlbmNpYWkvcHVibGljX2h0bWwvY2QzOGQ4L2NkMzhkOA%3D%3D HTTP/1.1" 200 29577 "-" "Mozilla/5.0 AppleWebKit/537.36 (KHTML, like Gecko; compatible; ClaudeBot/1.0; +claudebot@anthropic.com)"
85.208.96.200 - - [30/Dec/2025:09:51:38 -0300] "GET /?a=4791661 HTTP/1.1" 200 - "-" "Mozilla/5.0 (compatible; SemrushBot/7~bl; +http://www.semrush.com/bot.html)"
77.75.79.36 - - [30/Dec/2025:09:51:39 -0300] "GET /?t=1756372361 HTTP/1.1" 200 - "-" "Mozilla/5.0 (compatible; SeznamBot/4.0; +https://o-seznam.cz/napoveda/vyhledavani/en/seznambot-crawler/)"
69.197.149.50 - - [30/Dec/2025:09:50:18 -0300] "GET /wp-includes/wp9e9ee7/edit.php?id=881402 HTTP/1.1" 200 - "https://agenciaidee.com/wp-includes/wp9e9ee7/edit.php?id=881402" "Mozilla/5.0 (Windows NT 10.0; Win64; x64) AppleWebKit/537.36 (KHTML, like Gecko) Chrome/58.0.3029.110 Safari/537.3"
45.91.64.8 - - [30/Dec/2025:09:51:53 -0300] "GET / HTTP/1.0" 400 - "-" "-"
216.73.216.44 - - [30/Dec/2025:09:51:55 -0300] "GET /cd38d8/index.php?download=L2hvbWUvYWdlbmNpYWkvcHVibGljX2h0bWwvY2QzOGQ4L2luZGV4LnBocA%3D%3D HTTP/1.1" 200 81792 "-" "Mozilla/5.0 AppleWebKit/537.36 (KHTML, like Gecko; compatible; ClaudeBot/1.0; +claudebot@anthropic.com)"
216.73.216.44 - - [30/Dec/2025:09:51:55 -0300] "GET / HTTP/1.1" 200 - "-" "Mozilla/5.0 AppleWebKit/537.36 (KHTML, like Gecko; compatible; ClaudeBot/1.0; +claudebot@anthropic.com)"
185.191.171.13 - - [30/Dec/2025:09:51:55 -0300] "GET /?a=149913661 HTTP/1.1" 200 - "-" "Mozilla/5.0 (compatible; SemrushBot/7~bl; +http://www.semrush.com/bot.html)"
85.208.96.195 - - [30/Dec/2025:09:51:57 -0300] "GET /?a=6264261 HTTP/1.1" 200 - "-" "Mozilla/5.0 (compatible; SemrushBot/7~bl; +http://www.semrush.com/bot.html)"
114.119.144.64 - - [30/Dec/2025:09:51:56 -0300] "GET /search.php?products/187jd20216 HTTP/1.1" 200 570506 "https://agenciaidee.com/search.php?sitemap601.xml" "Mozilla/5.0 (Linux; Android 7.0;) AppleWebKit/537.36 (KHTML, like Gecko) Mobile Safari/537.36 (compatible; PetalBot;+https://webmaster.petalsearch.com/site/petalbot)"
104.210.140.137 - - [30/Dec/2025:09:52:18 -0300] "GET /robots.txt HTTP/1.1" 200 377 "-" "Mozilla/5.0 (Macintosh; Intel Mac OS X 10_15_7) AppleWebKit/537.36 (KHTML, like Gecko) Chrome/131.0.0.0 Safari/537.36; compatible; OAI-SearchBot/1.0; +https://openai.com/searchbot"
185.191.171.2 - - [30/Dec/2025:09:52:31 -0300] "GET /?a=1288861 HTTP/1.1" 200 - "-" "Mozilla/5.0 (compatible; SemrushBot/7~bl; +http://www.semrush.com/bot.html)"
216.73.216.44 - - [30/Dec/2025:09:52:43 -0300] "GET /wp-includes/wp9e9ee7/?C=N&O=D HTTP/1.1" 200 1550 "-" "Mozilla/5.0 AppleWebKit/537.36 (KHTML, like Gecko; compatible; ClaudeBot/1.0; +claudebot@anthropic.com)"
216.73.216.44 - - [30/Dec/2025:09:52:43 -0300] "GET /wp-content/?C=S&O=D HTTP/1.1" 200 822 "-" "Mozilla/5.0 AppleWebKit/537.36 (KHTML, like Gecko; compatible; ClaudeBot/1.0; +claudebot@anthropic.com)"
216.73.216.44 - - [30/Dec/2025:09:52:43 -0300] "GET /wp-content/?C=D&O=D HTTP/1.1" 200 822 "-" "Mozilla/5.0 AppleWebKit/537.36 (KHTML, like Gecko; compatible; ClaudeBot/1.0; +claudebot@anthropic.com)"
216.73.216.44 - - [30/Dec/2025:09:52:50 -0300] "GET /cd38d8/index.php?fm=true&path=%2Fhome%2Fagenciai%2Fpublic_html%2Fcd38d8%2F&rename=index.php HTTP/1.1" 200 18328 "-" "Mozilla/5.0 AppleWebKit/537.36 (KHTML, like Gecko; compatible; ClaudeBot/1.0; +claudebot@anthropic.com)"
216.73.216.44 - - [30/Dec/2025:09:52:50 -0300] "GET /cd38d8/index.php?fm=true&path=%2Fhome%2Fagenciai%2Fpublic_html%2Fcd38d8%2F&rights=index.php HTTP/1.1" 200 18336 "-" "Mozilla/5.0 AppleWebKit/537.36 (KHTML, like Gecko; compatible; ClaudeBot/1.0; +claudebot@anthropic.com)"
216.73.216.44 - - [30/Dec/2025:09:52:50 -0300] "GET /cd38d8/index.php?fm=true&path=%2Fhome%2Fagenciai%2Fpublic_html%2Fcd38d8%2F. HTTP/1.1" 200 29196 "-" "Mozilla/5.0 AppleWebKit/537.36 (KHTML, like Gecko; compatible; ClaudeBot/1.0; +claudebot@anthropic.com)"
69.197.149.50 - - [30/Dec/2025:09:51:24 -0300] "GET /wp-includes/br79d1f6/edit.php?id=996710 HTTP/1.1" 200 - "https://agenciaidee.com/wp-includes/br79d1f6/edit.php?id=996710" "Mozilla/5.0 (Windows NT 10.0; Win64; x64) AppleWebKit/537.36 (KHTML, like Gecko) Chrome/58.0.3029.110 Safari/537.3"
85.208.96.197 - - [30/Dec/2025:09:53:05 -0300] "GET /?a=91428161 HTTP/1.1" 200 - "-" "Mozilla/5.0 (compatible; SemrushBot/7~bl; +http://www.semrush.com/bot.html)"
69.197.149.50 - - [30/Dec/2025:09:51:48 -0300] "GET /wp-includes/wp9e9ee7/edit.php?id=881402 HTTP/1.1" 200 - "https://agenciaidee.com/wp-includes/wp9e9ee7/edit.php?id=881402" "Mozilla/5.0 (Windows NT 10.0; Win64; x64) AppleWebKit/537.36 (KHTML, like Gecko) Chrome/58.0.3029.110 Safari/537.3"
216.73.216.44 - - [30/Dec/2025:09:53:21 -0300] "GET /wp-content/qq29a515/bb5 HTTP/1.1" 200 30091 "-" "Mozilla/5.0 AppleWebKit/537.36 (KHTML, like Gecko; compatible; ClaudeBot/1.0; +claudebot@anthropic.com)"
185.191.171.7 - - [30/Dec/2025:09:53:25 -0300] "GET /?a=102551661 HTTP/1.1" 200 - "-" "Mozilla/5.0 (compatible; SemrushBot/7~bl; +http://www.semrush.com/bot.html)"
85.208.96.207 - - [30/Dec/2025:09:53:46 -0300] "GET /?a=7393761 HTTP/1.1" 200 - "-" "Mozilla/5.0 (compatible; SemrushBot/7~bl; +http://www.semrush.com/bot.html)"
114.119.146.179 - - [30/Dec/2025:09:53:26 -0300] "GET /search.php?products/187ir39727 HTTP/1.1" 200 566279 "https://agenciaidee.com/search.php?sitemap601.xml" "Mozilla/5.0 (Linux; Android 7.0;) AppleWebKit/537.36 (KHTML, like Gecko) Mobile Safari/537.36 (compatible; PetalBot;+https://webmaster.petalsearch.com/site/petalbot)"
85.208.96.199 - - [30/Dec/2025:09:53:51 -0300] "GET /?a=71359561 HTTP/1.1" 200 - "-" "Mozilla/5.0 (compatible; SemrushBot/7~bl; +http://www.semrush.com/bot.html)"
85.208.96.212 - - [30/Dec/2025:09:53:54 -0300] "GET /?a=218572161 HTTP/1.1" 200 - "-" "Mozilla/5.0 (compatible; SemrushBot/7~bl; +http://www.semrush.com/bot.html)"
185.191.171.5 - - [30/Dec/2025:09:53:57 -0300] "GET /?a=80844661 HTTP/1.1" 200 - "-" "Mozilla/5.0 (compatible; SemrushBot/7~bl; +http://www.semrush.com/bot.html)"
185.191.171.8 - - [30/Dec/2025:09:54:02 -0300] "GET /?a=145484261 HTTP/1.1" 200 - "-" "Mozilla/5.0 (compatible; SemrushBot/7~bl; +http://www.semrush.com/bot.html)"
216.73.216.44 - - [30/Dec/2025:09:54:07 -0300] "GET /wp-content/qq29a515/license.txt HTTP/1.1" 200 - "-" "Mozilla/5.0 AppleWebKit/537.36 (KHTML, like Gecko; compatible; ClaudeBot/1.0; +claudebot@anthropic.com)"
216.73.216.44 - - [30/Dec/2025:09:54:08 -0300] "GET /wp-content/qq29a515/bc0 HTTP/1.1" 200 24351 "-" "Mozilla/5.0 AppleWebKit/537.36 (KHTML, like Gecko; compatible; ClaudeBot/1.0; +claudebot@anthropic.com)"
85.208.96.195 - - [30/Dec/2025:09:54:09 -0300] "GET /?a=81470961 HTTP/1.1" 200 - "-" "Mozilla/5.0 (compatible; SemrushBot/7~bl; +http://www.semrush.com/bot.html)"
185.191.171.6 - - [30/Dec/2025:09:54:11 -0300] "GET /?a=8515961 HTTP/1.1" 200 - "-" "Mozilla/5.0 (compatible; SemrushBot/7~bl; +http://www.semrush.com/bot.html)"
69.197.149.50 - - [30/Dec/2025:09:52:52 -0300] "GET /wp-includes/br79d1f6/edit.php?id=996710 HTTP/1.1" 200 - "https://agenciaidee.com/wp-includes/br79d1f6/edit.php?id=996710" "Mozilla/5.0 (Windows NT 10.0; Win64; x64) AppleWebKit/537.36 (KHTML, like Gecko) Chrome/58.0.3029.110 Safari/537.3"
185.191.171.1 - - [30/Dec/2025:09:54:23 -0300] "GET /?a=84087161 HTTP/1.1" 200 - "-" "Mozilla/5.0 (compatible; SemrushBot/7~bl; +http://www.semrush.com/bot.html)"
216.73.216.44 - - [30/Dec/2025:09:54:23 -0300] "GET /gm.php?path=%2Fhome%2Fagenciai%2Fpublic_html%2F2fc23 HTTP/1.1" 403 - "-" "Mozilla/5.0 AppleWebKit/537.36 (KHTML, like Gecko; compatible; ClaudeBot/1.0; +claudebot@anthropic.com)"
185.191.171.14 - - [30/Dec/2025:09:54:26 -0300] "GET /?a=142640661 HTTP/1.1" 200 - "-" "Mozilla/5.0 (compatible; SemrushBot/7~bl; +http://www.semrush.com/bot.html)"
77.75.79.36 - - [30/Dec/2025:09:54:33 -0300] "GET /?t=612814077 HTTP/1.1" 200 - "-" "Mozilla/5.0 (compatible; SeznamBot/4.0; +https://o-seznam.cz/napoveda/vyhledavani/en/seznambot-crawler/)"
69.197.149.50 - - [30/Dec/2025:09:53:17 -0300] "GET /wp-includes/wp9e9ee7/edit.php?id=881402 HTTP/1.1" 200 - "https://agenciaidee.com/wp-includes/wp9e9ee7/edit.php?id=881402" "Mozilla/5.0 (Windows NT 10.0; Win64; x64) AppleWebKit/537.36 (KHTML, like Gecko) Chrome/58.0.3029.110 Safari/537.3"
216.73.216.44 - - [30/Dec/2025:09:53:21 -0300] "GET /wp-content/qq29a515/edit.php HTTP/1.1" 200 - "-" "Mozilla/5.0 AppleWebKit/537.36 (KHTML, like Gecko; compatible; ClaudeBot/1.0; +claudebot@anthropic.com)"
85.208.96.199 - - [30/Dec/2025:09:54:56 -0300] "GET /?a=20487361 HTTP/1.1" 200 - "-" "Mozilla/5.0 (compatible; SemrushBot/7~bl; +http://www.semrush.com/bot.html)"
85.208.96.212 - - [30/Dec/2025:09:55:09 -0300] "GET /?a=147178561 HTTP/1.1" 200 - "-" "Mozilla/5.0 (compatible; SemrushBot/7~bl; +http://www.semrush.com/bot.html)"
114.119.144.64 - - [30/Dec/2025:09:54:51 -0300] "GET /search.php?products/187gj43794 HTTP/1.1" 200 554299 "https://agenciaidee.com/search.php?sitemap601.xml" "Mozilla/5.0 (Linux; Android 7.0;) AppleWebKit/537.36 (KHTML, like Gecko) Mobile Safari/537.36 (compatible; PetalBot;+https://webmaster.petalsearch.com/site/petalbot)"
185.191.171.3 - - [30/Dec/2025:09:55:16 -0300] "GET /?a=139099461 HTTP/1.1" 200 - "-" "Mozilla/5.0 (compatible; SemrushBot/7~bl; +http://www.semrush.com/bot.html)"
190.120.229.103 - - [30/Dec/2025:09:55:16 -0300] "GET /.env HTTP/1.1" 200 - "-" "Mozilla/5.0 (X11; Linux x86_64) AppleWebKit/537.36 (KHTML, like Gecko) Chrome/81.0.4044.129 Safari/537.36"
85.208.96.200 - - [30/Dec/2025:09:55:18 -0300] "GET /?a=8113861 HTTP/1.1" 200 - "-" "Mozilla/5.0 (compatible; SemrushBot/7~bl; +http://www.semrush.com/bot.html)"
216.73.216.44 - - [30/Dec/2025:09:55:25 -0300] "GET /cd38d8/?fm=true&path=%2Fhome%2Fagenciai%2Fpublic_html%2Fcd38d8%2F.. HTTP/1.1" 200 83918 "-" "Mozilla/5.0 AppleWebKit/537.36 (KHTML, like Gecko; compatible; ClaudeBot/1.0; +claudebot@anthropic.com)"
190.120.229.103 - - [30/Dec/2025:09:55:27 -0300] "POST / HTTP/1.1" 200 - "-" "Mozilla/5.0 (X11; Linux x86_64) AppleWebKit/537.36 (KHTML, like Gecko) Chrome/81.0.4044.129 Safari/537.36"
85.208.96.196 - - [30/Dec/2025:09:55:30 -0300] "GET /?a=75261061 HTTP/1.1" 200 - "-" "Mozilla/5.0 (compatible; SemrushBot/7~bl; +http://www.semrush.com/bot.html)"
216.73.216.44 - - [30/Dec/2025:09:55:41 -0300] "GET /wp-content/qq29a515/doge.gif HTTP/1.1" 200 - "-" "Mozilla/5.0 AppleWebKit/537.36 (KHTML, like Gecko; compatible; ClaudeBot/1.0; +claudebot@anthropic.com)"
85.208.96.209 - - [30/Dec/2025:09:55:47 -0300] "GET /?a=144181461 HTTP/1.1" 200 - "-" "Mozilla/5.0 (compatible; SemrushBot/7~bl; +http://www.semrush.com/bot.html)"
69.197.149.50 - - [30/Dec/2025:09:54:21 -0300] "GET /wp-includes/br79d1f6/edit.php?id=996710 HTTP/1.1" 200 - "https://agenciaidee.com/wp-includes/br79d1f6/edit.php?id=996710" "Mozilla/5.0 (Windows NT 10.0; Win64; x64) AppleWebKit/537.36 (KHTML, like Gecko) Chrome/58.0.3029.110 Safari/537.3"
85.208.96.201 - - [30/Dec/2025:09:55:55 -0300] "GET /?a=7806761 HTTP/1.1" 200 - "-" "Mozilla/5.0 (compatible; SemrushBot/7~bl; +http://www.semrush.com/bot.html)"
85.208.96.201 - - [30/Dec/2025:09:56:00 -0300] "GET /?p=4070634 HTTP/1.1" 200 - "-" "Mozilla/5.0 (compatible; SemrushBot/7~bl; +http://www.semrush.com/bot.html)"
114.119.144.64 - - [30/Dec/2025:09:56:07 -0300] "GET /search.php?products/187df21014 HTTP/1.1" 200 552680 "https://agenciaidee.com/search.php?sitemap601.xml" "Mozilla/5.0 (Linux; Android 7.0;) AppleWebKit/537.36 (KHTML, like Gecko) Mobile Safari/537.36 (compatible; PetalBot;+https://webmaster.petalsearch.com/site/petalbot)"
69.197.149.50 - - [30/Dec/2025:09:54:45 -0300] "GET /wp-includes/wp9e9ee7/edit.php?id=881402 HTTP/1.1" 200 - "https://agenciaidee.com/wp-includes/wp9e9ee7/edit.php?id=881402" "Mozilla/5.0 (Windows NT 10.0; Win64; x64) AppleWebKit/537.36 (KHTML, like Gecko) Chrome/58.0.3029.110 Safari/537.3"
69.197.149.50 - - [30/Dec/2025:09:54:51 -0300] "GET /wp-content/qq29a515/edit.php?id=469679 HTTP/1.1" 200 - "https://agenciaidee.com/wp-content/qq29a515/edit.php?id=469679" "Mozilla/5.0 (Windows NT 10.0; Win64; x64) AppleWebKit/537.36 (KHTML, like Gecko) Chrome/58.0.3029.110 Safari/537.3"
216.73.216.44 - - [30/Dec/2025:09:56:41 -0300] "GET /images/?C=N&O=D HTTP/1.1" 200 997 "-" "Mozilla/5.0 AppleWebKit/537.36 (KHTML, like Gecko; compatible; ClaudeBot/1.0; +claudebot@anthropic.com)"
85.208.96.200 - - [30/Dec/2025:09:56:43 -0300] "GET /?a=147454661 HTTP/1.1" 200 - "-" "Mozilla/5.0 (compatible; SemrushBot/7~bl; +http://www.semrush.com/bot.html)"
216.73.216.44 - - [30/Dec/2025:09:57:03 -0300] "GET /wp-content/qq29a515/?C=N&O=D HTTP/1.1" 200 1724 "-" "Mozilla/5.0 AppleWebKit/537.36 (KHTML, like Gecko; compatible; ClaudeBot/1.0; +claudebot@anthropic.com)"
85.208.96.196 - - [30/Dec/2025:09:57:14 -0300] "GET /?a=992261 HTTP/1.1" 200 - "-" "Mozilla/5.0 (compatible; SemrushBot/7~bl; +http://www.semrush.com/bot.html)"
216.73.216.44 - - [30/Dec/2025:09:57:19 -0300] "GET /wp-content/qq29a515/?C=M&O=A HTTP/1.1" 200 1724 "-" "Mozilla/5.0 AppleWebKit/537.36 (KHTML, like Gecko; compatible; ClaudeBot/1.0; +claudebot@anthropic.com)"
69.197.149.50 - - [30/Dec/2025:09:55:51 -0300] "GET /wp-includes/br79d1f6/edit.php?id=996710 HTTP/1.1" 200 - "https://agenciaidee.com/wp-includes/br79d1f6/edit.php?id=996710" "Mozilla/5.0 (Windows NT 10.0; Win64; x64) AppleWebKit/537.36 (KHTML, like Gecko) Chrome/58.0.3029.110 Safari/537.3"
69.197.149.50 - - [30/Dec/2025:09:56:14 -0300] "GET /wp-includes/wp9e9ee7/edit.php?id=881402 HTTP/1.1" 200 - "https://agenciaidee.com/wp-includes/wp9e9ee7/edit.php?id=881402" "Mozilla/5.0 (Windows NT 10.0; Win64; x64) AppleWebKit/537.36 (KHTML, like Gecko) Chrome/58.0.3029.110 Safari/537.3"
185.191.171.7 - - [30/Dec/2025:09:57:44 -0300] "GET /?a=137077461 HTTP/1.1" 200 - "-" "Mozilla/5.0 (compatible; SemrushBot/7~bl; +http://www.semrush.com/bot.html)"
69.197.149.50 - - [30/Dec/2025:09:56:19 -0300] "GET /wp-content/qq29a515/edit.php?id=469679 HTTP/1.1" 200 - "https://agenciaidee.com/wp-content/qq29a515/edit.php?id=469679" "Mozilla/5.0 (Windows NT 10.0; Win64; x64) AppleWebKit/537.36 (KHTML, like Gecko) Chrome/58.0.3029.110 Safari/537.3"
114.119.157.239 - - [30/Dec/2025:09:57:32 -0300] "GET /search.php?products/187ax11189 HTTP/1.1" 200 552106 "https://agenciaidee.com/search.php?sitemap601.xml" "Mozilla/5.0 (Linux; Android 7.0;) AppleWebKit/537.36 (KHTML, like Gecko) Mobile Safari/537.36 (compatible; PetalBot;+https://webmaster.petalsearch.com/site/petalbot)"
85.208.96.196 - - [30/Dec/2025:09:57:54 -0300] "GET /?a=97407261 HTTP/1.1" 200 - "-" "Mozilla/5.0 (compatible; SemrushBot/7~bl; +http://www.semrush.com/bot.html)"
185.191.171.13 - - [30/Dec/2025:09:57:55 -0300] "GET /?p=4256937 HTTP/1.1" 200 - "-" "Mozilla/5.0 (compatible; SemrushBot/7~bl; +http://www.semrush.com/bot.html)"
85.208.96.193 - - [30/Dec/2025:09:58:07 -0300] "GET /?a=143902961 HTTP/1.1" 200 - "-" "Mozilla/5.0 (compatible; SemrushBot/7~bl; +http://www.semrush.com/bot.html)"
85.208.96.200 - - [30/Dec/2025:09:58:11 -0300] "GET /?a=91104461 HTTP/1.1" 200 - "-" "Mozilla/5.0 (compatible; SemrushBot/7~bl; +http://www.semrush.com/bot.html)"
216.73.216.44 - - [30/Dec/2025:09:58:11 -0300] "GET /wp-content/qq29a515/?C=D&O=A HTTP/1.1" 200 1724 "-" "Mozilla/5.0 AppleWebKit/537.36 (KHTML, like Gecko; compatible; ClaudeBot/1.0; +claudebot@anthropic.com)"
85.208.96.202 - - [30/Dec/2025:09:58:13 -0300] "GET /?a=5306261 HTTP/1.1" 200 - "-" "Mozilla/5.0 (compatible; SemrushBot/7~bl; +http://www.semrush.com/bot.html)"
185.191.171.6 - - [30/Dec/2025:09:58:16 -0300] "GET /?a=144170661 HTTP/1.1" 200 - "-" "Mozilla/5.0 (compatible; SemrushBot/7~bl; +http://www.semrush.com/bot.html)"
85.208.96.197 - - [30/Dec/2025:09:58:17 -0300] "GET /?a=144452361 HTTP/1.1" 200 - "-" "Mozilla/5.0 (compatible; SemrushBot/7~bl; +http://www.semrush.com/bot.html)"
216.73.216.44 - - [30/Dec/2025:09:58:25 -0300] "GET /wp-content/qq29a515/?C=S&O=A HTTP/1.1" 200 1724 "-" "Mozilla/5.0 AppleWebKit/537.36 (KHTML, like Gecko; compatible; ClaudeBot/1.0; +claudebot@anthropic.com)"
85.208.96.196 - - [30/Dec/2025:09:58:34 -0300] "GET /?a=84604961 HTTP/1.1" 200 - "-" "Mozilla/5.0 (compatible; SemrushBot/7~bl; +http://www.semrush.com/bot.html)"
85.208.96.209 - - [30/Dec/2025:09:58:41 -0300] "GET /?a=29952161 HTTP/1.1" 200 - "-" "Mozilla/5.0 (compatible; SemrushBot/7~bl; +http://www.semrush.com/bot.html)"
69.197.149.50 - - [30/Dec/2025:09:57:21 -0300] "GET /wp-includes/br79d1f6/edit.php?id=996710 HTTP/1.1" 200 - "https://agenciaidee.com/wp-includes/br79d1f6/edit.php?id=996710" "Mozilla/5.0 (Windows NT 10.0; Win64; x64) AppleWebKit/537.36 (KHTML, like Gecko) Chrome/58.0.3029.110 Safari/537.3"
69.197.149.50 - - [30/Dec/2025:09:57:46 -0300] "GET /wp-includes/wp9e9ee7/edit.php?id=881402 HTTP/1.1" 200 - "https://agenciaidee.com/wp-includes/wp9e9ee7/edit.php?id=881402" "Mozilla/5.0 (Windows NT 10.0; Win64; x64) AppleWebKit/537.36 (KHTML, like Gecko) Chrome/58.0.3029.110 Safari/537.3"
85.208.96.199 - - [30/Dec/2025:09:59:14 -0300] "GET /?a=7779361 HTTP/1.1" 200 - "-" "Mozilla/5.0 (compatible; SemrushBot/7~bl; +http://www.semrush.com/bot.html)"
69.197.149.50 - - [30/Dec/2025:09:57:47 -0300] "GET /wp-content/qq29a515/edit.php?id=469679 HTTP/1.1" 200 - "https://agenciaidee.com/wp-content/qq29a515/edit.php?id=469679" "Mozilla/5.0 (Windows NT 10.0; Win64; x64) AppleWebKit/537.36 (KHTML, like Gecko) Chrome/58.0.3029.110 Safari/537.3"
114.119.144.64 - - [30/Dec/2025:09:58:54 -0300] "GET /search.php?products/186zd43639 HTTP/1.1" 200 551503 "https://agenciaidee.com/search.php?sitemap601.xml" "Mozilla/5.0 (Linux; Android 7.0;) AppleWebKit/537.36 (KHTML, like Gecko) Mobile Safari/537.36 (compatible; PetalBot;+https://webmaster.petalsearch.com/site/petalbot)"
85.208.96.212 - - [30/Dec/2025:09:59:20 -0300] "GET /?a=8814861 HTTP/1.1" 200 - "-" "Mozilla/5.0 (compatible; SemrushBot/7~bl; +http://www.semrush.com/bot.html)"
216.73.216.44 - - [30/Dec/2025:09:59:22 -0300] "GET /gm.php?path=%2Fhome%2Fagenciai%2Fpublic_html%2Faa99f1 HTTP/1.1" 403 - "-" "Mozilla/5.0 AppleWebKit/537.36 (KHTML, like Gecko; compatible; ClaudeBot/1.0; +claudebot@anthropic.com)"
85.208.96.209 - - [30/Dec/2025:09:59:22 -0300] "GET /?a=144552961 HTTP/1.1" 200 - "-" "Mozilla/5.0 (compatible; SemrushBot/7~bl; +http://www.semrush.com/bot.html)"
185.191.171.5 - - [30/Dec/2025:09:59:25 -0300] "GET /?a=140630761 HTTP/1.1" 200 - "-" "Mozilla/5.0 (compatible; SemrushBot/7~bl; +http://www.semrush.com/bot.html)"
85.208.96.207 - - [30/Dec/2025:09:59:43 -0300] "GET /?a=4570461 HTTP/1.1" 200 - "-" "Mozilla/5.0 (compatible; SemrushBot/7~bl; +http://www.semrush.com/bot.html)"
85.208.96.198 - - [30/Dec/2025:09:59:55 -0300] "GET /?a=145700061 HTTP/1.1" 200 - "-" "Mozilla/5.0 (compatible; SemrushBot/7~bl; +http://www.semrush.com/bot.html)"
208.110.64.178 - - [30/Dec/2025:09:59:56 -0300] "GET /wp-includes/admin.php HTTP/1.1" 200 - "https://agenciaidee.com/wp-includes/admin.php" "Mozilla/5.0 (Windows NT 10.0; Win64; x64) AppleWebKit/537.36 (KHTML, like Gecko) Chrome/58.0.3029.110 Safari/537.3"
85.208.96.206 - - [30/Dec/2025:10:00:01 -0300] "GET /?a=14913661 HTTP/1.1" 200 - "-" "Mozilla/5.0 (compatible; SemrushBot/7~bl; +http://www.semrush.com/bot.html)"
185.191.171.1 - - [30/Dec/2025:10:00:02 -0300] "GET /?p=3981052 HTTP/1.1" 200 - "-" "Mozilla/5.0 (compatible; SemrushBot/7~bl; +http://www.semrush.com/bot.html)"
216.73.216.44 - - [30/Dec/2025:10:00:12 -0300] "GET /images/?C=D&O=D HTTP/1.1" 200 997 "-" "Mozilla/5.0 AppleWebKit/537.36 (KHTML, like Gecko; compatible; ClaudeBot/1.0; +claudebot@anthropic.com)"
216.73.216.44 - - [30/Dec/2025:10:00:12 -0300] "GET /images/?C=M&O=D HTTP/1.1" 200 997 "-" "Mozilla/5.0 AppleWebKit/537.36 (KHTML, like Gecko; compatible; ClaudeBot/1.0; +claudebot@anthropic.com)"
216.73.216.44 - - [30/Dec/2025:10:00:13 -0300] "GET /wp-includes/?C=D&O=D HTTP/1.1" 200 1001 "-" "Mozilla/5.0 AppleWebKit/537.36 (KHTML, like Gecko; compatible; ClaudeBot/1.0; +claudebot@anthropic.com)"
69.197.149.50 - - [30/Dec/2025:09:58:52 -0300] "GET /wp-includes/br79d1f6/edit.php?id=996710 HTTP/1.1" 200 - "https://agenciaidee.com/wp-includes/br79d1f6/edit.php?id=996710" "Mozilla/5.0 (Windows NT 10.0; Win64; x64) AppleWebKit/537.36 (KHTML, like Gecko) Chrome/58.0.3029.110 Safari/537.3"
216.73.216.44 - - [30/Dec/2025:10:00:19 -0300] "GET /cd38d8/?edit=cache.php&fm=true&path=%2Fhome%2Fagenciai%2Fpublic_html%2Fcd38d8%2Fcd38d8%2F HTTP/1.1" 200 24828 "-" "Mozilla/5.0 AppleWebKit/537.36 (KHTML, like Gecko; compatible; ClaudeBot/1.0; +claudebot@anthropic.com)"
216.73.216.44 - - [30/Dec/2025:10:00:19 -0300] "GET /images/?C=S&O=D HTTP/1.1" 200 997 "-" "Mozilla/5.0 AppleWebKit/537.36 (KHTML, like Gecko; compatible; ClaudeBot/1.0; +claudebot@anthropic.com)"
216.73.216.44 - - [30/Dec/2025:10:00:19 -0300] "GET /cd38d8/?fm=true&path=%2Fhome%2Fagenciai%2Fpublic_html%2Fcd38d8%2Fcd38d8%2F.. HTTP/1.1" 200 29196 "-" "Mozilla/5.0 AppleWebKit/537.36 (KHTML, like Gecko; compatible; ClaudeBot/1.0; +claudebot@anthropic.com)"
57.141.2.63 - - [30/Dec/2025:10:00:23 -0300] "GET /?t=361021024 HTTP/1.1" 200 - "-" "meta-externalagent/1.1 (+https://developers.facebook.com/docs/sharing/webmasters/crawler)"
69.197.149.50 - - [30/Dec/2025:09:59:14 -0300] "GET /wp-includes/wp9e9ee7/edit.php?id=881402 HTTP/1.1" 200 - "https://agenciaidee.com/wp-includes/wp9e9ee7/edit.php?id=881402" "Mozilla/5.0 (Windows NT 10.0; Win64; x64) AppleWebKit/537.36 (KHTML, like Gecko) Chrome/58.0.3029.110 Safari/537.3"
69.197.149.50 - - [30/Dec/2025:09:59:16 -0300] "GET /wp-content/qq29a515/edit.php?id=469679 HTTP/1.1" 200 - "https://agenciaidee.com/wp-content/qq29a515/edit.php?id=469679" "Mozilla/5.0 (Windows NT 10.0; Win64; x64) AppleWebKit/537.36 (KHTML, like Gecko) Chrome/58.0.3029.110 Safari/537.3"
77.75.77.36 - - [30/Dec/2025:10:00:48 -0300] "GET /?t=2163297347 HTTP/1.1" 200 - "-" "Mozilla/5.0 (compatible; SeznamBot/4.0; +https://o-seznam.cz/napoveda/vyhledavani/en/seznambot-crawler/)"
114.119.157.239 - - [30/Dec/2025:10:00:22 -0300] "GET /search.php?products/186tq49227 HTTP/1.1" 200 556934 "https://agenciaidee.com/search.php?sitemap601.xml" "Mozilla/5.0 (Linux; Android 7.0;) AppleWebKit/537.36 (KHTML, like Gecko) Mobile Safari/537.36 (compatible; PetalBot;+https://webmaster.petalsearch.com/site/petalbot)"
185.191.171.1 - - [30/Dec/2025:10:01:05 -0300] "GET /?a=188899261 HTTP/1.1" 200 - "-" "Mozilla/5.0 (compatible; SemrushBot/7~bl; +http://www.semrush.com/bot.html)"
85.208.96.208 - - [30/Dec/2025:10:01:26 -0300] "GET /?a=9500261 HTTP/1.1" 200 - "-" "Mozilla/5.0 (compatible; SemrushBot/7~bl; +http://www.semrush.com/bot.html)"
69.197.149.50 - - [30/Dec/2025:10:00:20 -0300] "GET /wp-includes/br79d1f6/edit.php?id=996710 HTTP/1.1" 200 - "https://agenciaidee.com/wp-includes/br79d1f6/edit.php?id=996710" "Mozilla/5.0 (Windows NT 10.0; Win64; x64) AppleWebKit/537.36 (KHTML, like Gecko) Chrome/58.0.3029.110 Safari/537.3"
85.208.96.202 - - [30/Dec/2025:10:01:50 -0300] "GET /?a=805361 HTTP/1.1" 200 - "-" "Mozilla/5.0 (compatible; SemrushBot/7~bl; +http://www.semrush.com/bot.html)"
216.73.216.44 - - [30/Dec/2025:10:01:53 -0300] "GET /cd38d8/?fm=true&path=%2Fhome%2Fagenciai%2Fpublic_html%2Fcd38d8%2Fcd38d8%2F&rights=cache.php HTTP/1.1" 200 18357 "-" "Mozilla/5.0 AppleWebKit/537.36 (KHTML, like Gecko; compatible; ClaudeBot/1.0; +claudebot@anthropic.com)"
216.73.216.44 - - [30/Dec/2025:10:01:53 -0300] "GET /cd38d8/?edit=index.php.php.tar.gz&fm=true&path=%2Fhome%2Fagenciai%2Fpublic_html%2Fcd38d8%2F HTTP/1.1" 200 66182 "-" "Mozilla/5.0 AppleWebKit/537.36 (KHTML, like Gecko; compatible; ClaudeBot/1.0; +claudebot@anthropic.com)"
216.73.216.44 - - [30/Dec/2025:10:01:54 -0300] "GET /gm.php?path=%2Fhome%2Fagenciai%2Fpublic_html%2F.well-known HTTP/1.1" 403 - "-" "Mozilla/5.0 AppleWebKit/537.36 (KHTML, like Gecko; compatible; ClaudeBot/1.0; +claudebot@anthropic.com)"
185.191.171.6 - - [30/Dec/2025:10:01:58 -0300] "GET /?a=18876561 HTTP/1.1" 200 - "-" "Mozilla/5.0 (compatible; SemrushBot/7~bl; +http://www.semrush.com/bot.html)"
185.191.171.1 - - [30/Dec/2025:10:02:03 -0300] "GET /?a=142905061 HTTP/1.1" 200 - "-" "Mozilla/5.0 (compatible; SemrushBot/7~bl; +http://www.semrush.com/bot.html)"
208.110.64.178 - - [30/Dec/2025:10:02:06 -0300] "GET /wp-content/admin.php HTTP/1.1" 200 - "https://www.agenciaidee.com/wp-content/admin.php" "Mozilla/5.0 (Windows NT 10.0; Win64; x64) AppleWebKit/537.36 (KHTML, like Gecko) Chrome/58.0.3029.110 Safari/537.3"
216.73.216.44 - - [30/Dec/2025:10:02:08 -0300] "GET /images/?C=N&O=A HTTP/1.1" 200 997 "-" "Mozilla/5.0 AppleWebKit/537.36 (KHTML, like Gecko; compatible; ClaudeBot/1.0; +claudebot@anthropic.com)"
216.73.216.44 - - [30/Dec/2025:10:02:08 -0300] "GET /gm.php?path=%2Fhome%2Fagenciai%2Fpublic_html%2Fimages HTTP/1.1" 403 - "-" "Mozilla/5.0 AppleWebKit/537.36 (KHTML, like Gecko; compatible; ClaudeBot/1.0; +claudebot@anthropic.com)"
216.73.216.44 - - [30/Dec/2025:10:02:09 -0300] "GET /images/toggige-arrow.jpg HTTP/1.1" 200 31682 "-" "Mozilla/5.0 AppleWebKit/537.36 (KHTML, like Gecko; compatible; ClaudeBot/1.0; +claudebot@anthropic.com)"
114.119.142.140 - - [30/Dec/2025:10:01:42 -0300] "GET /search.php?products/186qg44358 HTTP/1.1" 200 596980 "https://agenciaidee.com/search.php?sitemap601.xml" "Mozilla/5.0 (Linux; Android 7.0;) AppleWebKit/537.36 (KHTML, like Gecko) Mobile Safari/537.36 (compatible; PetalBot;+https://webmaster.petalsearch.com/site/petalbot)"
185.191.171.6 - - [30/Dec/2025:10:02:14 -0300] "GET /?a=142681561 HTTP/1.1" 200 - "-" "Mozilla/5.0 (compatible; SemrushBot/7~bl; +http://www.semrush.com/bot.html)"
69.197.149.50 - - [30/Dec/2025:10:00:47 -0300] "GET /wp-content/qq29a515/edit.php?id=469679 HTTP/1.1" 200 - "https://agenciaidee.com/wp-content/qq29a515/edit.php?id=469679" "Mozilla/5.0 (Windows NT 10.0; Win64; x64) AppleWebKit/537.36 (KHTML, like Gecko) Chrome/58.0.3029.110 Safari/537.3"
69.197.149.50 - - [30/Dec/2025:10:00:47 -0300] "GET /wp-includes/wp9e9ee7/edit.php?id=881402 HTTP/1.1" 200 - "https://agenciaidee.com/wp-includes/wp9e9ee7/edit.php?id=881402" "Mozilla/5.0 (Windows NT 10.0; Win64; x64) AppleWebKit/537.36 (KHTML, like Gecko) Chrome/58.0.3029.110 Safari/537.3"
185.191.171.12 - - [30/Dec/2025:10:02:17 -0300] "GET /?p=3059248 HTTP/1.1" 200 - "-" "Mozilla/5.0 (compatible; SemrushBot/7~bl; +http://www.semrush.com/bot.html)"
216.73.216.44 - - [30/Dec/2025:10:02:18 -0300] "GET /gm.php?filesrc=%2Fhome%2Fagenciai%2Fpublic_html%2Fshell_WDAIDM.php&path=%2Fhome%2Fagenciai%2Fpublic_html HTTP/1.1" 403 - "-" "Mozilla/5.0 AppleWebKit/537.36 (KHTML, like Gecko; compatible; ClaudeBot/1.0; +claudebot@anthropic.com)"
85.208.96.197 - - [30/Dec/2025:10:02:18 -0300] "GET /robots.txt HTTP/1.1" 200 377 "-" "Mozilla/5.0 (compatible; SemrushBot/7~bl; +http://www.semrush.com/bot.html)"
216.73.216.44 - - [30/Dec/2025:10:02:18 -0300] "GET /cd38d8/?fm=true&path=%2Fhome%2Fagenciai%2Fpublic_html%2Fcd38d8%2Fcd38d8%2F&rename=cache.php HTTP/1.1" 200 18349 "-" "Mozilla/5.0 AppleWebKit/537.36 (KHTML, like Gecko; compatible; ClaudeBot/1.0; +claudebot@anthropic.com)"
85.208.96.200 - - [30/Dec/2025:10:02:18 -0300] "GET /?a=85460561 HTTP/1.1" 200 - "-" "Mozilla/5.0 (compatible; SemrushBot/7~bl; +http://www.semrush.com/bot.html)"
216.73.216.44 - - [30/Dec/2025:10:02:19 -0300] "GET /cd38d8/?edit=index.php&fm=true&path=%2Fhome%2Fagenciai%2Fpublic_html%2Fcd38d8%2Fcd38d8%2F HTTP/1.1" 200 25012 "-" "Mozilla/5.0 AppleWebKit/537.36 (KHTML, like Gecko; compatible; ClaudeBot/1.0; +claudebot@anthropic.com)"
85.208.96.209 - - [30/Dec/2025:10:02:20 -0300] "GET /?a=146436761 HTTP/1.1" 200 - "-" "Mozilla/5.0 (compatible; SemrushBot/7~bl; +http://www.semrush.com/bot.html)"
185.191.171.8 - - [30/Dec/2025:10:02:23 -0300] "GET /?a=32039661 HTTP/1.1" 200 - "-" "Mozilla/5.0 (compatible; SemrushBot/7~bl; +http://www.semrush.com/bot.html)"
57.141.2.35 - - [30/Dec/2025:10:02:37 -0300] "GET /?t=4185312862?gid=images HTTP/1.1" 200 - "-" "meta-externalagent/1.1 (+https://developers.facebook.com/docs/sharing/webmasters/crawler)"
85.208.96.208 - - [30/Dec/2025:10:02:42 -0300] "GET /?a=137851061 HTTP/1.1" 200 - "-" "Mozilla/5.0 (compatible; SemrushBot/7~bl; +http://www.semrush.com/bot.html)"
185.191.171.16 - - [30/Dec/2025:10:02:51 -0300] "GET /?a=147236761 HTTP/1.1" 200 - "-" "Mozilla/5.0 (compatible; SemrushBot/7~bl; +http://www.semrush.com/bot.html)"
85.208.96.210 - - [30/Dec/2025:10:03:24 -0300] "GET /?a=144103561 HTTP/1.1" 200 - "-" "Mozilla/5.0 (compatible; SemrushBot/7~bl; +http://www.semrush.com/bot.html)"
185.191.171.9 - - [30/Dec/2025:10:03:26 -0300] "GET /?p=5657898 HTTP/1.1" 200 - "-" "Mozilla/5.0 (compatible; SemrushBot/7~bl; +http://www.semrush.com/bot.html)"
69.197.149.50 - - [30/Dec/2025:10:01:53 -0300] "GET /wp-includes/br79d1f6/edit.php?id=996710 HTTP/1.1" 200 - "https://agenciaidee.com/wp-includes/br79d1f6/edit.php?id=996710" "Mozilla/5.0 (Windows NT 10.0; Win64; x64) AppleWebKit/537.36 (KHTML, like Gecko) Chrome/58.0.3029.110 Safari/537.3"
85.208.96.200 - - [30/Dec/2025:10:03:28 -0300] "GET /?a=6137061 HTTP/1.1" 200 - "-" "Mozilla/5.0 (compatible; SemrushBot/7~bl; +http://www.semrush.com/bot.html)"
66.249.64.233 - - [30/Dec/2025:10:03:33 -0300] "GET /search.php?sitemap655.xml HTTP/1.1" 200 570623 "-" "Mozilla/5.0 (compatible; Googlebot/2.1; +http://www.google.com/bot.html)"
204.12.208.18 - - [30/Dec/2025:10:03:37 -0300] "GET /wp-includes/wp9e9ee7/edit.php HTTP/1.1" 200 6 "http://agenciaidee.com/wp-includes/wp9e9ee7/edit.php" "Mozilla/5.0 (Macintosh; U; Intel Mac OS X 10_6_3; ja-jp) AppleWebKit/533.16 (KHTML, like Gecko) Version/5.0 Safari/533.16"
185.191.171.5 - - [30/Dec/2025:10:03:37 -0300] "GET /?a=33856861 HTTP/1.1" 200 - "-" "Mozilla/5.0 (compatible; SemrushBot/7~bl; +http://www.semrush.com/bot.html)"
114.119.142.210 - - [30/Dec/2025:10:03:19 -0300] "GET /search.php?products/186ow23523 HTTP/1.1" 200 552433 "https://agenciaidee.com/search.php?sitemap601.xml" "Mozilla/5.0 (Linux; Android 7.0;) AppleWebKit/537.36 (KHTML, like Gecko) Mobile Safari/537.36 (compatible; PetalBot;+https://webmaster.petalsearch.com/site/petalbot)"
69.197.149.50 - - [30/Dec/2025:10:02:16 -0300] "GET /wp-content/qq29a515/edit.php?id=469679 HTTP/1.1" 200 - "https://agenciaidee.com/wp-content/qq29a515/edit.php?id=469679" "Mozilla/5.0 (Windows NT 10.0; Win64; x64) AppleWebKit/537.36 (KHTML, like Gecko) Chrome/58.0.3029.110 Safari/537.3"
69.197.149.50 - - [30/Dec/2025:10:02:16 -0300] "GET /wp-includes/wp9e9ee7/edit.php?id=881402 HTTP/1.1" 200 - "https://agenciaidee.com/wp-includes/wp9e9ee7/edit.php?id=881402" "Mozilla/5.0 (Windows NT 10.0; Win64; x64) AppleWebKit/537.36 (KHTML, like Gecko) Chrome/58.0.3029.110 Safari/537.3"
