185.191.171.18 - - [30/Dec/2025:12:54:43 -0300] "GET /?a=149633961 HTTP/1.1" 200 - "-" "Mozilla/5.0 (compatible; SemrushBot/7~bl; +http://www.semrush.com/bot.html)"
185.191.171.9 - - [30/Dec/2025:12:54:48 -0300] "GET /?a=92105761 HTTP/1.1" 200 - "-" "Mozilla/5.0 (compatible; SemrushBot/7~bl; +http://www.semrush.com/bot.html)"
69.197.149.50 - - [30/Dec/2025:12:53:22 -0300] "GET /wp-includes/wp9e9ee7/edit.php?id=881402 HTTP/1.1" 200 - "https://agenciaidee.com/wp-includes/wp9e9ee7/edit.php?id=881402" "Mozilla/5.0 (Windows NT 10.0; Win64; x64) AppleWebKit/537.36 (KHTML, like Gecko) Chrome/58.0.3029.110 Safari/537.3"
185.191.171.1 - - [30/Dec/2025:12:54:52 -0300] "GET /?a=59836061 HTTP/1.1" 200 - "-" "Mozilla/5.0 (compatible; SemrushBot/7~bl; +http://www.semrush.com/bot.html)"
85.208.96.210 - - [30/Dec/2025:12:55:12 -0300] "GET /?a=21993661 HTTP/1.1" 200 - "-" "Mozilla/5.0 (compatible; SemrushBot/7~bl; +http://www.semrush.com/bot.html)"
185.191.171.1 - - [30/Dec/2025:12:55:18 -0300] "GET /?a=1964561 HTTP/1.1" 200 - "-" "Mozilla/5.0 (compatible; SemrushBot/7~bl; +http://www.semrush.com/bot.html)"
85.208.96.209 - - [30/Dec/2025:12:55:27 -0300] "GET /?a=94926661 HTTP/1.1" 200 - "-" "Mozilla/5.0 (compatible; SemrushBot/7~bl; +http://www.semrush.com/bot.html)"
185.191.171.10 - - [30/Dec/2025:12:55:29 -0300] "GET /?a=145367561 HTTP/1.1" 200 - "-" "Mozilla/5.0 (compatible; SemrushBot/7~bl; +http://www.semrush.com/bot.html)"
85.208.96.202 - - [30/Dec/2025:12:55:30 -0300] "GET /?a=138174761 HTTP/1.1" 200 - "-" "Mozilla/5.0 (compatible; SemrushBot/7~bl; +http://www.semrush.com/bot.html)"
85.208.96.204 - - [30/Dec/2025:12:55:33 -0300] "GET /?a=90193561 HTTP/1.1" 200 - "-" "Mozilla/5.0 (compatible; SemrushBot/7~bl; +http://www.semrush.com/bot.html)"
114.119.145.116 - - [30/Dec/2025:12:55:51 -0300] "GET /search.php?products/175kc23353 HTTP/1.1" 200 565817 "https://agenciaidee.com/search.php?sitemap601.xml" "Mozilla/5.0 (Linux; Android 7.0;) AppleWebKit/537.36 (KHTML, like Gecko) Mobile Safari/537.36 (compatible; PetalBot;+https://webmaster.petalsearch.com/site/petalbot)"
85.208.96.204 - - [30/Dec/2025:12:55:57 -0300] "GET /?a=354896961 HTTP/1.1" 200 - "-" "Mozilla/5.0 (compatible; SemrushBot/7~bl; +http://www.semrush.com/bot.html)"
69.197.149.50 - - [30/Dec/2025:12:54:54 -0300] "GET /wp-includes/wp9e9ee7/edit.php?id=881402 HTTP/1.1" 200 - "https://agenciaidee.com/wp-includes/wp9e9ee7/edit.php?id=881402" "Mozilla/5.0 (Windows NT 10.0; Win64; x64) AppleWebKit/537.36 (KHTML, like Gecko) Chrome/58.0.3029.110 Safari/537.3"
85.208.96.210 - - [30/Dec/2025:12:56:36 -0300] "GET /?a=31745861 HTTP/1.1" 200 - "-" "Mozilla/5.0 (compatible; SemrushBot/7~bl; +http://www.semrush.com/bot.html)"
185.191.171.14 - - [30/Dec/2025:12:56:41 -0300] "GET /?a=21610261 HTTP/1.1" 200 - "-" "Mozilla/5.0 (compatible; SemrushBot/7~bl; +http://www.semrush.com/bot.html)"
85.208.96.208 - - [30/Dec/2025:12:56:48 -0300] "GET /?a=146467361 HTTP/1.1" 200 - "-" "Mozilla/5.0 (compatible; SemrushBot/7~bl; +http://www.semrush.com/bot.html)"
85.208.96.212 - - [30/Dec/2025:12:56:50 -0300] "GET /?a=96410461 HTTP/1.1" 200 - "-" "Mozilla/5.0 (compatible; SemrushBot/7~bl; +http://www.semrush.com/bot.html)"
185.191.171.14 - - [30/Dec/2025:12:57:05 -0300] "GET /?a=138089761 HTTP/1.1" 200 - "-" "Mozilla/5.0 (compatible; SemrushBot/7~bl; +http://www.semrush.com/bot.html)"
114.119.146.179 - - [30/Dec/2025:12:57:13 -0300] "GET /search.php?products/175ga32759 HTTP/1.1" 200 552581 "https://agenciaidee.com/search.php?sitemap601.xml" "Mozilla/5.0 (Linux; Android 7.0;) AppleWebKit/537.36 (KHTML, like Gecko) Mobile Safari/537.36 (compatible; PetalBot;+https://webmaster.petalsearch.com/site/petalbot)"
185.191.171.18 - - [30/Dec/2025:12:57:18 -0300] "GET /?a=142882861 HTTP/1.1" 200 - "-" "Mozilla/5.0 (compatible; SemrushBot/7~bl; +http://www.semrush.com/bot.html)"
85.208.96.201 - - [30/Dec/2025:12:57:49 -0300] "GET /?a=140223361 HTTP/1.1" 200 - "-" "Mozilla/5.0 (compatible; SemrushBot/7~bl; +http://www.semrush.com/bot.html)"
69.197.149.50 - - [30/Dec/2025:12:56:23 -0300] "GET /wp-includes/wp9e9ee7/edit.php?id=881402 HTTP/1.1" 200 - "https://agenciaidee.com/wp-includes/wp9e9ee7/edit.php?id=881402" "Mozilla/5.0 (Windows NT 10.0; Win64; x64) AppleWebKit/537.36 (KHTML, like Gecko) Chrome/58.0.3029.110 Safari/537.3"
185.191.171.18 - - [30/Dec/2025:12:57:57 -0300] "GET /?a=136457961 HTTP/1.1" 200 - "-" "Mozilla/5.0 (compatible; SemrushBot/7~bl; +http://www.semrush.com/bot.html)"
85.208.96.206 - - [30/Dec/2025:12:58:08 -0300] "GET /?a=8050661 HTTP/1.1" 200 - "-" "Mozilla/5.0 (compatible; SemrushBot/7~bl; +http://www.semrush.com/bot.html)"
66.249.64.131 - - [30/Dec/2025:12:58:11 -0300] "GET /?t=3967270601 HTTP/1.1" 200 110173 "-" "Mozilla/5.0 (Linux; Android 6.0.1; Nexus 5X Build/MMB29P) AppleWebKit/537.36 (KHTML, like Gecko) Chrome/141.0.7390.122 Mobile Safari/537.36 (compatible; Googlebot/2.1; +http://www.google.com/bot.html)"
57.141.2.24 - - [30/Dec/2025:12:58:18 -0300] "GET /?t=257310038?gid=images HTTP/1.1" 200 - "-" "meta-externalagent/1.1 (+https://developers.facebook.com/docs/sharing/webmasters/crawler)"
185.191.171.9 - - [30/Dec/2025:12:58:39 -0300] "GET /?a=5385861 HTTP/1.1" 200 - "-" "Mozilla/5.0 (compatible; SemrushBot/7~bl; +http://www.semrush.com/bot.html)"
114.119.142.210 - - [30/Dec/2025:12:58:38 -0300] "GET /search.php?products/175cx49944 HTTP/1.1" 200 551285 "https://agenciaidee.com/search.php?sitemap601.xml" "Mozilla/5.0 (Linux; Android 7.0;) AppleWebKit/537.36 (KHTML, like Gecko) Mobile Safari/537.36 (compatible; PetalBot;+https://webmaster.petalsearch.com/site/petalbot)"
185.191.171.16 - - [30/Dec/2025:12:58:45 -0300] "GET /?a=143890461 HTTP/1.1" 200 - "-" "Mozilla/5.0 (compatible; SemrushBot/7~bl; +http://www.semrush.com/bot.html)"
85.208.96.198 - - [30/Dec/2025:12:58:51 -0300] "GET /?p=4692857 HTTP/1.1" 200 - "-" "Mozilla/5.0 (compatible; SemrushBot/7~bl; +http://www.semrush.com/bot.html)"
185.191.171.18 - - [30/Dec/2025:12:59:01 -0300] "GET /?a=80261261 HTTP/1.1" 200 - "-" "Mozilla/5.0 (compatible; SemrushBot/7~bl; +http://www.semrush.com/bot.html)"
69.197.149.50 - - [30/Dec/2025:12:57:53 -0300] "GET /wp-includes/wp9e9ee7/edit.php?id=881402 HTTP/1.1" 200 - "https://agenciaidee.com/wp-includes/wp9e9ee7/edit.php?id=881402" "Mozilla/5.0 (Windows NT 10.0; Win64; x64) AppleWebKit/537.36 (KHTML, like Gecko) Chrome/58.0.3029.110 Safari/537.3"
4.241.185.64 - - [30/Dec/2025:12:59:25 -0300] "GET /info.php HTTP/1.1" 403 - "https://www.google.de/" "Mozilla/5.0 (iPhone; CPU iPhone OS 17_1_1 like Mac OS X) AppleWebKit/605.1.15 (KHTML, like Gecko) Version/17.1 Mobile/15E148 Safari/604.1"
4.241.185.64 - - [30/Dec/2025:12:59:25 -0300] "GET /about.php HTTP/1.1" 200 - "https://duckduckgo.com/" "Mozilla/5.0 (iPad; CPU OS 16_7_2 like Mac OS X) AppleWebKit/605.1.15 (KHTML, like Gecko) Version/16.6 Mobile/15E148 Safari/604.1"
4.241.185.64 - - [30/Dec/2025:12:59:25 -0300] "GET /admin.php HTTP/1.1" 200 - "https://www.google.fr/" "Mozilla/5.0 (Linux; Android 10; K) AppleWebKit/537.36 (KHTML, like Gecko) Chrome/117.0.0.0 Mobile Safari/537.36"
4.241.185.64 - - [30/Dec/2025:12:59:25 -0300] "GET /edit.php HTTP/1.1" 200 - "https://www.google.fr/" "Mozilla/5.0 (iPhone; CPU iPhone OS 15_7_9 like Mac OS X) AppleWebKit/605.1.15 (KHTML, like Gecko) Version/15.6.5 Mobile/15E148 Safari/604.1"
4.241.185.64 - - [30/Dec/2025:12:59:26 -0300] "GET /ahax.php HTTP/1.1" 403 299 "https://www.bing.com/" "Mozilla/5.0 (Linux; Android 11; 21081111RG) AppleWebKit/537.36 (KHTML, like Gecko) Chrome/116.0.0.0 Mobile Safari/537.36"
4.241.185.64 - - [30/Dec/2025:12:59:26 -0300] "GET /ioxi-o.php HTTP/1.1" 403 - "https://www.google.co.uk/" "Mozilla/5.0 (iPhone; CPU iPhone OS 16_0 like Mac OS X) AppleWebKit/605.1.15 (KHTML, like Gecko) FxiOS/118.0 Mobile/15E148 Safari/605.1.15"
4.241.185.64 - - [30/Dec/2025:12:59:26 -0300] "GET /bless.php HTTP/1.1" 403 - "https://www.google.fr/" "Mozilla/5.0 (Linux; Android 10; LM-Q720) AppleWebKit/537.36 (KHTML, like Gecko) Chrome/116.0.0.0 Mobile Safari/537.36"
77.75.79.36 - - [30/Dec/2025:12:59:27 -0300] "GET /?t=3642425013 HTTP/1.1" 200 - "-" "Mozilla/5.0 (compatible; SeznamBot/4.0; +https://o-seznam.cz/napoveda/vyhledavani/en/seznambot-crawler/)"
4.241.185.64 - - [30/Dec/2025:12:59:27 -0300] "GET /bolt.php HTTP/1.1" 403 295 "https://www.google.com/" "Mozilla/5.0 (iPhone; CPU iPhone OS 17_1 like Mac OS X) AppleWebKit/605.1.15 (KHTML, like Gecko) CriOS/119.0.6045.109 Mobile/15E148 Safari/604.1"
4.241.185.64 - - [30/Dec/2025:12:59:27 -0300] "GET /adminfuns.php HTTP/1.1" 403 - "https://www.google.de/" "Mozilla/5.0 (iPhone; CPU iPhone OS 16_0 like Mac OS X) AppleWebKit/605.1.15 (KHTML, like Gecko) FxiOS/118.0 Mobile/15E148 Safari/605.1.15"
4.241.185.64 - - [30/Dec/2025:12:59:27 -0300] "GET /classwithtostring.php HTTP/1.1" 403 297 "https://www.bing.com/" "Mozilla/5.0 (iPhone; CPU iPhone OS 16_0 like Mac OS X) AppleWebKit/605.1.15 (KHTML, like Gecko) FxiOS/118.0 Mobile/15E148 Safari/605.1.15"
4.241.185.64 - - [30/Dec/2025:12:59:28 -0300] "GET /file.php HTTP/1.1" 403 - "https://www.google.co.uk/" "Mozilla/5.0 (iPhone; CPU iPhone OS 16_0 like Mac OS X) AppleWebKit/605.1.15 (KHTML, like Gecko) FxiOS/118.0 Mobile/15E148 Safari/605.1.15"
4.241.185.64 - - [30/Dec/2025:12:59:28 -0300] "GET /abcd.php HTTP/1.1" 403 301 "https://www.bing.com/" "Mozilla/5.0 (iPad; CPU OS 16_7_2 like Mac OS X) AppleWebKit/605.1.15 (KHTML, like Gecko) Version/16.6 Mobile/15E148 Safari/604.1"
4.241.185.64 - - [30/Dec/2025:12:59:29 -0300] "GET /akcc.php HTTP/1.1" 403 299 "https://www.bing.com/" "Mozilla/5.0 (iPhone; CPU iPhone OS 16_6_1 like Mac OS X) AppleWebKit/605.1.15 (KHTML, like Gecko) Version/16.6 Mobile/15E148 Safari/604.1"
4.241.185.64 - - [30/Dec/2025:12:59:29 -0300] "GET /k.php HTTP/1.1" 403 299 "https://www.google.com/" "Mozilla/5.0 (Linux; Android 13; M2101K6G) AppleWebKit/537.36 (KHTML, like Gecko) Chrome/116.0.0.0 Mobile Safari/537.36"
4.241.185.64 - - [30/Dec/2025:12:59:29 -0300] "GET /xmlrpc.php HTTP/1.1" 403 - "https://www.yahoo.com/" "Mozilla/5.0 (Linux; Android 14; Pixel 8 Pro) AppleWebKit/537.36 (KHTML, like Gecko) Chrome/119.0.0.0 Mobile Safari/537.36"
185.191.171.16 - - [30/Dec/2025:12:59:30 -0300] "GET /?a=134946961 HTTP/1.1" 200 - "-" "Mozilla/5.0 (compatible; SemrushBot/7~bl; +http://www.semrush.com/bot.html)"
4.241.185.64 - - [30/Dec/2025:12:59:30 -0300] "GET /xmrlpc.php HTTP/1.1" 403 - "https://duckduckgo.com/" "Mozilla/5.0 (iPhone; CPU iPhone OS 17_1 like Mac OS X) AppleWebKit/605.1.15 (KHTML, like Gecko) CriOS/119.0.6045.109 Mobile/15E148 Safari/604.1"
4.241.185.64 - - [30/Dec/2025:12:59:30 -0300] "GET /wp.php HTTP/1.1" 403 - "https://www.google.co.uk/" "Mozilla/5.0 (Linux; Android 11; 21081111RG) AppleWebKit/537.36 (KHTML, like Gecko) Chrome/116.0.0.0 Mobile Safari/537.36"
4.241.185.64 - - [30/Dec/2025:12:59:30 -0300] "GET /yas.php HTTP/1.1" 403 299 "https://www.bing.com/" "Mozilla/5.0 (iPhone; CPU iPhone OS 17_1 like Mac OS X) AppleWebKit/605.1.15 (KHTML, like Gecko) CriOS/119.0.6045.109 Mobile/15E148 Safari/604.1"
4.241.185.64 - - [30/Dec/2025:12:59:31 -0300] "GET /simple.php HTTP/1.1" 403 - "https://www.google.fr/" "Mozilla/5.0 (Linux; Android 13; SM-G991U) AppleWebKit/537.36 (KHTML, like Gecko) Chrome/117.0.0.0 Mobile Safari/537.36"
4.241.185.64 - - [30/Dec/2025:12:59:31 -0300] "GET /goods.php HTTP/1.1" 200 299 "https://www.google.com/" "Mozilla/5.0 (Linux; Android 10; K) AppleWebKit/537.36 (KHTML, like Gecko) Chrome/117.0.0.0 Mobile Safari/537.36"
4.241.185.64 - - [30/Dec/2025:12:59:31 -0300] "GET /wp-good.php HTTP/1.1" 403 - "https://www.google.co.uk/" "Mozilla/5.0 (Linux; Android 12; V2134) AppleWebKit/537.36 (KHTML, like Gecko) Chrome/116.0.0.0 Mobile Safari/537.36"
4.241.185.64 - - [30/Dec/2025:12:59:32 -0300] "GET /wp-admin/js/ HTTP/1.1" 200 297 "https://www.bing.com/" "Mozilla/5.0 (Linux; Android 11; 21081111RG) AppleWebKit/537.36 (KHTML, like Gecko) Chrome/116.0.0.0 Mobile Safari/537.36"
4.241.185.64 - - [30/Dec/2025:12:59:32 -0300] "GET /wp-admin/classwithtostring.php HTTP/1.1" 200 - "https://www.google.de/" "Mozilla/5.0 (Linux; Android 14; Pixel 8 Pro) AppleWebKit/537.36 (KHTML, like Gecko) Chrome/119.0.0.0 Mobile Safari/537.36"
4.241.185.64 - - [30/Dec/2025:12:59:32 -0300] "GET /wp-content/classwithtostring.php HTTP/1.1" 403 - "https://www.google.co.uk/" "Mozilla/5.0 (Linux; Android 11; CPH2251) AppleWebKit/537.36 (KHTML, like Gecko) Chrome/116.0.0.0 Mobile Safari/537.36"
185.191.171.6 - - [30/Dec/2025:12:59:32 -0300] "GET /?a=7144461 HTTP/1.1" 200 - "-" "Mozilla/5.0 (compatible; SemrushBot/7~bl; +http://www.semrush.com/bot.html)"
4.241.185.64 - - [30/Dec/2025:12:59:33 -0300] "GET /wp-admin/network/admin.php HTTP/1.1" 200 - "https://www.yahoo.com/" "Mozilla/5.0 (iPhone; CPU iPhone OS 16_0 like Mac OS X) AppleWebKit/605.1.15 (KHTML, like Gecko) FxiOS/118.0 Mobile/15E148 Safari/605.1.15"
4.241.185.64 - - [30/Dec/2025:12:59:33 -0300] "GET /wp-conflg/function.php HTTP/1.1" 200 - "https://www.google.de/" "Mozilla/5.0 (Linux; Android 10; K) AppleWebKit/537.36 (KHTML, like Gecko) Chrome/117.0.0.0 Mobile Safari/537.36"
4.241.185.64 - - [30/Dec/2025:12:59:33 -0300] "GET /wp-content/plugins/admin.php HTTP/1.1" 200 - "https://www.google.fr/" "Mozilla/5.0 (Linux; Android 12; V2134) AppleWebKit/537.36 (KHTML, like Gecko) Chrome/116.0.0.0 Mobile Safari/537.36"
4.241.185.64 - - [30/Dec/2025:12:59:34 -0300] "GET /wp-content/themes/admin.php HTTP/1.1" 200 297 "https://www.bing.com/" "Mozilla/5.0 (Linux; Android 12; V2134) AppleWebKit/537.36 (KHTML, like Gecko) Chrome/116.0.0.0 Mobile Safari/537.36"
4.241.185.64 - - [30/Dec/2025:12:59:34 -0300] "GET /css/index.php HTTP/1.1" 200 - "https://www.google.fr/" "Mozilla/5.0 (iPad; CPU OS 16_7_2 like Mac OS X) AppleWebKit/605.1.15 (KHTML, like Gecko) Version/16.6 Mobile/15E148 Safari/604.1"
4.241.185.64 - - [30/Dec/2025:12:59:34 -0300] "GET /wp-admin/js/index.php HTTP/1.1" 200 299 "https://www.bing.com/" "Mozilla/5.g (Linux; Android 13; Pixel 7) AppleWebKit/537.36 (KHTML, like Gecko) Chrome/116.0.0.0 Mobile Safari/537.36"
4.241.185.64 - - [30/Dec/2025:12:59:35 -0300] "GET /wp-content/index.php HTTP/1.1" 200 - "https://duckduckgo.com/" "Mozilla/5.0 (iPhone; CPU iPhone OS 16_6_1 like Mac OS X) AppleWebKit/605.1.15 (KHTML, like Gecko) Version/16.6 Mobile/15E148 Safari/604.1"
4.241.185.64 - - [30/Dec/2025:12:59:35 -0300] "GET /wp-content/upgrade/index.php HTTP/1.1" 200 - "https://www.google.co.uk/" "Mozilla/5.0 (iPad; CPU OS 17_0_3 like Mac OS X) AppleWebKit/605.1.15 (KHTML, like Gecko) Version/17.0.1 Mobile/15E148 Safari/604.1"
4.241.185.64 - - [30/Dec/2025:12:59:35 -0300] "GET /wp-includes/style-engine/index.php HTTP/1.1" 200 - "https://www.google.de/" "Mozilla/5.0 (iPhone; CPU iPhone OS 15_7_9 like Mac OS X) AppleWebKit/605.1.15 (KHTML, like Gecko) Version/15.6.5 Mobile/15E148 Safari/604.1"
4.241.185.64 - - [30/Dec/2025:12:59:36 -0300] "GET /wp-includes/rest-api/fields/index.php HTTP/1.1" 200 299 "https://www.bing.com/" "Mozilla/5.0 (iPhone; CPU iPhone OS 17_1_1 like Mac OS X) AppleWebKit/605.1.15 (KHTML, like Gecko) Version/17.1 Mobile/15E148 Safari/604.1"
4.241.185.64 - - [30/Dec/2025:12:59:36 -0300] "GET /wp-includes/PHPMailer/index.php HTTP/1.1" 200 - "https://www.google.fr/" "Mozilla/5.0 (Linux; Android 13; M2101K6G) AppleWebKit/537.36 (KHTML, like Gecko) Chrome/116.0.0.0 Mobile Safari/537.36"
4.241.185.64 - - [30/Dec/2025:12:59:36 -0300] "GET /wp-includes/html-api/index.php HTTP/1.1" 200 - "https://duckduckgo.com/" "Mozilla/5.0 (Linux; Android 10; LM-Q720) AppleWebKit/537.36 (KHTML, like Gecko) Chrome/116.0.0.0 Mobile Safari/537.36"
4.241.185.64 - - [30/Dec/2025:12:59:37 -0300] "GET /wp-includes/Text/index.php HTTP/1.1" 200 299 "https://www.google.com/" "Mozilla/5.0 (Linux; Android 12; V2134) AppleWebKit/537.36 (KHTML, like Gecko) Chrome/116.0.0.0 Mobile Safari/537.36"
4.241.185.64 - - [30/Dec/2025:12:59:37 -0300] "GET /wp-includes/js/jquery/jquery.php HTTP/1.1" 200 - "https://www.yahoo.com/" "Mozilla/5.0 (Linux; Android 12; SM-A525F) AppleWebKit/537.36 (KHTML, like Gecko) Chrome/117.0.0.0 Mobile Safari/537.36"
4.241.185.64 - - [30/Dec/2025:12:59:37 -0300] "GET /wp-includes/sitemaps/autoload_classmap.php HTTP/1.1" 200 - "https://www.google.de/" "Mozilla/5.0 (Linux; Android 12; V2134) AppleWebKit/537.36 (KHTML, like Gecko) Chrome/116.0.0.0 Mobile Safari/537.36"
4.241.185.64 - - [30/Dec/2025:12:59:38 -0300] "GET /wp-includes/style-engine/autoload_classmap.php HTTP/1.1" 200 299 "https://www.google.com/" "Mozilla/5.g (Linux; Android 13; Pixel 7) AppleWebKit/537.36 (KHTML, like Gecko) Chrome/116.0.0.0 Mobile Safari/537.36"
4.241.185.64 - - [30/Dec/2025:12:59:38 -0300] "GET /wp-includes/SimplePie/autoload_classmap.php HTTP/1.1" 200 301 "https://www.google.com/" "Mozilla/5.0 (Linux; Android 13; SM-G991U) AppleWebKit/537.36 (KHTML, like Gecko) Chrome/117.0.0.0 Mobile Safari/537.36"
4.241.185.64 - - [30/Dec/2025:12:59:39 -0300] "GET /wp-includes/assets/autoload_classmap.php HTTP/1.1" 200 - "https://www.yahoo.com/" "Mozilla/5.0 (iPhone; CPU iPhone OS 16_6_1 like Mac OS X) AppleWebKit/605.1.15 (KHTML, like Gecko) Version/16.6 Mobile/15E148 Safari/604.1"
4.241.185.64 - - [30/Dec/2025:12:59:39 -0300] "GET /wp-includes/css/autoload_classmap.php HTTP/1.1" 200 - "https://www.google.fr/" "Mozilla/5.0 (Linux; Android 12; 2201116SG) AppleWebKit/537.36 (KHTML, like Gecko) Chrome/116.0.0.0 Mobile Safari/537.36"
4.241.185.64 - - [30/Dec/2025:12:59:39 -0300] "GET /wp-admin/includes/colour.php HTTP/1.1" 200 - "https://www.google.fr/" "Mozilla/5.0 (Linux; Android 12; 2201116SG) AppleWebKit/537.36 (KHTML, like Gecko) Chrome/116.0.0.0 Mobile Safari/537.36"
4.241.185.64 - - [30/Dec/2025:12:59:40 -0300] "GET /wp-includes/block-bindings/ HTTP/1.1" 200 299 "https://www.bing.com/" "Mozilla/5.0 (iPhone; CPU iPhone OS 15_7_9 like Mac OS X) AppleWebKit/605.1.15 (KHTML, like Gecko) Version/15.6.5 Mobile/15E148 Safari/604.1"
4.241.185.64 - - [30/Dec/2025:12:59:40 -0300] "GET /wp-includes/Text/ HTTP/1.1" 200 - "https://www.google.fr/" "Mozilla/5.0 (iPhone; CPU iPhone OS 17_1_1 like Mac OS X) AppleWebKit/605.1.15 (KHTML, like Gecko) Version/17.1 Mobile/15E148 Safari/604.1"
4.241.185.64 - - [30/Dec/2025:12:59:40 -0300] "GET /wp-includes/ID3/ HTTP/1.1" 200 - "https://duckduckgo.com/" "Mozilla/5.0 (iPhone; CPU iPhone OS 16_6_1 like Mac OS X) AppleWebKit/605.1.15 (KHTML, like Gecko) Version/16.6 Mobile/15E148 Safari/604.1"
4.241.185.64 - - [30/Dec/2025:12:59:41 -0300] "GET /wp-includes/theme-compat/ HTTP/1.1" 200 - "https://www.yahoo.com/" "Mozilla/5.0 (Linux; Android 11; 21081111RG) AppleWebKit/537.36 (KHTML, like Gecko) Chrome/116.0.0.0 Mobile Safari/537.36"
4.241.185.64 - - [30/Dec/2025:12:59:41 -0300] "GET /wp-content/uploads/ HTTP/1.1" 200 - "https://www.google.fr/" "Mozilla/5.0 (iPhone; CPU iPhone OS 16_0 like Mac OS X) AppleWebKit/605.1.15 (KHTML, like Gecko) FxiOS/118.0 Mobile/15E148 Safari/605.1.15"
4.241.185.64 - - [30/Dec/2025:12:59:41 -0300] "GET /.well-known/ HTTP/1.1" 200 647 "https://duckduckgo.com/" "Mozilla/5.0 (Linux; Android 12; 2201116SG) AppleWebKit/537.36 (KHTML, like Gecko) Chrome/116.0.0.0 Mobile Safari/537.36"
85.208.96.202 - - [30/Dec/2025:12:59:41 -0300] "GET /?a=181961 HTTP/1.1" 200 - "-" "Mozilla/5.0 (compatible; SemrushBot/7~bl; +http://www.semrush.com/bot.html)"
4.241.185.64 - - [30/Dec/2025:12:59:41 -0300] "GET /.well-known/acme-challenge/ HTTP/1.1" 403 299 "https://www.bing.com/" "Mozilla/5.0 (Linux; Android 14; Pixel 8 Pro) AppleWebKit/537.36 (KHTML, like Gecko) Chrome/119.0.0.0 Mobile Safari/537.36"
185.191.171.6 - - [30/Dec/2025:12:59:44 -0300] "GET /?a=17585961 HTTP/1.1" 200 - "-" "Mozilla/5.0 (compatible; SemrushBot/7~bl; +http://www.semrush.com/bot.html)"
185.191.171.13 - - [30/Dec/2025:12:59:46 -0300] "GET /?a=353891261 HTTP/1.1" 200 - "-" "Mozilla/5.0 (compatible; SemrushBot/7~bl; +http://www.semrush.com/bot.html)"
185.191.171.18 - - [30/Dec/2025:12:59:48 -0300] "GET /?a=79422561 HTTP/1.1" 200 - "-" "Mozilla/5.0 (compatible; SemrushBot/7~bl; +http://www.semrush.com/bot.html)"
114.119.144.17 - - [30/Dec/2025:13:00:01 -0300] "GET /search.php?products/175cd7389 HTTP/1.1" 200 553642 "https://agenciaidee.com/search.php?sitemap601.xml" "Mozilla/5.0 (Linux; Android 7.0;) AppleWebKit/537.36 (KHTML, like Gecko) Mobile Safari/537.36 (compatible; PetalBot;+https://webmaster.petalsearch.com/site/petalbot)"
185.191.171.15 - - [30/Dec/2025:13:00:16 -0300] "GET /?a=100715361 HTTP/1.1" 200 - "-" "Mozilla/5.0 (compatible; SemrushBot/7~bl; +http://www.semrush.com/bot.html)"
85.208.96.204 - - [30/Dec/2025:13:00:45 -0300] "GET /?a=67687361 HTTP/1.1" 200 - "-" "Mozilla/5.0 (compatible; SemrushBot/7~bl; +http://www.semrush.com/bot.html)"
185.191.171.15 - - [30/Dec/2025:13:00:48 -0300] "GET /?a=66150161 HTTP/1.1" 200 - "-" "Mozilla/5.0 (compatible; SemrushBot/7~bl; +http://www.semrush.com/bot.html)"
69.197.149.50 - - [30/Dec/2025:12:59:21 -0300] "GET /wp-includes/wp9e9ee7/edit.php?id=881402 HTTP/1.1" 200 - "https://agenciaidee.com/wp-includes/wp9e9ee7/edit.php?id=881402" "Mozilla/5.0 (Windows NT 10.0; Win64; x64) AppleWebKit/537.36 (KHTML, like Gecko) Chrome/58.0.3029.110 Safari/537.3"
204.12.208.18 - - [30/Dec/2025:13:00:56 -0300] "GET /wp-includes/wp9e9ee7/edit.php HTTP/1.1" 200 6 "http://agenciaidee.com/wp-includes/wp9e9ee7/edit.php" "Mozilla/5.0 (Macintosh; Intel Mac OS X 10.6; rv:6.0.2) Gecko/20100101 Firefox/6.0.2"
85.208.96.197 - - [30/Dec/2025:13:01:01 -0300] "GET /?a=133155561 HTTP/1.1" 200 - "-" "Mozilla/5.0 (compatible; SemrushBot/7~bl; +http://www.semrush.com/bot.html)"
57.141.2.85 - - [30/Dec/2025:13:01:04 -0300] "GET /?t=2502691394 HTTP/1.1" 200 - "-" "meta-externalagent/1.1 (+https://developers.facebook.com/docs/sharing/webmasters/crawler)"
185.191.171.5 - - [30/Dec/2025:13:01:05 -0300] "GET /?a=138249761 HTTP/1.1" 200 - "-" "Mozilla/5.0 (compatible; SemrushBot/7~bl; +http://www.semrush.com/bot.html)"
85.208.96.200 - - [30/Dec/2025:13:01:15 -0300] "GET /?a=214743061 HTTP/1.1" 200 - "-" "Mozilla/5.0 (compatible; SemrushBot/7~bl; +http://www.semrush.com/bot.html)"
114.119.142.210 - - [30/Dec/2025:13:01:24 -0300] "GET /search.php?products/175bl11752 HTTP/1.1" 200 554495 "https://agenciaidee.com/search.php?sitemap601.xml" "Mozilla/5.0 (Linux; Android 7.0;) AppleWebKit/537.36 (KHTML, like Gecko) Mobile Safari/537.36 (compatible; PetalBot;+https://webmaster.petalsearch.com/site/petalbot)"
77.75.77.36 - - [30/Dec/2025:13:01:26 -0300] "GET /?t=1112562890 HTTP/1.1" 200 - "-" "Mozilla/5.0 (compatible; SeznamBot/4.0; +https://o-seznam.cz/napoveda/vyhledavani/en/seznambot-crawler/)"
208.110.64.178 - - [30/Dec/2025:13:01:27 -0300] "GET /wp-content/admin.php HTTP/1.1" 200 - "https://www.agenciaidee.com/wp-content/admin.php" "Mozilla/5.0 (Windows NT 10.0; Win64; x64) AppleWebKit/537.36 (KHTML, like Gecko) Chrome/58.0.3029.110 Safari/537.3"
85.208.96.195 - - [30/Dec/2025:13:01:27 -0300] "GET /?a=21304661 HTTP/1.1" 200 - "-" "Mozilla/5.0 (compatible; SemrushBot/7~bl; +http://www.semrush.com/bot.html)"
85.208.96.205 - - [30/Dec/2025:13:01:46 -0300] "GET /?a=118277061 HTTP/1.1" 200 - "-" "Mozilla/5.0 (compatible; SemrushBot/7~bl; +http://www.semrush.com/bot.html)"
85.208.96.200 - - [30/Dec/2025:13:01:57 -0300] "GET /?a=147303961 HTTP/1.1" 200 - "-" "Mozilla/5.0 (compatible; SemrushBot/7~bl; +http://www.semrush.com/bot.html)"
85.208.96.200 - - [30/Dec/2025:13:02:19 -0300] "GET /?a=134694161 HTTP/1.1" 200 - "-" "Mozilla/5.0 (compatible; SemrushBot/7~bl; +http://www.semrush.com/bot.html)"
69.197.149.50 - - [30/Dec/2025:13:00:50 -0300] "GET /wp-includes/wp9e9ee7/edit.php?id=881402 HTTP/1.1" 200 - "https://agenciaidee.com/wp-includes/wp9e9ee7/edit.php?id=881402" "Mozilla/5.0 (Windows NT 10.0; Win64; x64) AppleWebKit/537.36 (KHTML, like Gecko) Chrome/58.0.3029.110 Safari/537.3"
85.208.96.200 - - [30/Dec/2025:13:02:36 -0300] "GET /?a=144180861 HTTP/1.1" 200 - "-" "Mozilla/5.0 (compatible; SemrushBot/7~bl; +http://www.semrush.com/bot.html)"
114.119.146.179 - - [30/Dec/2025:13:02:47 -0300] "GET /search.php?products/174yk12177 HTTP/1.1" 200 565711 "https://agenciaidee.com/search.php?sitemap601.xml" "Mozilla/5.0 (Linux; Android 7.0;) AppleWebKit/537.36 (KHTML, like Gecko) Mobile Safari/537.36 (compatible; PetalBot;+https://webmaster.petalsearch.com/site/petalbot)"
66.249.64.234 - - [30/Dec/2025:13:02:53 -0300] "GET /71grllj29977.html HTTP/1.1" 200 100822 "-" "Mozilla/5.0 (Linux; Android 6.0.1; Nexus 5X Build/MMB29P) AppleWebKit/537.36 (KHTML, like Gecko) Chrome/141.0.7390.122 Mobile Safari/537.36 (compatible; Googlebot/2.1; +http://www.google.com/bot.html)"
185.191.171.14 - - [30/Dec/2025:13:02:59 -0300] "GET /?p=4965490 HTTP/1.1" 200 - "-" "Mozilla/5.0 (compatible; SemrushBot/7~bl; +http://www.semrush.com/bot.html)"
185.191.171.19 - - [30/Dec/2025:13:03:01 -0300] "GET /?a=9869661 HTTP/1.1" 200 - "-" "Mozilla/5.0 (compatible; SemrushBot/7~bl; +http://www.semrush.com/bot.html)"
85.208.96.204 - - [30/Dec/2025:13:03:06 -0300] "GET /?a=210442361 HTTP/1.1" 200 - "-" "Mozilla/5.0 (compatible; SemrushBot/7~bl; +http://www.semrush.com/bot.html)"
135.237.126.41 - - [30/Dec/2025:13:03:23 -0300] "GET /login HTTP/1.1" 200 - "-" "Mozilla/5.0 zgrab/0.x"
66.249.64.130 - - [30/Dec/2025:13:03:36 -0300] "GET /281evqzo7537.html HTTP/1.1" 200 115352 "-" "Mozilla/5.0 (Linux; Android 6.0.1; Nexus 5X Build/MMB29P) AppleWebKit/537.36 (KHTML, like Gecko) Chrome/141.0.7390.122 Mobile Safari/537.36 (compatible; Googlebot/2.1; +http://www.google.com/bot.html)"
85.208.96.200 - - [30/Dec/2025:13:03:37 -0300] "GET /?a=135001861 HTTP/1.1" 200 - "-" "Mozilla/5.0 (compatible; SemrushBot/7~bl; +http://www.semrush.com/bot.html)"
85.208.96.200 - - [30/Dec/2025:13:03:39 -0300] "GET /?a=269551761 HTTP/1.1" 200 - "-" "Mozilla/5.0 (compatible; SemrushBot/7~bl; +http://www.semrush.com/bot.html)"
66.249.64.129 - - [30/Dec/2025:13:03:44 -0300] "GET /?t=3177588049 HTTP/1.1" 200 99684 "-" "Mozilla/5.0 (Linux; Android 6.0.1; Nexus 5X Build/MMB29P) AppleWebKit/537.36 (KHTML, like Gecko) Chrome/141.0.7390.122 Mobile Safari/537.36 (compatible; Googlebot/2.1; +http://www.google.com/bot.html)"
185.191.171.12 - - [30/Dec/2025:13:03:47 -0300] "GET /?a=142651161 HTTP/1.1" 200 - "-" "Mozilla/5.0 (compatible; SemrushBot/7~bl; +http://www.semrush.com/bot.html)"
85.208.96.211 - - [30/Dec/2025:13:03:50 -0300] "GET /?a=545361 HTTP/1.1" 200 - "-" "Mozilla/5.0 (compatible; SemrushBot/7~bl; +http://www.semrush.com/bot.html)"
85.208.96.207 - - [30/Dec/2025:13:03:52 -0300] "GET /?p=2674039 HTTP/1.1" 200 - "-" "Mozilla/5.0 (compatible; SemrushBot/7~bl; +http://www.semrush.com/bot.html)"
69.197.149.50 - - [30/Dec/2025:13:02:26 -0300] "GET /wp-includes/wp9e9ee7/edit.php?id=881402 HTTP/1.1" 200 - "https://agenciaidee.com/wp-includes/wp9e9ee7/edit.php?id=881402" "Mozilla/5.0 (Windows NT 10.0; Win64; x64) AppleWebKit/537.36 (KHTML, like Gecko) Chrome/58.0.3029.110 Safari/537.3"
85.208.96.209 - - [30/Dec/2025:13:03:53 -0300] "GET /?a=25582861 HTTP/1.1" 200 - "-" "Mozilla/5.0 (compatible; SemrushBot/7~bl; +http://www.semrush.com/bot.html)"
141.140.11.172 - - [30/Dec/2025:13:04:13 -0300] "GET / HTTP/1.1" 200 - "-" "Mozilla/5.0 (Macintosh; Intel Mac OS X 10_15_7) AppleWebKit/537.36 (KHTML, like Gecko) Chrome/131.0.0.0 Safari/537.36"
141.140.11.172 - - [30/Dec/2025:13:04:13 -0300] "GET /cgi-sys/suspendedpage.cgi HTTP/1.1" 200 7624 "-" "Mozilla/5.0 (Macintosh; Intel Mac OS X 10_15_7) AppleWebKit/537.36 (KHTML, like Gecko) Chrome/131.0.0.0 Safari/537.36"
77.75.79.36 - - [30/Dec/2025:13:04:17 -0300] "GET /?t=1336160386 HTTP/1.1" 200 - "-" "Mozilla/5.0 (compatible; SeznamBot/4.0; +https://o-seznam.cz/napoveda/vyhledavani/en/seznambot-crawler/)"
114.119.157.239 - - [30/Dec/2025:13:04:18 -0300] "GET /search.php?products/174vh15650 HTTP/1.1" 200 554678 "https://agenciaidee.com/search.php?sitemap601.xml" "Mozilla/5.0 (Linux; Android 7.0;) AppleWebKit/537.36 (KHTML, like Gecko) Mobile Safari/537.36 (compatible; PetalBot;+https://webmaster.petalsearch.com/site/petalbot)"
66.249.64.130 - - [30/Dec/2025:13:04:29 -0300] "GET /?t=2315161187 HTTP/1.1" 200 138966 "-" "Mozilla/5.0 (Linux; Android 6.0.1; Nexus 5X Build/MMB29P) AppleWebKit/537.36 (KHTML, like Gecko) Chrome/141.0.7390.122 Mobile Safari/537.36 (compatible; Googlebot/2.1; +http://www.google.com/bot.html)"
66.249.64.130 - - [30/Dec/2025:13:04:31 -0300] "GET /174shb29590.html HTTP/1.1" 200 112602 "-" "Mozilla/5.0 (Linux; Android 6.0.1; Nexus 5X Build/MMB29P) AppleWebKit/537.36 (KHTML, like Gecko) Chrome/141.0.7390.122 Mobile Safari/537.36 (compatible; Googlebot/2.1; +http://www.google.com/bot.html)"
85.208.96.210 - - [30/Dec/2025:13:04:33 -0300] "GET /?a=159512861 HTTP/1.1" 200 - "-" "Mozilla/5.0 (compatible; SemrushBot/7~bl; +http://www.semrush.com/bot.html)"
85.208.96.211 - - [30/Dec/2025:13:04:53 -0300] "GET /?a=74910961 HTTP/1.1" 200 - "-" "Mozilla/5.0 (compatible; SemrushBot/7~bl; +http://www.semrush.com/bot.html)"
185.191.171.12 - - [30/Dec/2025:13:04:58 -0300] "GET /?a=7659561 HTTP/1.1" 200 - "-" "Mozilla/5.0 (compatible; SemrushBot/7~bl; +http://www.semrush.com/bot.html)"
185.191.171.10 - - [30/Dec/2025:13:05:01 -0300] "GET /?a=136090661 HTTP/1.1" 200 - "-" "Mozilla/5.0 (compatible; SemrushBot/7~bl; +http://www.semrush.com/bot.html)"
85.208.96.195 - - [30/Dec/2025:13:05:20 -0300] "GET /?p=4947069 HTTP/1.1" 200 - "-" "Mozilla/5.0 (compatible; SemrushBot/7~bl; +http://www.semrush.com/bot.html)"
185.191.171.2 - - [30/Dec/2025:13:05:22 -0300] "GET /?a=4738761 HTTP/1.1" 200 - "-" "Mozilla/5.0 (compatible; SemrushBot/7~bl; +http://www.semrush.com/bot.html)"
69.197.149.50 - - [30/Dec/2025:13:03:56 -0300] "GET /wp-includes/wp9e9ee7/edit.php?id=881402 HTTP/1.1" 200 - "https://agenciaidee.com/wp-includes/wp9e9ee7/edit.php?id=881402" "Mozilla/5.0 (Windows NT 10.0; Win64; x64) AppleWebKit/537.36 (KHTML, like Gecko) Chrome/58.0.3029.110 Safari/537.3"
57.141.2.86 - - [30/Dec/2025:13:05:31 -0300] "GET /?t=940162986 HTTP/1.1" 200 - "-" "meta-externalagent/1.1 (+https://developers.facebook.com/docs/sharing/webmasters/crawler)"
85.208.96.201 - - [30/Dec/2025:13:05:40 -0300] "GET /?a=140743061 HTTP/1.1" 200 - "-" "Mozilla/5.0 (compatible; SemrushBot/7~bl; +http://www.semrush.com/bot.html)"
114.119.142.210 - - [30/Dec/2025:13:05:37 -0300] "GET /search.php?products/174ui2148 HTTP/1.1" 200 551574 "https://agenciaidee.com/search.php?sitemap601.xml" "Mozilla/5.0 (Linux; Android 7.0;) AppleWebKit/537.36 (KHTML, like Gecko) Mobile Safari/537.36 (compatible; PetalBot;+https://webmaster.petalsearch.com/site/petalbot)"
85.208.96.205 - - [30/Dec/2025:13:05:50 -0300] "GET /?a=4746861 HTTP/1.1" 200 - "-" "Mozilla/5.0 (compatible; SemrushBot/7~bl; +http://www.semrush.com/bot.html)"
85.208.96.198 - - [30/Dec/2025:13:06:03 -0300] "GET /?a=354755561 HTTP/1.1" 200 - "-" "Mozilla/5.0 (compatible; SemrushBot/7~bl; +http://www.semrush.com/bot.html)"
85.208.96.210 - - [30/Dec/2025:13:06:37 -0300] "GET /?a=31589261 HTTP/1.1" 200 - "-" "Mozilla/5.0 (compatible; SemrushBot/7~bl; +http://www.semrush.com/bot.html)"
185.191.171.7 - - [30/Dec/2025:13:06:41 -0300] "GET /?a=215495661 HTTP/1.1" 200 - "-" "Mozilla/5.0 (compatible; SemrushBot/7~bl; +http://www.semrush.com/bot.html)"
69.197.149.50 - - [30/Dec/2025:13:05:24 -0300] "GET /wp-includes/wp9e9ee7/edit.php?id=881402 HTTP/1.1" 200 - "https://agenciaidee.com/wp-includes/wp9e9ee7/edit.php?id=881402" "Mozilla/5.0 (Windows NT 10.0; Win64; x64) AppleWebKit/537.36 (KHTML, like Gecko) Chrome/58.0.3029.110 Safari/537.3"
114.119.157.239 - - [30/Dec/2025:13:07:04 -0300] "GET /search.php?products/174sd13713 HTTP/1.1" 200 560360 "https://agenciaidee.com/search.php?sitemap601.xml" "Mozilla/5.0 (Linux; Android 7.0;) AppleWebKit/537.36 (KHTML, like Gecko) Mobile Safari/537.36 (compatible; PetalBot;+https://webmaster.petalsearch.com/site/petalbot)"
77.75.79.36 - - [30/Dec/2025:13:07:08 -0300] "GET /?t=1255478067 HTTP/1.1" 200 - "-" "Mozilla/5.0 (compatible; SeznamBot/4.0; +https://o-seznam.cz/napoveda/vyhledavani/en/seznambot-crawler/)"
85.208.96.206 - - [30/Dec/2025:13:07:10 -0300] "GET /?a=94377161 HTTP/1.1" 200 - "-" "Mozilla/5.0 (compatible; SemrushBot/7~bl; +http://www.semrush.com/bot.html)"
185.191.171.5 - - [30/Dec/2025:13:07:13 -0300] "GET /?a=140836661 HTTP/1.1" 200 - "-" "Mozilla/5.0 (compatible; SemrushBot/7~bl; +http://www.semrush.com/bot.html)"
185.191.171.13 - - [30/Dec/2025:13:07:15 -0300] "GET /?a=773161 HTTP/1.1" 200 - "-" "Mozilla/5.0 (compatible; SemrushBot/7~bl; +http://www.semrush.com/bot.html)"
57.141.2.71 - - [30/Dec/2025:13:07:17 -0300] "GET /?t=1038073728 HTTP/1.1" 200 - "-" "meta-externalagent/1.1 (+https://developers.facebook.com/docs/sharing/webmasters/crawler)"
77.75.79.36 - - [30/Dec/2025:13:07:20 -0300] "GET /?t=3849222114 HTTP/1.1" 200 - "-" "Mozilla/5.0 (compatible; SeznamBot/4.0; +https://o-seznam.cz/napoveda/vyhledavani/en/seznambot-crawler/)"
85.208.96.211 - - [30/Dec/2025:13:07:49 -0300] "GET /?a=136074261 HTTP/1.1" 200 - "-" "Mozilla/5.0 (compatible; SemrushBot/7~bl; +http://www.semrush.com/bot.html)"
185.191.171.12 - - [30/Dec/2025:13:07:53 -0300] "GET /?a=145914461 HTTP/1.1" 200 - "-" "Mozilla/5.0 (compatible; SemrushBot/7~bl; +http://www.semrush.com/bot.html)"
185.191.171.9 - - [30/Dec/2025:13:07:56 -0300] "GET /?a=146597561 HTTP/1.1" 200 - "-" "Mozilla/5.0 (compatible; SemrushBot/7~bl; +http://www.semrush.com/bot.html)"
185.191.171.15 - - [30/Dec/2025:13:07:58 -0300] "GET /?a=19869761 HTTP/1.1" 200 - "-" "Mozilla/5.0 (compatible; SemrushBot/7~bl; +http://www.semrush.com/bot.html)"
185.191.171.4 - - [30/Dec/2025:13:08:03 -0300] "GET /?a=22137161 HTTP/1.1" 200 - "-" "Mozilla/5.0 (compatible; SemrushBot/7~bl; +http://www.semrush.com/bot.html)"
85.208.96.208 - - [30/Dec/2025:13:08:13 -0300] "GET /?a=139716161 HTTP/1.1" 200 - "-" "Mozilla/5.0 (compatible; SemrushBot/7~bl; +http://www.semrush.com/bot.html)"
57.141.2.72 - - [30/Dec/2025:13:08:17 -0300] "GET /?t=77276989 HTTP/1.1" 200 - "-" "meta-externalagent/1.1 (+https://developers.facebook.com/docs/sharing/webmasters/crawler)"
77.75.79.36 - - [30/Dec/2025:13:08:24 -0300] "GET /?t=2139115167 HTTP/1.1" 200 - "-" "Mozilla/5.0 (compatible; SeznamBot/4.0; +https://o-seznam.cz/napoveda/vyhledavani/en/seznambot-crawler/)"
69.197.149.50 - - [30/Dec/2025:13:06:55 -0300] "GET /wp-includes/wp9e9ee7/edit.php?id=881402 HTTP/1.1" 200 - "https://agenciaidee.com/wp-includes/wp9e9ee7/edit.php?id=881402" "Mozilla/5.0 (Windows NT 10.0; Win64; x64) AppleWebKit/537.36 (KHTML, like Gecko) Chrome/58.0.3029.110 Safari/537.3"
114.119.142.210 - - [30/Dec/2025:13:08:22 -0300] "GET /search.php?products/174oc25790 HTTP/1.1" 200 551871 "https://agenciaidee.com/search.php?sitemap601.xml" "Mozilla/5.0 (Linux; Android 7.0;) AppleWebKit/537.36 (KHTML, like Gecko) Mobile Safari/537.36 (compatible; PetalBot;+https://webmaster.petalsearch.com/site/petalbot)"
85.208.96.206 - - [30/Dec/2025:13:08:36 -0300] "GET /?a=102006361 HTTP/1.1" 200 - "-" "Mozilla/5.0 (compatible; SemrushBot/7~bl; +http://www.semrush.com/bot.html)"
208.110.64.178 - - [30/Dec/2025:13:08:55 -0300] "GET /wp-includes/admin.php HTTP/1.1" 200 - "https://agenciaidee.com/wp-includes/admin.php" "Mozilla/5.0 (Windows NT 10.0; Win64; x64) AppleWebKit/537.36 (KHTML, like Gecko) Chrome/58.0.3029.110 Safari/537.3"
85.208.96.207 - - [30/Dec/2025:13:09:02 -0300] "GET /?a=138674061 HTTP/1.1" 200 - "-" "Mozilla/5.0 (compatible; SemrushBot/7~bl; +http://www.semrush.com/bot.html)"
85.208.96.193 - - [30/Dec/2025:13:09:03 -0300] "GET /?a=94596761 HTTP/1.1" 200 - "-" "Mozilla/5.0 (compatible; SemrushBot/7~bl; +http://www.semrush.com/bot.html)"
185.191.171.13 - - [30/Dec/2025:13:09:15 -0300] "GET /?a=13207661 HTTP/1.1" 200 - "-" "Mozilla/5.0 (compatible; SemrushBot/7~bl; +http://www.semrush.com/bot.html)"
185.191.171.11 - - [30/Dec/2025:13:09:27 -0300] "GET /?a=354417761 HTTP/1.1" 200 - "-" "Mozilla/5.0 (compatible; SemrushBot/7~bl; +http://www.semrush.com/bot.html)"
185.191.171.4 - - [30/Dec/2025:13:09:30 -0300] "GET /?a=92202061 HTTP/1.1" 200 - "-" "Mozilla/5.0 (compatible; SemrushBot/7~bl; +http://www.semrush.com/bot.html)"
85.208.96.207 - - [30/Dec/2025:13:09:50 -0300] "GET /?p=5737362 HTTP/1.1" 200 - "-" "Mozilla/5.0 (compatible; SemrushBot/7~bl; +http://www.semrush.com/bot.html)"
185.191.171.6 - - [30/Dec/2025:13:09:51 -0300] "GET /?a=136367461 HTTP/1.1" 200 - "-" "Mozilla/5.0 (compatible; SemrushBot/7~bl; +http://www.semrush.com/bot.html)"
69.197.149.50 - - [30/Dec/2025:13:08:26 -0300] "GET /wp-includes/wp9e9ee7/edit.php?id=881402 HTTP/1.1" 200 - "https://agenciaidee.com/wp-includes/wp9e9ee7/edit.php?id=881402" "Mozilla/5.0 (Windows NT 10.0; Win64; x64) AppleWebKit/537.36 (KHTML, like Gecko) Chrome/58.0.3029.110 Safari/537.3"
114.119.144.17 - - [30/Dec/2025:13:09:52 -0300] "GET /search.php?products/174jk8000 HTTP/1.1" 200 554416 "https://agenciaidee.com/search.php?sitemap601.xml" "Mozilla/5.0 (Linux; Android 7.0;) AppleWebKit/537.36 (KHTML, like Gecko) Mobile Safari/537.36 (compatible; PetalBot;+https://webmaster.petalsearch.com/site/petalbot)"
216.73.216.44 - - [30/Dec/2025:13:10:07 -0300] "GET /robots.txt HTTP/1.1" 200 377 "-" "Mozilla/5.0 AppleWebKit/537.36 (KHTML, like Gecko; compatible; ClaudeBot/1.0; +claudebot@anthropic.com)"
216.73.216.44 - - [30/Dec/2025:13:10:07 -0300] "GET / HTTP/1.1" 200 - "-" "Mozilla/5.0 AppleWebKit/537.36 (KHTML, like Gecko; compatible; ClaudeBot/1.0; +claudebot@anthropic.com)"
85.208.96.202 - - [30/Dec/2025:13:10:10 -0300] "GET /?a=136273861 HTTP/1.1" 200 - "-" "Mozilla/5.0 (compatible; SemrushBot/7~bl; +http://www.semrush.com/bot.html)"
57.141.2.49 - - [30/Dec/2025:13:10:22 -0300] "GET /?t=1935986413 HTTP/1.1" 200 - "-" "meta-externalagent/1.1 (+https://developers.facebook.com/docs/sharing/webmasters/crawler)"
185.191.171.14 - - [30/Dec/2025:13:10:47 -0300] "GET /?p=250991 HTTP/1.1" 200 - "-" "Mozilla/5.0 (compatible; SemrushBot/7~bl; +http://www.semrush.com/bot.html)"
185.191.171.10 - - [30/Dec/2025:13:10:49 -0300] "GET /?a=147895561 HTTP/1.1" 200 - "-" "Mozilla/5.0 (compatible; SemrushBot/7~bl; +http://www.semrush.com/bot.html)"
185.191.171.10 - - [30/Dec/2025:13:11:08 -0300] "GET /?a=79615861 HTTP/1.1" 200 - "-" "Mozilla/5.0 (compatible; SemrushBot/7~bl; +http://www.semrush.com/bot.html)"
77.75.79.36 - - [30/Dec/2025:13:11:09 -0300] "GET /?t=1113758265 HTTP/1.1" 200 - "-" "Mozilla/5.0 (compatible; SeznamBot/4.0; +https://o-seznam.cz/napoveda/vyhledavani/en/seznambot-crawler/)"
114.119.142.140 - - [30/Dec/2025:13:11:10 -0300] "GET /search.php?products/174cy6024 HTTP/1.1" 200 552949 "https://agenciaidee.com/search.php?sitemap601.xml" "Mozilla/5.0 (Linux; Android 7.0;) AppleWebKit/537.36 (KHTML, like Gecko) Mobile Safari/537.36 (compatible; PetalBot;+https://webmaster.petalsearch.com/site/petalbot)"
85.208.96.205 - - [30/Dec/2025:13:11:15 -0300] "GET /?a=87043761 HTTP/1.1" 200 - "-" "Mozilla/5.0 (compatible; SemrushBot/7~bl; +http://www.semrush.com/bot.html)"
85.208.96.197 - - [30/Dec/2025:13:11:19 -0300] "GET /?a=143171061 HTTP/1.1" 200 - "-" "Mozilla/5.0 (compatible; SemrushBot/7~bl; +http://www.semrush.com/bot.html)"
69.197.149.50 - - [30/Dec/2025:13:09:54 -0300] "GET /wp-includes/wp9e9ee7/edit.php?id=881402 HTTP/1.1" 200 - "https://agenciaidee.com/wp-includes/wp9e9ee7/edit.php?id=881402" "Mozilla/5.0 (Windows NT 10.0; Win64; x64) AppleWebKit/537.36 (KHTML, like Gecko) Chrome/58.0.3029.110 Safari/537.3"
77.75.77.36 - - [30/Dec/2025:13:11:31 -0300] "GET /?t=2167484208 HTTP/1.1" 200 - "-" "Mozilla/5.0 (compatible; SeznamBot/4.0; +https://o-seznam.cz/napoveda/vyhledavani/en/seznambot-crawler/)"
57.141.2.77 - - [30/Dec/2025:13:11:45 -0300] "GET /?t=2522762356?gid=images HTTP/1.1" 200 - "-" "meta-externalagent/1.1 (+https://developers.facebook.com/docs/sharing/webmasters/crawler)"
185.191.171.10 - - [30/Dec/2025:13:11:49 -0300] "GET /?a=3064861 HTTP/1.1" 200 - "-" "Mozilla/5.0 (compatible; SemrushBot/7~bl; +http://www.semrush.com/bot.html)"
185.191.171.4 - - [30/Dec/2025:13:12:04 -0300] "GET /?a=133525261 HTTP/1.1" 200 - "-" "Mozilla/5.0 (compatible; SemrushBot/7~bl; +http://www.semrush.com/bot.html)"
85.208.96.200 - - [30/Dec/2025:13:12:05 -0300] "GET /?a=137823261 HTTP/1.1" 200 - "-" "Mozilla/5.0 (compatible; SemrushBot/7~bl; +http://www.semrush.com/bot.html)"
85.208.96.205 - - [30/Dec/2025:13:12:07 -0300] "GET /?a=14856161 HTTP/1.1" 200 - "-" "Mozilla/5.0 (compatible; SemrushBot/7~bl; +http://www.semrush.com/bot.html)"
85.208.96.200 - - [30/Dec/2025:13:12:16 -0300] "GET /?a=141826261 HTTP/1.1" 200 - "-" "Mozilla/5.0 (compatible; SemrushBot/7~bl; +http://www.semrush.com/bot.html)"
85.208.96.196 - - [30/Dec/2025:13:12:18 -0300] "GET /?a=6956861 HTTP/1.1" 200 - "-" "Mozilla/5.0 (compatible; SemrushBot/7~bl; +http://www.semrush.com/bot.html)"
114.119.142.140 - - [30/Dec/2025:13:12:31 -0300] "GET /search.php?products/174cj20666 HTTP/1.1" 200 552855 "https://agenciaidee.com/search.php?sitemap601.xml" "Mozilla/5.0 (Linux; Android 7.0;) AppleWebKit/537.36 (KHTML, like Gecko) Mobile Safari/537.36 (compatible; PetalBot;+https://webmaster.petalsearch.com/site/petalbot)"
185.191.171.12 - - [30/Dec/2025:13:12:36 -0300] "GET /?a=16932061 HTTP/1.1" 200 - "-" "Mozilla/5.0 (compatible; SemrushBot/7~bl; +http://www.semrush.com/bot.html)"
69.197.149.50 - - [30/Dec/2025:13:11:28 -0300] "GET /wp-includes/wp9e9ee7/edit.php?id=881402 HTTP/1.1" 200 - "https://agenciaidee.com/wp-includes/wp9e9ee7/edit.php?id=881402" "Mozilla/5.0 (Windows NT 10.0; Win64; x64) AppleWebKit/537.36 (KHTML, like Gecko) Chrome/58.0.3029.110 Safari/537.3"
185.191.171.15 - - [30/Dec/2025:13:13:04 -0300] "GET /robots.txt HTTP/1.1" 200 377 "-" "Mozilla/5.0 (compatible; SemrushBot/7~bl; +http://www.semrush.com/bot.html)"
85.208.96.198 - - [30/Dec/2025:13:13:05 -0300] "GET /?a=90422061 HTTP/1.1" 200 - "-" "Mozilla/5.0 (compatible; SemrushBot/7~bl; +http://www.semrush.com/bot.html)"
85.208.96.198 - - [30/Dec/2025:13:13:12 -0300] "GET /?a=85222461 HTTP/1.1" 200 - "-" "Mozilla/5.0 (compatible; SemrushBot/7~bl; +http://www.semrush.com/bot.html)"
85.208.96.198 - - [30/Dec/2025:13:13:18 -0300] "GET /?a=142683061 HTTP/1.1" 200 - "-" "Mozilla/5.0 (compatible; SemrushBot/7~bl; +http://www.semrush.com/bot.html)"
77.75.77.36 - - [30/Dec/2025:13:13:22 -0300] "GET /?t=276818913 HTTP/1.1" 200 - "-" "Mozilla/5.0 (compatible; SeznamBot/4.0; +https://o-seznam.cz/napoveda/vyhledavani/en/seznambot-crawler/)"
85.208.96.200 - - [30/Dec/2025:13:13:30 -0300] "GET /?a=148410761 HTTP/1.1" 200 - "-" "Mozilla/5.0 (compatible; SemrushBot/7~bl; +http://www.semrush.com/bot.html)"
85.208.96.198 - - [30/Dec/2025:13:13:52 -0300] "GET /?a=84372561 HTTP/1.1" 200 - "-" "Mozilla/5.0 (compatible; SemrushBot/7~bl; +http://www.semrush.com/bot.html)"
85.208.96.200 - - [30/Dec/2025:13:13:53 -0300] "GET /?a=147682761 HTTP/1.1" 200 - "-" "Mozilla/5.0 (compatible; SemrushBot/7~bl; +http://www.semrush.com/bot.html)"
85.208.96.204 - - [30/Dec/2025:13:14:05 -0300] "GET /?a=10453361 HTTP/1.1" 200 - "-" "Mozilla/5.0 (compatible; SemrushBot/7~bl; +http://www.semrush.com/bot.html)"
114.119.146.179 - - [30/Dec/2025:13:13:55 -0300] "GET /search.php?products/174ba17504 HTTP/1.1" 200 550634 "https://agenciaidee.com/search.php?sitemap601.xml" "Mozilla/5.0 (Linux; Android 7.0;) AppleWebKit/537.36 (KHTML, like Gecko) Mobile Safari/537.36 (compatible; PetalBot;+https://webmaster.petalsearch.com/site/petalbot)"
85.208.96.204 - - [30/Dec/2025:13:14:08 -0300] "GET /?a=1474061 HTTP/1.1" 200 - "-" "Mozilla/5.0 (compatible; SemrushBot/7~bl; +http://www.semrush.com/bot.html)"
208.110.64.178 - - [30/Dec/2025:13:14:21 -0300] "GET /wp-content/admin.php HTTP/1.1" 200 - "https://www.agenciaidee.com/wp-content/admin.php" "Mozilla/5.0 (Windows NT 10.0; Win64; x64) AppleWebKit/537.36 (KHTML, like Gecko) Chrome/58.0.3029.110 Safari/537.3"
69.197.149.50 - - [30/Dec/2025:13:12:57 -0300] "GET /wp-includes/wp9e9ee7/edit.php?id=881402 HTTP/1.1" 200 - "https://agenciaidee.com/wp-includes/wp9e9ee7/edit.php?id=881402" "Mozilla/5.0 (Windows NT 10.0; Win64; x64) AppleWebKit/537.36 (KHTML, like Gecko) Chrome/58.0.3029.110 Safari/537.3"
57.141.2.69 - - [30/Dec/2025:13:14:48 -0300] "GET /?t=1247366153 HTTP/1.1" 200 - "-" "meta-externalagent/1.1 (+https://developers.facebook.com/docs/sharing/webmasters/crawler)"
185.191.171.10 - - [30/Dec/2025:13:14:50 -0300] "GET /?a=101748861 HTTP/1.1" 200 - "-" "Mozilla/5.0 (compatible; SemrushBot/7~bl; +http://www.semrush.com/bot.html)"
185.191.171.8 - - [30/Dec/2025:13:14:53 -0300] "GET /?a=146318861 HTTP/1.1" 200 - "-" "Mozilla/5.0 (compatible; SemrushBot/7~bl; +http://www.semrush.com/bot.html)"
85.208.96.201 - - [30/Dec/2025:13:15:09 -0300] "GET /?a=216413361 HTTP/1.1" 200 - "-" "Mozilla/5.0 (compatible; SemrushBot/7~bl; +http://www.semrush.com/bot.html)"
114.119.146.179 - - [30/Dec/2025:13:15:19 -0300] "GET /search.php?products/174at43455 HTTP/1.1" 200 565140 "https://agenciaidee.com/search.php?sitemap601.xml" "Mozilla/5.0 (Linux; Android 7.0;) AppleWebKit/537.36 (KHTML, like Gecko) Mobile Safari/537.36 (compatible; PetalBot;+https://webmaster.petalsearch.com/site/petalbot)"
85.208.96.195 - - [30/Dec/2025:13:15:22 -0300] "GET /?a=62669061 HTTP/1.1" 200 - "-" "Mozilla/5.0 (compatible; SemrushBot/7~bl; +http://www.semrush.com/bot.html)"
85.208.96.197 - - [30/Dec/2025:13:15:24 -0300] "GET /?a=67594061 HTTP/1.1" 200 - "-" "Mozilla/5.0 (compatible; SemrushBot/7~bl; +http://www.semrush.com/bot.html)"
77.75.79.36 - - [30/Dec/2025:13:15:31 -0300] "GET /?t=4270524065 HTTP/1.1" 200 - "-" "Mozilla/5.0 (compatible; SeznamBot/4.0; +https://o-seznam.cz/napoveda/vyhledavani/en/seznambot-crawler/)"
57.141.2.73 - - [30/Dec/2025:13:15:32 -0300] "GET /sitemap-mobile-1662.xml HTTP/1.1" 200 13 "-" "meta-externalagent/1.1 (+https://developers.facebook.com/docs/sharing/webmasters/crawler)"
185.191.171.11 - - [30/Dec/2025:13:15:55 -0300] "GET /?p=425916 HTTP/1.1" 200 - "-" "Mozilla/5.0 (compatible; SemrushBot/7~bl; +http://www.semrush.com/bot.html)"
69.197.149.50 - - [30/Dec/2025:13:14:28 -0300] "GET /wp-includes/wp9e9ee7/edit.php?id=881402 HTTP/1.1" 200 - "https://agenciaidee.com/wp-includes/wp9e9ee7/edit.php?id=881402" "Mozilla/5.0 (Windows NT 10.0; Win64; x64) AppleWebKit/537.36 (KHTML, like Gecko) Chrome/58.0.3029.110 Safari/537.3"
85.208.96.196 - - [30/Dec/2025:13:16:05 -0300] "GET /?a=147961961 HTTP/1.1" 200 - "-" "Mozilla/5.0 (compatible; SemrushBot/7~bl; +http://www.semrush.com/bot.html)"
85.208.96.195 - - [30/Dec/2025:13:16:08 -0300] "GET /?a=142229861 HTTP/1.1" 200 - "-" "Mozilla/5.0 (compatible; SemrushBot/7~bl; +http://www.semrush.com/bot.html)"
85.208.96.195 - - [30/Dec/2025:13:16:15 -0300] "GET /?a=312436061 HTTP/1.1" 200 - "-" "Mozilla/5.0 (compatible; SemrushBot/7~bl; +http://www.semrush.com/bot.html)"
66.249.64.130 - - [30/Dec/2025:13:16:16 -0300] "GET /index.php HTTP/1.1" 200 111856 "-" "Mozilla/5.0 (Linux; Android 6.0.1; Nexus 5X Build/MMB29P) AppleWebKit/537.36 (KHTML, like Gecko) Chrome/141.0.7390.122 Mobile Safari/537.36 (compatible; Googlebot/2.1; +http://www.google.com/bot.html)"
85.208.96.194 - - [30/Dec/2025:13:16:27 -0300] "GET /?a=140187761 HTTP/1.1" 200 - "-" "Mozilla/5.0 (compatible; SemrushBot/7~bl; +http://www.semrush.com/bot.html)"
85.208.96.193 - - [30/Dec/2025:13:16:34 -0300] "GET /?a=38571561 HTTP/1.1" 200 - "-" "Mozilla/5.0 (compatible; SemrushBot/7~bl; +http://www.semrush.com/bot.html)"
66.249.64.234 - - [30/Dec/2025:13:16:35 -0300] "GET /search.php?sitemap80.xml HTTP/1.1" 200 569869 "-" "Mozilla/5.0 (compatible; Googlebot/2.1; +http://www.google.com/bot.html)"
85.208.96.205 - - [30/Dec/2025:13:16:46 -0300] "GET /?p=4696471 HTTP/1.1" 200 - "-" "Mozilla/5.0 (compatible; SemrushBot/7~bl; +http://www.semrush.com/bot.html)"
114.119.146.179 - - [30/Dec/2025:13:16:49 -0300] "GET /search.php?products/173zu43029 HTTP/1.1" 200 560136 "https://agenciaidee.com/search.php?sitemap601.xml" "Mozilla/5.0 (Linux; Android 7.0;) AppleWebKit/537.36 (KHTML, like Gecko) Mobile Safari/537.36 (compatible; PetalBot;+https://webmaster.petalsearch.com/site/petalbot)"
85.208.96.204 - - [30/Dec/2025:13:17:19 -0300] "GET /?a=27925061 HTTP/1.1" 200 - "-" "Mozilla/5.0 (compatible; SemrushBot/7~bl; +http://www.semrush.com/bot.html)"
77.75.77.36 - - [30/Dec/2025:13:17:20 -0300] "GET /?t=1095207852 HTTP/1.1" 200 - "-" "Mozilla/5.0 (compatible; SeznamBot/4.0; +https://o-seznam.cz/napoveda/vyhledavani/en/seznambot-crawler/)"
69.197.149.50 - - [30/Dec/2025:13:15:57 -0300] "GET /wp-includes/wp9e9ee7/edit.php?id=881402 HTTP/1.1" 200 - "https://agenciaidee.com/wp-includes/wp9e9ee7/edit.php?id=881402" "Mozilla/5.0 (Windows NT 10.0; Win64; x64) AppleWebKit/537.36 (KHTML, like Gecko) Chrome/58.0.3029.110 Safari/537.3"
185.191.171.13 - - [30/Dec/2025:13:17:26 -0300] "GET /?a=139299861 HTTP/1.1" 200 - "-" "Mozilla/5.0 (compatible; SemrushBot/7~bl; +http://www.semrush.com/bot.html)"
85.208.96.200 - - [30/Dec/2025:13:17:29 -0300] "GET /?a=547461 HTTP/1.1" 200 - "-" "Mozilla/5.0 (compatible; SemrushBot/7~bl; +http://www.semrush.com/bot.html)"
185.191.171.7 - - [30/Dec/2025:13:17:48 -0300] "GET /?a=9678861 HTTP/1.1" 200 - "-" "Mozilla/5.0 (compatible; SemrushBot/7~bl; +http://www.semrush.com/bot.html)"
57.141.2.3 - - [30/Dec/2025:13:17:59 -0300] "GET /?t=2755224133 HTTP/1.1" 200 - "-" "meta-externalagent/1.1 (+https://developers.facebook.com/docs/sharing/webmasters/crawler)"
185.191.171.19 - - [30/Dec/2025:13:17:59 -0300] "GET /?a=91844661 HTTP/1.1" 200 - "-" "Mozilla/5.0 (compatible; SemrushBot/7~bl; +http://www.semrush.com/bot.html)"
85.208.96.200 - - [30/Dec/2025:13:18:06 -0300] "GET /?a=2751161 HTTP/1.1" 200 - "-" "Mozilla/5.0 (compatible; SemrushBot/7~bl; +http://www.semrush.com/bot.html)"
185.191.171.19 - - [30/Dec/2025:13:18:10 -0300] "GET /?p=3350396 HTTP/1.1" 200 - "-" "Mozilla/5.0 (compatible; SemrushBot/7~bl; +http://www.semrush.com/bot.html)"
