114.119.142.140 - - [30/Dec/2025:13:18:15 -0300] "GET /search.php?products/173zm35944 HTTP/1.1" 200 551828 "https://agenciaidee.com/search.php?sitemap601.xml" "Mozilla/5.0 (Linux; Android 7.0;) AppleWebKit/537.36 (KHTML, like Gecko) Mobile Safari/537.36 (compatible; PetalBot;+https://webmaster.petalsearch.com/site/petalbot)"
185.191.171.6 - - [30/Dec/2025:13:18:22 -0300] "GET /?a=139551361 HTTP/1.1" 200 - "-" "Mozilla/5.0 (compatible; SemrushBot/7~bl; +http://www.semrush.com/bot.html)"
69.197.149.50 - - [30/Dec/2025:13:17:26 -0300] "GET /wp-includes/wp9e9ee7/edit.php?id=881402 HTTP/1.1" 200 - "https://agenciaidee.com/wp-includes/wp9e9ee7/edit.php?id=881402" "Mozilla/5.0 (Windows NT 10.0; Win64; x64) AppleWebKit/537.36 (KHTML, like Gecko) Chrome/58.0.3029.110 Safari/537.3"
85.208.96.196 - - [30/Dec/2025:13:19:01 -0300] "GET /?a=146577361 HTTP/1.1" 200 - "-" "Mozilla/5.0 (compatible; SemrushBot/7~bl; +http://www.semrush.com/bot.html)"
85.208.96.200 - - [30/Dec/2025:13:19:02 -0300] "GET /?a=136688961 HTTP/1.1" 200 - "-" "Mozilla/5.0 (compatible; SemrushBot/7~bl; +http://www.semrush.com/bot.html)"
85.208.96.193 - - [30/Dec/2025:13:19:18 -0300] "GET /?a=84348261 HTTP/1.1" 200 - "-" "Mozilla/5.0 (compatible; SemrushBot/7~bl; +http://www.semrush.com/bot.html)"
185.191.171.2 - - [30/Dec/2025:13:19:26 -0300] "GET /?a=144904261 HTTP/1.1" 200 - "-" "Mozilla/5.0 (compatible; SemrushBot/7~bl; +http://www.semrush.com/bot.html)"
185.191.171.12 - - [30/Dec/2025:13:19:29 -0300] "GET /?a=987061 HTTP/1.1" 200 - "-" "Mozilla/5.0 (compatible; SemrushBot/7~bl; +http://www.semrush.com/bot.html)"
57.141.2.3 - - [30/Dec/2025:13:19:31 -0300] "GET /?t=1030177439 HTTP/1.1" 200 - "-" "meta-externalagent/1.1 (+https://developers.facebook.com/docs/sharing/webmasters/crawler)"
114.119.142.140 - - [30/Dec/2025:13:19:29 -0300] "GET /search.php?products/173yh12015 HTTP/1.1" 200 561013 "https://agenciaidee.com/search.php?sitemap601.xml" "Mozilla/5.0 (Linux; Android 7.0;) AppleWebKit/537.36 (KHTML, like Gecko) Mobile Safari/537.36 (compatible; PetalBot;+https://webmaster.petalsearch.com/site/petalbot)"
85.208.96.203 - - [30/Dec/2025:13:19:57 -0300] "GET /?a=107365661 HTTP/1.1" 200 - "-" "Mozilla/5.0 (compatible; SemrushBot/7~bl; +http://www.semrush.com/bot.html)"
185.191.171.7 - - [30/Dec/2025:13:20:08 -0300] "GET /?a=141574861 HTTP/1.1" 200 - "-" "Mozilla/5.0 (compatible; SemrushBot/7~bl; +http://www.semrush.com/bot.html)"
185.191.171.13 - - [30/Dec/2025:13:20:10 -0300] "GET /?a=11506761 HTTP/1.1" 200 - "-" "Mozilla/5.0 (compatible; SemrushBot/7~bl; +http://www.semrush.com/bot.html)"
69.197.149.50 - - [30/Dec/2025:13:18:56 -0300] "GET /wp-includes/wp9e9ee7/edit.php?id=881402 HTTP/1.1" 200 - "https://agenciaidee.com/wp-includes/wp9e9ee7/edit.php?id=881402" "Mozilla/5.0 (Windows NT 10.0; Win64; x64) AppleWebKit/537.36 (KHTML, like Gecko) Chrome/58.0.3029.110 Safari/537.3"
185.191.171.7 - - [30/Dec/2025:13:20:33 -0300] "GET /?a=32431361 HTTP/1.1" 200 - "-" "Mozilla/5.0 (compatible; SemrushBot/7~bl; +http://www.semrush.com/bot.html)"
85.208.96.205 - - [30/Dec/2025:13:20:43 -0300] "GET /?a=141889761 HTTP/1.1" 200 - "-" "Mozilla/5.0 (compatible; SemrushBot/7~bl; +http://www.semrush.com/bot.html)"
185.191.171.19 - - [30/Dec/2025:13:20:45 -0300] "GET /?p=4710380 HTTP/1.1" 200 - "-" "Mozilla/5.0 (compatible; SemrushBot/7~bl; +http://www.semrush.com/bot.html)"
185.191.171.10 - - [30/Dec/2025:13:20:51 -0300] "GET /?a=145708361 HTTP/1.1" 200 - "-" "Mozilla/5.0 (compatible; SemrushBot/7~bl; +http://www.semrush.com/bot.html)"
114.119.144.17 - - [30/Dec/2025:13:20:54 -0300] "GET /search.php?products/173uj3792 HTTP/1.1" 200 561953 "https://agenciaidee.com/search.php?sitemap601.xml" "Mozilla/5.0 (Linux; Android 7.0;) AppleWebKit/537.36 (KHTML, like Gecko) Mobile Safari/537.36 (compatible; PetalBot;+https://webmaster.petalsearch.com/site/petalbot)"
85.208.96.209 - - [30/Dec/2025:13:21:30 -0300] "GET /?a=143442261 HTTP/1.1" 200 - "-" "Mozilla/5.0 (compatible; SemrushBot/7~bl; +http://www.semrush.com/bot.html)"
77.75.77.36 - - [30/Dec/2025:13:21:34 -0300] "GET /?t=4078182124 HTTP/1.1" 200 - "-" "Mozilla/5.0 (compatible; SeznamBot/4.0; +https://o-seznam.cz/napoveda/vyhledavani/en/seznambot-crawler/)"
185.191.171.16 - - [30/Dec/2025:13:21:39 -0300] "GET /?a=115269561 HTTP/1.1" 200 - "-" "Mozilla/5.0 (compatible; SemrushBot/7~bl; +http://www.semrush.com/bot.html)"
85.208.96.201 - - [30/Dec/2025:13:21:43 -0300] "GET /?a=215222261 HTTP/1.1" 200 - "-" "Mozilla/5.0 (compatible; SemrushBot/7~bl; +http://www.semrush.com/bot.html)"
69.197.149.50 - - [30/Dec/2025:13:20:26 -0300] "GET /wp-includes/wp9e9ee7/edit.php?id=881402 HTTP/1.1" 200 - "https://agenciaidee.com/wp-includes/wp9e9ee7/edit.php?id=881402" "Mozilla/5.0 (Windows NT 10.0; Win64; x64) AppleWebKit/537.36 (KHTML, like Gecko) Chrome/58.0.3029.110 Safari/537.3"
185.191.171.13 - - [30/Dec/2025:13:22:00 -0300] "GET /?a=29602061 HTTP/1.1" 200 - "-" "Mozilla/5.0 (compatible; SemrushBot/7~bl; +http://www.semrush.com/bot.html)"
85.208.96.209 - - [30/Dec/2025:13:22:02 -0300] "GET /?a=145587861 HTTP/1.1" 200 - "-" "Mozilla/5.0 (compatible; SemrushBot/7~bl; +http://www.semrush.com/bot.html)"
185.191.171.8 - - [30/Dec/2025:13:22:16 -0300] "GET /?a=1521461 HTTP/1.1" 200 - "-" "Mozilla/5.0 (compatible; SemrushBot/7~bl; +http://www.semrush.com/bot.html)"
185.191.171.16 - - [30/Dec/2025:13:22:18 -0300] "GET /?a=137441761 HTTP/1.1" 200 - "-" "Mozilla/5.0 (compatible; SemrushBot/7~bl; +http://www.semrush.com/bot.html)"
114.119.144.17 - - [30/Dec/2025:13:22:19 -0300] "GET /search.php?products/173to36758 HTTP/1.1" 200 560322 "https://agenciaidee.com/search.php?sitemap601.xml" "Mozilla/5.0 (Linux; Android 7.0;) AppleWebKit/537.36 (KHTML, like Gecko) Mobile Safari/537.36 (compatible; PetalBot;+https://webmaster.petalsearch.com/site/petalbot)"
85.208.96.196 - - [30/Dec/2025:13:22:35 -0300] "GET /?a=97711661 HTTP/1.1" 200 - "-" "Mozilla/5.0 (compatible; SemrushBot/7~bl; +http://www.semrush.com/bot.html)"
185.191.171.4 - - [30/Dec/2025:13:23:00 -0300] "GET /?a=95825361 HTTP/1.1" 200 - "-" "Mozilla/5.0 (compatible; SemrushBot/7~bl; +http://www.semrush.com/bot.html)"
185.191.171.9 - - [30/Dec/2025:13:23:06 -0300] "GET /?a=24647561 HTTP/1.1" 200 - "-" "Mozilla/5.0 (compatible; SemrushBot/7~bl; +http://www.semrush.com/bot.html)"
85.208.96.201 - - [30/Dec/2025:13:23:24 -0300] "GET /?a=7309261 HTTP/1.1" 200 - "-" "Mozilla/5.0 (compatible; SemrushBot/7~bl; +http://www.semrush.com/bot.html)"
69.197.149.50 - - [30/Dec/2025:13:21:55 -0300] "GET /wp-includes/wp9e9ee7/edit.php?id=881402 HTTP/1.1" 200 - "https://agenciaidee.com/wp-includes/wp9e9ee7/edit.php?id=881402" "Mozilla/5.0 (Windows NT 10.0; Win64; x64) AppleWebKit/537.36 (KHTML, like Gecko) Chrome/58.0.3029.110 Safari/537.3"
85.208.96.207 - - [30/Dec/2025:13:23:26 -0300] "GET /?a=92961261 HTTP/1.1" 200 - "-" "Mozilla/5.0 (compatible; SemrushBot/7~bl; +http://www.semrush.com/bot.html)"
185.191.171.8 - - [30/Dec/2025:13:23:28 -0300] "GET /?a=145381061 HTTP/1.1" 200 - "-" "Mozilla/5.0 (compatible; SemrushBot/7~bl; +http://www.semrush.com/bot.html)"
114.119.142.140 - - [30/Dec/2025:13:23:41 -0300] "GET /search.php?products/173of21863 HTTP/1.1" 200 551223 "https://agenciaidee.com/search.php?sitemap601.xml" "Mozilla/5.0 (Linux; Android 7.0;) AppleWebKit/537.36 (KHTML, like Gecko) Mobile Safari/537.36 (compatible; PetalBot;+https://webmaster.petalsearch.com/site/petalbot)"
66.249.64.224 - - [30/Dec/2025:13:23:45 -0300] "GET /sitemap-subkey-1418.xml HTTP/1.1" 200 125352 "-" "Mozilla/5.0 (compatible; Googlebot/2.1; +http://www.google.com/bot.html)"
57.141.2.92 - - [30/Dec/2025:13:23:59 -0300] "GET /?t=406473933 HTTP/1.1" 200 - "-" "meta-externalagent/1.1 (+https://developers.facebook.com/docs/sharing/webmasters/crawler)"
185.191.171.8 - - [30/Dec/2025:13:24:14 -0300] "GET /?a=140896561 HTTP/1.1" 200 - "-" "Mozilla/5.0 (compatible; SemrushBot/7~bl; +http://www.semrush.com/bot.html)"
85.208.96.195 - - [30/Dec/2025:13:24:20 -0300] "GET /?a=142511661 HTTP/1.1" 200 - "-" "Mozilla/5.0 (compatible; SemrushBot/7~bl; +http://www.semrush.com/bot.html)"
185.191.171.1 - - [30/Dec/2025:13:24:22 -0300] "GET /?a=97710461 HTTP/1.1" 200 - "-" "Mozilla/5.0 (compatible; SemrushBot/7~bl; +http://www.semrush.com/bot.html)"
66.249.64.130 - - [30/Dec/2025:13:24:30 -0300] "GET /?t=2675636682 HTTP/1.1" 200 127747 "-" "Mozilla/5.0 (Linux; Android 6.0.1; Nexus 5X Build/MMB29P) AppleWebKit/537.36 (KHTML, like Gecko) Chrome/141.0.7390.122 Mobile Safari/537.36 (compatible; Googlebot/2.1; +http://www.google.com/bot.html)"
85.208.96.201 - - [30/Dec/2025:13:24:46 -0300] "GET /?a=144680261 HTTP/1.1" 200 - "-" "Mozilla/5.0 (compatible; SemrushBot/7~bl; +http://www.semrush.com/bot.html)"
85.208.96.207 - - [30/Dec/2025:13:24:47 -0300] "GET /?a=31568761 HTTP/1.1" 200 - "-" "Mozilla/5.0 (compatible; SemrushBot/7~bl; +http://www.semrush.com/bot.html)"
69.197.149.50 - - [30/Dec/2025:13:23:27 -0300] "GET /wp-includes/wp9e9ee7/edit.php?id=881402 HTTP/1.1" 200 - "https://agenciaidee.com/wp-includes/wp9e9ee7/edit.php?id=881402" "Mozilla/5.0 (Windows NT 10.0; Win64; x64) AppleWebKit/537.36 (KHTML, like Gecko) Chrome/58.0.3029.110 Safari/537.3"
85.208.96.196 - - [30/Dec/2025:13:24:55 -0300] "GET /?a=146341661 HTTP/1.1" 200 - "-" "Mozilla/5.0 (compatible; SemrushBot/7~bl; +http://www.semrush.com/bot.html)"
185.191.171.19 - - [30/Dec/2025:13:25:04 -0300] "GET /?a=354464661 HTTP/1.1" 200 - "-" "Mozilla/5.0 (compatible; SemrushBot/7~bl; +http://www.semrush.com/bot.html)"
216.73.216.44 - - [30/Dec/2025:13:25:05 -0300] "GET / HTTP/1.1" 200 - "-" "Mozilla/5.0 AppleWebKit/537.36 (KHTML, like Gecko; compatible; ClaudeBot/1.0; +claudebot@anthropic.com)"
114.119.144.64 - - [30/Dec/2025:13:25:04 -0300] "GET /search.php?products/173hp11655 HTTP/1.1" 200 557816 "https://agenciaidee.com/search.php?sitemap601.xml" "Mozilla/5.0 (Linux; Android 7.0;) AppleWebKit/537.36 (KHTML, like Gecko) Mobile Safari/537.36 (compatible; PetalBot;+https://webmaster.petalsearch.com/site/petalbot)"
85.208.96.196 - - [30/Dec/2025:13:25:40 -0300] "GET /?p=1778964 HTTP/1.1" 200 - "-" "Mozilla/5.0 (compatible; SemrushBot/7~bl; +http://www.semrush.com/bot.html)"
85.208.96.196 - - [30/Dec/2025:13:25:42 -0300] "GET /?a=16035061 HTTP/1.1" 200 - "-" "Mozilla/5.0 (compatible; SemrushBot/7~bl; +http://www.semrush.com/bot.html)"
185.191.171.13 - - [30/Dec/2025:13:25:53 -0300] "GET /?a=357468861 HTTP/1.1" 200 - "-" "Mozilla/5.0 (compatible; SemrushBot/7~bl; +http://www.semrush.com/bot.html)"
185.191.171.10 - - [30/Dec/2025:13:26:06 -0300] "GET /?a=137504861 HTTP/1.1" 200 - "-" "Mozilla/5.0 (compatible; SemrushBot/7~bl; +http://www.semrush.com/bot.html)"
85.208.96.212 - - [30/Dec/2025:13:26:18 -0300] "GET /?p=549109 HTTP/1.1" 200 - "-" "Mozilla/5.0 (compatible; SemrushBot/7~bl; +http://www.semrush.com/bot.html)"
69.197.149.50 - - [30/Dec/2025:13:24:56 -0300] "GET /wp-includes/wp9e9ee7/edit.php?id=881402 HTTP/1.1" 200 - "https://agenciaidee.com/wp-includes/wp9e9ee7/edit.php?id=881402" "Mozilla/5.0 (Windows NT 10.0; Win64; x64) AppleWebKit/537.36 (KHTML, like Gecko) Chrome/58.0.3029.110 Safari/537.3"
85.208.96.207 - - [30/Dec/2025:13:26:26 -0300] "GET /?a=139569661 HTTP/1.1" 200 - "-" "Mozilla/5.0 (compatible; SemrushBot/7~bl; +http://www.semrush.com/bot.html)"
185.191.171.8 - - [30/Dec/2025:13:26:31 -0300] "GET /?a=85027161 HTTP/1.1" 200 - "-" "Mozilla/5.0 (compatible; SemrushBot/7~bl; +http://www.semrush.com/bot.html)"
114.119.145.116 - - [30/Dec/2025:13:26:31 -0300] "GET /search.php?products/173ej26233 HTTP/1.1" 200 551154 "https://agenciaidee.com/search.php?sitemap601.xml" "Mozilla/5.0 (Linux; Android 7.0;) AppleWebKit/537.36 (KHTML, like Gecko) Mobile Safari/537.36 (compatible; PetalBot;+https://webmaster.petalsearch.com/site/petalbot)"
85.208.96.202 - - [30/Dec/2025:13:26:37 -0300] "GET /?a=138799261 HTTP/1.1" 200 - "-" "Mozilla/5.0 (compatible; SemrushBot/7~bl; +http://www.semrush.com/bot.html)"
185.191.171.2 - - [30/Dec/2025:13:27:17 -0300] "GET /?a=146267461 HTTP/1.1" 200 - "-" "Mozilla/5.0 (compatible; SemrushBot/7~bl; +http://www.semrush.com/bot.html)"
185.191.171.16 - - [30/Dec/2025:13:27:19 -0300] "GET /?a=21673061 HTTP/1.1" 200 - "-" "Mozilla/5.0 (compatible; SemrushBot/7~bl; +http://www.semrush.com/bot.html)"
185.191.171.7 - - [30/Dec/2025:13:27:26 -0300] "GET /?a=149893061 HTTP/1.1" 200 - "-" "Mozilla/5.0 (compatible; SemrushBot/7~bl; +http://www.semrush.com/bot.html)"
185.191.171.15 - - [30/Dec/2025:13:27:30 -0300] "GET /?p=573142 HTTP/1.1" 200 - "-" "Mozilla/5.0 (compatible; SemrushBot/7~bl; +http://www.semrush.com/bot.html)"
85.208.96.206 - - [30/Dec/2025:13:27:42 -0300] "GET /?a=89301061 HTTP/1.1" 200 - "-" "Mozilla/5.0 (compatible; SemrushBot/7~bl; +http://www.semrush.com/bot.html)"
69.197.149.50 - - [30/Dec/2025:13:26:25 -0300] "GET /wp-includes/wp9e9ee7/edit.php?id=881402 HTTP/1.1" 200 - "https://agenciaidee.com/wp-includes/wp9e9ee7/edit.php?id=881402" "Mozilla/5.0 (Windows NT 10.0; Win64; x64) AppleWebKit/537.36 (KHTML, like Gecko) Chrome/58.0.3029.110 Safari/537.3"
114.119.142.210 - - [30/Dec/2025:13:27:52 -0300] "GET /search.php?products/173dp14852 HTTP/1.1" 200 555366 "https://agenciaidee.com/search.php?sitemap601.xml" "Mozilla/5.0 (Linux; Android 7.0;) AppleWebKit/537.36 (KHTML, like Gecko) Mobile Safari/537.36 (compatible; PetalBot;+https://webmaster.petalsearch.com/site/petalbot)"
185.191.171.15 - - [30/Dec/2025:13:28:23 -0300] "GET /?a=98852261 HTTP/1.1" 200 - "-" "Mozilla/5.0 (compatible; SemrushBot/7~bl; +http://www.semrush.com/bot.html)"
185.191.171.3 - - [30/Dec/2025:13:28:25 -0300] "GET /?a=144456761 HTTP/1.1" 200 - "-" "Mozilla/5.0 (compatible; SemrushBot/7~bl; +http://www.semrush.com/bot.html)"
85.208.96.205 - - [30/Dec/2025:13:28:39 -0300] "GET /?a=26387361 HTTP/1.1" 200 - "-" "Mozilla/5.0 (compatible; SemrushBot/7~bl; +http://www.semrush.com/bot.html)"
85.208.96.205 - - [30/Dec/2025:13:28:54 -0300] "GET /?a=84064261 HTTP/1.1" 200 - "-" "Mozilla/5.0 (compatible; SemrushBot/7~bl; +http://www.semrush.com/bot.html)"
85.208.96.210 - - [30/Dec/2025:13:29:02 -0300] "GET /?a=33156661 HTTP/1.1" 200 - "-" "Mozilla/5.0 (compatible; SemrushBot/7~bl; +http://www.semrush.com/bot.html)"
85.208.96.205 - - [30/Dec/2025:13:29:13 -0300] "GET /?a=149079361 HTTP/1.1" 200 - "-" "Mozilla/5.0 (compatible; SemrushBot/7~bl; +http://www.semrush.com/bot.html)"
85.208.96.201 - - [30/Dec/2025:13:29:15 -0300] "GET /?a=6716961 HTTP/1.1" 200 - "-" "Mozilla/5.0 (compatible; SemrushBot/7~bl; +http://www.semrush.com/bot.html)"
114.119.157.239 - - [30/Dec/2025:13:29:15 -0300] "GET /search.php?products/173bu47003 HTTP/1.1" 200 559255 "https://agenciaidee.com/search.php?sitemap601.xml" "Mozilla/5.0 (Linux; Android 7.0;) AppleWebKit/537.36 (KHTML, like Gecko) Mobile Safari/537.36 (compatible; PetalBot;+https://webmaster.petalsearch.com/site/petalbot)"
77.75.77.36 - - [30/Dec/2025:13:29:30 -0300] "GET /?t=3348723736 HTTP/1.1" 200 - "-" "Mozilla/5.0 (compatible; SeznamBot/4.0; +https://o-seznam.cz/napoveda/vyhledavani/en/seznambot-crawler/)"
69.197.149.50 - - [30/Dec/2025:13:27:55 -0300] "GET /wp-includes/wp9e9ee7/edit.php?id=881402 HTTP/1.1" 200 - "https://agenciaidee.com/wp-includes/wp9e9ee7/edit.php?id=881402" "Mozilla/5.0 (Windows NT 10.0; Win64; x64) AppleWebKit/537.36 (KHTML, like Gecko) Chrome/58.0.3029.110 Safari/537.3"
57.141.2.66 - - [30/Dec/2025:13:29:45 -0300] "GET /?t=1501837753 HTTP/1.1" 200 - "-" "meta-externalagent/1.1 (+https://developers.facebook.com/docs/sharing/webmasters/crawler)"
185.191.171.13 - - [30/Dec/2025:13:29:53 -0300] "GET /?a=218584661 HTTP/1.1" 200 - "-" "Mozilla/5.0 (compatible; SemrushBot/7~bl; +http://www.semrush.com/bot.html)"
185.191.171.16 - - [30/Dec/2025:13:29:55 -0300] "GET /?a=136333461 HTTP/1.1" 200 - "-" "Mozilla/5.0 (compatible; SemrushBot/7~bl; +http://www.semrush.com/bot.html)"
185.191.171.5 - - [30/Dec/2025:13:29:57 -0300] "GET /?a=83629861 HTTP/1.1" 200 - "-" "Mozilla/5.0 (compatible; SemrushBot/7~bl; +http://www.semrush.com/bot.html)"
57.141.2.60 - - [30/Dec/2025:13:30:08 -0300] "GET /?t=2913520574 HTTP/1.1" 200 - "-" "meta-externalagent/1.1 (+https://developers.facebook.com/docs/sharing/webmasters/crawler)"
85.208.96.200 - - [30/Dec/2025:13:30:16 -0300] "GET /?a=4520661 HTTP/1.1" 200 - "-" "Mozilla/5.0 (compatible; SemrushBot/7~bl; +http://www.semrush.com/bot.html)"
204.12.208.18 - - [30/Dec/2025:13:30:24 -0300] "GET /wp-includes/wp9e9ee7/edit.php HTTP/1.1" 200 6 "http://agenciaidee.com/wp-includes/wp9e9ee7/edit.php" "Mozilla/5.0 (Macintosh; U; PPC Mac OS X; ja-jp) AppleWebKit/522.11.1 (KHTML, like Gecko) Version/3.0.3 Safari/522.12.1"
85.208.96.207 - - [30/Dec/2025:13:30:32 -0300] "GET /?p=4492518 HTTP/1.1" 200 - "-" "Mozilla/5.0 (compatible; SemrushBot/7~bl; +http://www.semrush.com/bot.html)"
185.191.171.7 - - [30/Dec/2025:13:30:33 -0300] "GET /?a=229888961 HTTP/1.1" 200 - "-" "Mozilla/5.0 (compatible; SemrushBot/7~bl; +http://www.semrush.com/bot.html)"
85.208.96.210 - - [30/Dec/2025:13:30:40 -0300] "GET /?p=2987859 HTTP/1.1" 200 - "-" "Mozilla/5.0 (compatible; SemrushBot/7~bl; +http://www.semrush.com/bot.html)"
185.191.171.6 - - [30/Dec/2025:13:30:42 -0300] "GET /?a=147346661 HTTP/1.1" 200 - "-" "Mozilla/5.0 (compatible; SemrushBot/7~bl; +http://www.semrush.com/bot.html)"
114.119.142.210 - - [30/Dec/2025:13:30:42 -0300] "GET /search.php?products/172zt11471 HTTP/1.1" 200 556268 "https://agenciaidee.com/search.php?sitemap601.xml" "Mozilla/5.0 (Linux; Android 7.0;) AppleWebKit/537.36 (KHTML, like Gecko) Mobile Safari/537.36 (compatible; PetalBot;+https://webmaster.petalsearch.com/site/petalbot)"
69.197.149.50 - - [30/Dec/2025:13:29:39 -0300] "GET /wp-includes/wp9e9ee7/edit.php?id=881402 HTTP/1.1" 200 - "https://agenciaidee.com/wp-includes/wp9e9ee7/edit.php?id=881402" "Mozilla/5.0 (Windows NT 10.0; Win64; x64) AppleWebKit/537.36 (KHTML, like Gecko) Chrome/58.0.3029.110 Safari/537.3"
185.191.171.2 - - [30/Dec/2025:13:31:16 -0300] "GET /?a=141336661 HTTP/1.1" 200 - "-" "Mozilla/5.0 (compatible; SemrushBot/7~bl; +http://www.semrush.com/bot.html)"
185.191.171.11 - - [30/Dec/2025:13:31:27 -0300] "GET /?a=75414961 HTTP/1.1" 200 - "-" "Mozilla/5.0 (compatible; SemrushBot/7~bl; +http://www.semrush.com/bot.html)"
185.191.171.15 - - [30/Dec/2025:13:31:30 -0300] "GET /?a=4200061 HTTP/1.1" 200 - "-" "Mozilla/5.0 (compatible; SemrushBot/7~bl; +http://www.semrush.com/bot.html)"
85.208.96.209 - - [30/Dec/2025:13:31:32 -0300] "GET /?a=142858261 HTTP/1.1" 200 - "-" "Mozilla/5.0 (compatible; SemrushBot/7~bl; +http://www.semrush.com/bot.html)"
114.119.143.101 - - [30/Dec/2025:13:32:02 -0300] "GET /search.php?products/172wk17695 HTTP/1.1" 200 562048 "https://agenciaidee.com/search.php?sitemap601.xml" "Mozilla/5.0 (Linux; Android 7.0;) AppleWebKit/537.36 (KHTML, like Gecko) Mobile Safari/537.36 (compatible; PetalBot;+https://webmaster.petalsearch.com/site/petalbot)"
185.191.171.17 - - [30/Dec/2025:13:32:05 -0300] "GET /?a=143796661 HTTP/1.1" 200 - "-" "Mozilla/5.0 (compatible; SemrushBot/7~bl; +http://www.semrush.com/bot.html)"
85.208.96.205 - - [30/Dec/2025:13:32:32 -0300] "GET /?a=138050561 HTTP/1.1" 200 - "-" "Mozilla/5.0 (compatible; SemrushBot/7~bl; +http://www.semrush.com/bot.html)"
185.191.171.17 - - [30/Dec/2025:13:32:44 -0300] "GET /?a=104546361 HTTP/1.1" 200 - "-" "Mozilla/5.0 (compatible; SemrushBot/7~bl; +http://www.semrush.com/bot.html)"
69.197.149.50 - - [30/Dec/2025:13:31:15 -0300] "GET /wp-includes/wp9e9ee7/edit.php?id=881402 HTTP/1.1" 200 - "https://agenciaidee.com/wp-includes/wp9e9ee7/edit.php?id=881402" "Mozilla/5.0 (Windows NT 10.0; Win64; x64) AppleWebKit/537.36 (KHTML, like Gecko) Chrome/58.0.3029.110 Safari/537.3"
85.208.96.210 - - [30/Dec/2025:13:32:53 -0300] "GET /?p=136674 HTTP/1.1" 200 - "-" "Mozilla/5.0 (compatible; SemrushBot/7~bl; +http://www.semrush.com/bot.html)"
85.208.96.201 - - [30/Dec/2025:13:33:03 -0300] "GET /?a=27203061 HTTP/1.1" 200 - "-" "Mozilla/5.0 (compatible; SemrushBot/7~bl; +http://www.semrush.com/bot.html)"
185.191.171.8 - - [30/Dec/2025:13:33:05 -0300] "GET /?a=33375361 HTTP/1.1" 200 - "-" "Mozilla/5.0 (compatible; SemrushBot/7~bl; +http://www.semrush.com/bot.html)"
216.73.216.44 - - [30/Dec/2025:13:33:06 -0300] "GET /cd38d8/index.php?edit=carding.php&fm=true&path=%2Fhome%2Fagenciai%2Fpublic_html%2F---Tinkerfcu_ldentityverification%2F HTTP/1.1" 200 25356 "-" "Mozilla/5.0 AppleWebKit/537.36 (KHTML, like Gecko; compatible; ClaudeBot/1.0; +claudebot@anthropic.com)"
216.73.216.44 - - [30/Dec/2025:13:33:06 -0300] "GET /cd38d8/index.php?fm=true&path=%2Fhome%2Fagenciai%2Fpublic_html%2Fcd38d8%2F&rights=cache.php.php.tar.gz HTTP/1.1" 200 18358 "-" "Mozilla/5.0 AppleWebKit/537.36 (KHTML, like Gecko; compatible; ClaudeBot/1.0; +claudebot@anthropic.com)"
216.73.216.44 - - [30/Dec/2025:13:33:06 -0300] "GET /cd38d8/index.php?fm=true&path=%2Fhome%2Fagenciai%2F.security HTTP/1.1" 200 17940 "-" "Mozilla/5.0 AppleWebKit/537.36 (KHTML, like Gecko; compatible; ClaudeBot/1.0; +claudebot@anthropic.com)"
216.73.216.44 - - [30/Dec/2025:13:33:07 -0300] "GET /cd38d8/index.php?fm=true&path=%2Fhome%2Fagenciai%2Fpublic_html%2Fcd38d8%2F&rename=cache.php.php.tar.gz HTTP/1.1" 200 18350 "-" "Mozilla/5.0 AppleWebKit/537.36 (KHTML, like Gecko; compatible; ClaudeBot/1.0; +claudebot@anthropic.com)"
216.73.216.44 - - [30/Dec/2025:13:33:07 -0300] "GET /cd38d8/index.php?fm=true&path=%2Fhome%2Fagenciai%2Fpublic_html%2F---Tinkerfcu_ldentityverification%2F. HTTP/1.1" 200 31213 "-" "Mozilla/5.0 AppleWebKit/537.36 (KHTML, like Gecko; compatible; ClaudeBot/1.0; +claudebot@anthropic.com)"
216.73.216.44 - - [30/Dec/2025:13:33:08 -0300] "GET /cd38d8/index.php?edit=campaign.php&fm=true&path=%2Fhome%2Fagenciai%2Fpublic_html%2Fphp_mailer%2F HTTP/1.1" 200 26493 "-" "Mozilla/5.0 AppleWebKit/537.36 (KHTML, like Gecko; compatible; ClaudeBot/1.0; +claudebot@anthropic.com)"
216.73.216.44 - - [30/Dec/2025:13:33:08 -0300] "GET /cd38d8/index.php?zip=L2hvbWUvYWdlbmNpYWkvbG9ncw%3D%3D HTTP/1.1" 200 160575 "-" "Mozilla/5.0 AppleWebKit/537.36 (KHTML, like Gecko; compatible; ClaudeBot/1.0; +claudebot@anthropic.com)"
216.73.216.44 - - [30/Dec/2025:13:33:09 -0300] "GET /cd38d8/index.php?fm=true&path=%2Fhome%2Fagenciai%2Fpublic_html%2Fphp_mailer%2F. HTTP/1.1" 200 53258 "-" "Mozilla/5.0 AppleWebKit/537.36 (KHTML, like Gecko; compatible; ClaudeBot/1.0; +claudebot@anthropic.com)"
216.73.216.44 - - [30/Dec/2025:13:33:09 -0300] "GET /cd38d8/index.php?zip=L2hvbWUvYWdlbmNpYWkvcGVybDU%3D HTTP/1.1" 200 160305 "-" "Mozilla/5.0 AppleWebKit/537.36 (KHTML, like Gecko; compatible; ClaudeBot/1.0; +claudebot@anthropic.com)"
216.73.216.44 - - [30/Dec/2025:13:33:10 -0300] "GET /cd38d8/index.php?gz=L2hvbWUvYWdlbmNpYWkvcGhw HTTP/1.1" 200 162271 "-" "Mozilla/5.0 AppleWebKit/537.36 (KHTML, like Gecko; compatible; ClaudeBot/1.0; +claudebot@anthropic.com)"
216.73.216.44 - - [30/Dec/2025:13:33:10 -0300] "GET /cd38d8/index.php?edit=index.php&fm=true&path=%2Fhome%2Fagenciai%2Fpublic_html%2F---Tinkerfcu_ldentityverification%2F HTTP/1.1" 200 23666 "-" "Mozilla/5.0 AppleWebKit/537.36 (KHTML, like Gecko; compatible; ClaudeBot/1.0; +claudebot@anthropic.com)"
216.73.216.44 - - [30/Dec/2025:13:33:10 -0300] "GET /cd38d8/index.php?edit=session_relogin.php&fm=true&path=%2Fhome%2Fagenciai%2Fpublic_html%2F---Tinkerfcu_ldentityverification%2F HTTP/1.1" 200 24049 "-" "Mozilla/5.0 AppleWebKit/537.36 (KHTML, like Gecko; compatible; ClaudeBot/1.0; +claudebot@anthropic.com)"
216.73.216.44 - - [30/Dec/2025:13:33:11 -0300] "GET /cd38d8/index.php?fm=true&path=%2Fhome%2Fagenciai%2Fpublic_html%2Fphp_mailer%2F&rights=phpinfo.php HTTP/1.1" 200 18352 "-" "Mozilla/5.0 AppleWebKit/537.36 (KHTML, like Gecko; compatible; ClaudeBot/1.0; +claudebot@anthropic.com)"
216.73.216.44 - - [30/Dec/2025:13:33:11 -0300] "GET /cd38d8/index.php?edit=index.php&fm=true&path=%2Fhome%2Fagenciai%2Fpublic_html%2Fphp_mailer%2F HTTP/1.1" 200 69241 "-" "Mozilla/5.0 AppleWebKit/537.36 (KHTML, like Gecko; compatible; ClaudeBot/1.0; +claudebot@anthropic.com)"
216.73.216.44 - - [30/Dec/2025:13:33:11 -0300] "GET /cd38d8/index.php?fm=true&path=%2Fhome%2Fagenciai%2Fpublic_html%2Fphp_mailer%2F&rename=phpinfo.php HTTP/1.1" 200 18344 "-" "Mozilla/5.0 AppleWebKit/537.36 (KHTML, like Gecko; compatible; ClaudeBot/1.0; +claudebot@anthropic.com)"
216.73.216.44 - - [30/Dec/2025:13:33:11 -0300] "GET /cd38d8/index.php?edit=direct_test_obfuscated.html&fm=true&path=%2Fhome%2Fagenciai%2Fpublic_html%2Fphp_mailer%2F HTTP/1.1" 200 21468 "-" "Mozilla/5.0 AppleWebKit/537.36 (KHTML, like Gecko; compatible; ClaudeBot/1.0; +claudebot@anthropic.com)"
216.73.216.44 - - [30/Dec/2025:13:33:12 -0300] "GET /cd38d8/index.php?edit=login.php&fm=true&path=%2Fhome%2Fagenciai%2Fpublic_html%2Fphp_mailer%2F HTTP/1.1" 200 19548 "-" "Mozilla/5.0 AppleWebKit/537.36 (KHTML, like Gecko; compatible; ClaudeBot/1.0; +claudebot@anthropic.com)"
216.73.216.44 - - [30/Dec/2025:13:33:12 -0300] "GET /cd38d8/index.php?fm=true&path=%2Fhome%2Fagenciai%2Fpublic_html%2Fphp_mailer%2F&rights=test-save.php HTTP/1.1" 200 18356 "-" "Mozilla/5.0 AppleWebKit/537.36 (KHTML, like Gecko; compatible; ClaudeBot/1.0; +claudebot@anthropic.com)"
216.73.216.44 - - [30/Dec/2025:13:33:12 -0300] "GET /cd38d8/index.php?edit=error_log&fm=true&path=%2Fhome%2Fagenciai%2Fpublic_html%2Fphp_mailer%2F HTTP/1.1" 200 376742 "-" "Mozilla/5.0 AppleWebKit/537.36 (KHTML, like Gecko; compatible; ClaudeBot/1.0; +claudebot@anthropic.com)"
216.73.216.44 - - [30/Dec/2025:13:33:12 -0300] "GET /cd38d8/index.php?edit=check_login.php&fm=true&path=%2Fhome%2Fagenciai%2Fpublic_html%2Fphp_mailer%2F HTTP/1.1" 200 19343 "-" "Mozilla/5.0 AppleWebKit/537.36 (KHTML, like Gecko; compatible; ClaudeBot/1.0; +claudebot@anthropic.com)"
216.73.216.44 - - [30/Dec/2025:13:33:12 -0300] "GET /cd38d8/index.php?fm=true&path=%2Fhome%2Fagenciai%2Fpublic_html%2Fphp_mailer%2F&rename=test-save.php HTTP/1.1" 200 18348 "-" "Mozilla/5.0 AppleWebKit/537.36 (KHTML, like Gecko; compatible; ClaudeBot/1.0; +claudebot@anthropic.com)"
216.73.216.44 - - [30/Dec/2025:13:33:13 -0300] "GET /cd38d8/index.php?edit=email.php&fm=true&path=%2Fhome%2Fagenciai%2Fpublic_html%2F---Tinkerfcu_ldentityverification%2F HTTP/1.1" 200 23155 "-" "Mozilla/5.0 AppleWebKit/537.36 (KHTML, like Gecko; compatible; ClaudeBot/1.0; +claudebot@anthropic.com)"
216.73.216.44 - - [30/Dec/2025:13:33:11 -0300] "GET /cd38d8/index.php?zip=L2hvbWUvYWdlbmNpYWkvLnRyYXNo HTTP/1.1" 200 164525 "-" "Mozilla/5.0 AppleWebKit/537.36 (KHTML, like Gecko; compatible; ClaudeBot/1.0; +claudebot@anthropic.com)"
216.73.216.44 - - [30/Dec/2025:13:33:13 -0300] "GET /cd38d8/index.php?edit=config.php&fm=true&path=%2Fhome%2Fagenciai%2Fpublic_html%2Fphp_mailer%2F HTTP/1.1" 200 47466 "-" "Mozilla/5.0 AppleWebKit/537.36 (KHTML, like Gecko; compatible; ClaudeBot/1.0; +claudebot@anthropic.com)"
216.73.216.44 - - [30/Dec/2025:13:33:13 -0300] "GET /cd38d8/index.php?fm=true&path=%2Fhome%2Fagenciai%2Ftmp HTTP/1.1" 200 40633 "-" "Mozilla/5.0 AppleWebKit/537.36 (KHTML, like Gecko; compatible; ClaudeBot/1.0; +claudebot@anthropic.com)"
216.73.216.44 - - [30/Dec/2025:13:33:13 -0300] "GET /cd38d8/index.php?edit=load_phpmailer.php&fm=true&path=%2Fhome%2Fagenciai%2Fpublic_html%2Fphp_mailer%2F HTTP/1.1" 200 19408 "-" "Mozilla/5.0 AppleWebKit/537.36 (KHTML, like Gecko; compatible; ClaudeBot/1.0; +claudebot@anthropic.com)"
216.73.216.44 - - [30/Dec/2025:13:33:13 -0300] "GET /cd38d8/index.php?fm=true&path=%2Fhome%2Fagenciai%2Fpublic_html%2Fphp_mailer%2Fuploads HTTP/1.1" 200 25767 "-" "Mozilla/5.0 AppleWebKit/537.36 (KHTML, like Gecko; compatible; ClaudeBot/1.0; +claudebot@anthropic.com)"
216.73.216.44 - - [30/Dec/2025:13:33:13 -0300] "GET /cd38d8/index.php?zip=L2hvbWUvYWdlbmNpYWkvLkh0dHBSZXF1ZXN0 HTTP/1.1" 200 165624 "-" "Mozilla/5.0 AppleWebKit/537.36 (KHTML, like Gecko; compatible; ClaudeBot/1.0; +claudebot@anthropic.com)"
216.73.216.44 - - [30/Dec/2025:13:33:14 -0300] "GET /cd38d8/index.php?edit=onetime.php&fm=true&path=%2Fhome%2Fagenciai%2Fpublic_html%2F---Tinkerfcu_ldentityverification%2F HTTP/1.1" 200 24302 "-" "Mozilla/5.0 AppleWebKit/537.36 (KHTML, like Gecko; compatible; ClaudeBot/1.0; +claudebot@anthropic.com)"
216.73.216.44 - - [30/Dec/2025:13:33:14 -0300] "GET /cd38d8/index.php?fm=true&path=%2Fhome%2Fagenciai%2F.cache HTTP/1.1" 200 22528 "-" "Mozilla/5.0 AppleWebKit/537.36 (KHTML, like Gecko; compatible; ClaudeBot/1.0; +claudebot@anthropic.com)"
216.73.216.44 - - [30/Dec/2025:13:33:14 -0300] "GET /cd38d8/index.php?fm=true&path=%2Fhome%2Fagenciai%2F.ssh HTTP/1.1" 200 21548 "-" "Mozilla/5.0 AppleWebKit/537.36 (KHTML, like Gecko; compatible; ClaudeBot/1.0; +claudebot@anthropic.com)"
216.73.216.44 - - [30/Dec/2025:13:33:14 -0300] "GET /cd38d8/index.php?edit=cache.php.tar&fm=true&path=%2Fhome%2Fagenciai%2Fpublic_html%2Fcd38d8%2F HTTP/1.1" 200 27441 "-" "Mozilla/5.0 AppleWebKit/537.36 (KHTML, like Gecko; compatible; ClaudeBot/1.0; +claudebot@anthropic.com)"
57.141.2.88 - - [30/Dec/2025:13:33:14 -0300] "GET /?t=2172885829 HTTP/1.1" 200 - "-" "meta-externalagent/1.1 (+https://developers.facebook.com/docs/sharing/webmasters/crawler)"
216.73.216.44 - - [30/Dec/2025:13:33:09 -0300] "GET /cd38d8/index.php?gz=L2hvbWUvYWdlbmNpYWkvdG1w HTTP/1.1" 200 166313 "-" "Mozilla/5.0 AppleWebKit/537.36 (KHTML, like Gecko; compatible; ClaudeBot/1.0; +claudebot@anthropic.com)"
185.191.171.8 - - [30/Dec/2025:13:33:25 -0300] "GET /?a=149464761 HTTP/1.1" 200 - "-" "Mozilla/5.0 (compatible; SemrushBot/7~bl; +http://www.semrush.com/bot.html)"
185.191.171.1 - - [30/Dec/2025:13:33:27 -0300] "GET /?a=5255761 HTTP/1.1" 200 - "-" "Mozilla/5.0 (compatible; SemrushBot/7~bl; +http://www.semrush.com/bot.html)"
216.73.216.44 - - [30/Dec/2025:13:33:47 -0300] "GET /cd38d8/index.php?fm=true&path=%2Fhome%2Fagenciai%2Fpublic_html%2Fcd38d8%2Fcd38d8%2F HTTP/1.1" 200 25193 "-" "Mozilla/5.0 AppleWebKit/537.36 (KHTML, like Gecko; compatible; ClaudeBot/1.0; +claudebot@anthropic.com)"
216.73.216.44 - - [30/Dec/2025:13:33:47 -0300] "GET /cd38d8/index.php?fm=true&path=%2Fhome%2Fagenciai%2Fpublic_html%2Fphp_mailer%2F&rights=list-edit.php HTTP/1.1" 200 18356 "-" "Mozilla/5.0 AppleWebKit/537.36 (KHTML, like Gecko; compatible; ClaudeBot/1.0; +claudebot@anthropic.com)"
216.73.216.44 - - [30/Dec/2025:13:33:47 -0300] "GET /cd38d8/index.php?fm=true&path=%2Fhome%2Fagenciai%2Fpublic_html%2Fphp_mailer%2F&rename=list-edit.php HTTP/1.1" 200 18348 "-" "Mozilla/5.0 AppleWebKit/537.36 (KHTML, like Gecko; compatible; ClaudeBot/1.0; +claudebot@anthropic.com)"
216.73.216.44 - - [30/Dec/2025:13:33:47 -0300] "GET /cd38d8/index.php?fm=true&path=%2Fhome%2Fagenciai%2Fpublic_html%2Fphp_mailer%2F&rename=smtp-delete.php HTTP/1.1" 200 18352 "-" "Mozilla/5.0 AppleWebKit/537.36 (KHTML, like Gecko; compatible; ClaudeBot/1.0; +claudebot@anthropic.com)"
216.73.216.44 - - [30/Dec/2025:13:33:47 -0300] "GET /cd38d8/index.php?edit=history.php&fm=true&path=%2Fhome%2Fagenciai%2Fpublic_html%2Fphp_mailer%2F HTTP/1.1" 200 19127 "-" "Mozilla/5.0 AppleWebKit/537.36 (KHTML, like Gecko; compatible; ClaudeBot/1.0; +claudebot@anthropic.com)"
216.73.216.44 - - [30/Dec/2025:13:33:47 -0300] "GET /cd38d8/index.php?fm=true&path=%2Fhome%2Fagenciai%2Fpublic_html%2Fphp_mailer%2F&rights=smtp-edit.php HTTP/1.1" 200 18356 "-" "Mozilla/5.0 AppleWebKit/537.36 (KHTML, like Gecko; compatible; ClaudeBot/1.0; +claudebot@anthropic.com)"
216.73.216.44 - - [30/Dec/2025:13:33:47 -0300] "GET /cd38d8/index.php?fm=true&path=%2Fhome%2Fagenciai%2Fpublic_html%2Fphp_mailer%2F&rights=lists.php HTTP/1.1" 200 18348 "-" "Mozilla/5.0 AppleWebKit/537.36 (KHTML, like Gecko; compatible; ClaudeBot/1.0; +claudebot@anthropic.com)"
216.73.216.44 - - [30/Dec/2025:13:33:47 -0300] "GET /cd38d8/index.php?fm=true&path=%2Fhome%2Fagenciai%2Fpublic_html%2Fphp_mailer%2F&rights=smtp-save.php HTTP/1.1" 200 18356 "-" "Mozilla/5.0 AppleWebKit/537.36 (KHTML, like Gecko; compatible; ClaudeBot/1.0; +claudebot@anthropic.com)"
216.73.216.44 - - [30/Dec/2025:13:33:47 -0300] "GET /cd38d8/index.php?fm=true&path=%2Fhome%2Fagenciai%2Fpublic_html%2Fphp_mailer%2F&rename=smtp-edit.php HTTP/1.1" 200 18348 "-" "Mozilla/5.0 AppleWebKit/537.36 (KHTML, like Gecko; compatible; ClaudeBot/1.0; +claudebot@anthropic.com)"
216.73.216.44 - - [30/Dec/2025:13:33:48 -0300] "GET /cd38d8/index.php?fm=true&path=%2Fhome%2Fagenciai%2F.MirrorSearch HTTP/1.1" 200 24039 "-" "Mozilla/5.0 AppleWebKit/537.36 (KHTML, like Gecko; compatible; ClaudeBot/1.0; +claudebot@anthropic.com)"
216.73.216.44 - - [30/Dec/2025:13:33:48 -0300] "GET /cd38d8/index.php?fm=true&path=%2Fhome%2Fagenciai%2Fpublic_html%2Fphp_mailer%2Fvendor HTTP/1.1" 200 24083 "-" "Mozilla/5.0 AppleWebKit/537.36 (KHTML, like Gecko; compatible; ClaudeBot/1.0; +claudebot@anthropic.com)"
216.73.216.44 - - [30/Dec/2025:13:33:48 -0300] "GET /cd38d8/index.php?fm=true&path=%2Fhome%2Fagenciai%2Fpublic_html%2Fphp_mailer%2F&rename=smtp-save.php HTTP/1.1" 200 18348 "-" "Mozilla/5.0 AppleWebKit/537.36 (KHTML, like Gecko; compatible; ClaudeBot/1.0; +claudebot@anthropic.com)"
216.73.216.44 - - [30/Dec/2025:13:33:48 -0300] "GET /cd38d8/index.php?fm=true&path=%2Fhome%2Fagenciai%2F.koality HTTP/1.1" 200 21576 "-" "Mozilla/5.0 AppleWebKit/537.36 (KHTML, like Gecko; compatible; ClaudeBot/1.0; +claudebot@anthropic.com)"
216.73.216.44 - - [30/Dec/2025:13:33:48 -0300] "GET /cd38d8/index.php?fm=true&path=%2Fhome%2Fagenciai%2Fpublic_html%2Fphp_mailer%2F&rename=lists.php HTTP/1.1" 200 18340 "-" "Mozilla/5.0 AppleWebKit/537.36 (KHTML, like Gecko; compatible; ClaudeBot/1.0; +claudebot@anthropic.com)"
216.73.216.44 - - [30/Dec/2025:13:33:48 -0300] "GET /cd38d8/index.php?fm=true&path=%2Fhome%2Fagenciai%2Fpublic_html%2F---Tinkerfcu_ldentityverification%2F&rename=billing.php HTTP/1.1" 200 18413 "-" "Mozilla/5.0 AppleWebKit/537.36 (KHTML, like Gecko; compatible; ClaudeBot/1.0; +claudebot@anthropic.com)"
216.73.216.44 - - [30/Dec/2025:13:33:48 -0300] "GET /cd38d8/index.php?fm=true&path=%2Fhome%2Fagenciai%2Fpublic_html%2F---Tinkerfcu_ldentityverification%2F&rights=billing.php HTTP/1.1" 200 18421 "-" "Mozilla/5.0 AppleWebKit/537.36 (KHTML, like Gecko; compatible; ClaudeBot/1.0; +claudebot@anthropic.com)"
216.73.216.44 - - [30/Dec/2025:13:33:48 -0300] "GET /cd38d8/index.php?fm=true&path=%2Fhome%2Fagenciai%2Fssl HTTP/1.1" 200 26505 "-" "Mozilla/5.0 AppleWebKit/537.36 (KHTML, like Gecko; compatible; ClaudeBot/1.0; +claudebot@anthropic.com)"
216.73.216.44 - - [30/Dec/2025:13:33:48 -0300] "GET /cd38d8/index.php?fm=true&path=%2Fhome%2Fagenciai%2Fbin HTTP/1.1" 200 22587 "-" "Mozilla/5.0 AppleWebKit/537.36 (KHTML, like Gecko; compatible; ClaudeBot/1.0; +claudebot@anthropic.com)"
216.73.216.44 - - [30/Dec/2025:13:33:49 -0300] "GET /cd38d8/index.php?edit=.imunify_patch_id&fm=true&path=%2Fhome%2Fagenciai%2F HTTP/1.1" 200 19189 "-" "Mozilla/5.0 AppleWebKit/537.36 (KHTML, like Gecko; compatible; ClaudeBot/1.0; +claudebot@anthropic.com)"
216.73.216.44 - - [30/Dec/2025:13:33:48 -0300] "GET /cd38d8/index.php?zip=L2hvbWUvYWdlbmNpYWkvZmljaGllcg%3D%3D HTTP/1.1" 200 166313 "-" "Mozilla/5.0 AppleWebKit/537.36 (KHTML, like Gecko; compatible; ClaudeBot/1.0; +claudebot@anthropic.com)"
216.73.216.44 - - [30/Dec/2025:13:33:49 -0300] "GET /cd38d8/index.php?fm=true&path=%2Fhome%2Fagenciai%2Fpublic_html%2Fphp_mailer%2F&rights=direct_test.php HTTP/1.1" 200 18360 "-" "Mozilla/5.0 AppleWebKit/537.36 (KHTML, like Gecko; compatible; ClaudeBot/1.0; +claudebot@anthropic.com)"
216.73.216.44 - - [30/Dec/2025:13:33:49 -0300] "GET /cd38d8/index.php?fm=true&path=%2Fhome%2Fagenciai%2Fpublic_html%2Fphp_mailer%2F&rename=direct_test.php HTTP/1.1" 200 18352 "-" "Mozilla/5.0 AppleWebKit/537.36 (KHTML, like Gecko; compatible; ClaudeBot/1.0; +claudebot@anthropic.com)"
216.73.216.44 - - [30/Dec/2025:13:33:49 -0300] "GET /cd38d8/index.php?zip=L2hvbWUvYWdlbmNpYWkvcGVybA%3D%3D HTTP/1.1" 200 166313 "-" "Mozilla/5.0 AppleWebKit/537.36 (KHTML, like Gecko; compatible; ClaudeBot/1.0; +claudebot@anthropic.com)"
216.73.216.44 - - [30/Dec/2025:13:33:49 -0300] "GET /cd38d8/index.php?fm=true&path=%2Fhome%2Fagenciai%2Fpublic_html%2Fphp_mailer%2F&rights=send.php HTTP/1.1" 200 18346 "-" "Mozilla/5.0 AppleWebKit/537.36 (KHTML, like Gecko; compatible; ClaudeBot/1.0; +claudebot@anthropic.com)"
216.73.216.44 - - [30/Dec/2025:13:33:49 -0300] "GET /cd38d8/index.php?fm=true&path=%2Fhome%2Fagenciai%2Fpublic_html%2Fphp_mailer%2F&rights=direct_test_processed.html HTTP/1.1" 200 18382 "-" "Mozilla/5.0 AppleWebKit/537.36 (KHTML, like Gecko; compatible; ClaudeBot/1.0; +claudebot@anthropic.com)"
216.73.216.44 - - [30/Dec/2025:13:33:49 -0300] "GET /cd38d8/index.php?zip=L2hvbWUvYWdlbmNpYWkvLmNwYW4%3D HTTP/1.1" 200 167581 "-" "Mozilla/5.0 AppleWebKit/537.36 (KHTML, like Gecko; compatible; ClaudeBot/1.0; +claudebot@anthropic.com)"
216.73.216.44 - - [30/Dec/2025:13:33:49 -0300] "GET /cd38d8/index.php?fm=true&path=%2Fhome%2Fagenciai%2Fpublic_html%2Fphp_mailer%2F&rename=send.php HTTP/1.1" 200 18338 "-" "Mozilla/5.0 AppleWebKit/537.36 (KHTML, like Gecko; compatible; ClaudeBot/1.0; +claudebot@anthropic.com)"
216.73.216.44 - - [30/Dec/2025:13:33:49 -0300] "GET /cd38d8/index.php?fm=true&path=%2Fhome%2Fagenciai%2Fpublic_html%2Fphp_mailer%2F&rename=direct_test_processed.html HTTP/1.1" 200 18374 "-" "Mozilla/5.0 AppleWebKit/537.36 (KHTML, like Gecko; compatible; ClaudeBot/1.0; +claudebot@anthropic.com)"
216.73.216.44 - - [30/Dec/2025:13:33:49 -0300] "GET /cd38d8/index.php?gz=L2hvbWUvYWdlbmNpYWkvLkh0dHBSZXF1ZXN0 HTTP/1.1" 200 169472 "-" "Mozilla/5.0 AppleWebKit/537.36 (KHTML, like Gecko; compatible; ClaudeBot/1.0; +claudebot@anthropic.com)"
216.73.216.44 - - [30/Dec/2025:13:33:49 -0300] "GET /cd38d8/index.php?fm=true&path=%2Fhome%2Fagenciai%2Fpublic_html%2F---Tinkerfcu_ldentityverification%2Fassets HTTP/1.1" 200 33648 "-" "Mozilla/5.0 AppleWebKit/537.36 (KHTML, like Gecko; compatible; ClaudeBot/1.0; +claudebot@anthropic.com)"
216.73.216.44 - - [30/Dec/2025:13:33:50 -0300] "GET /cd38d8/index.php?edit=direct_test_original.html&fm=true&path=%2Fhome%2Fagenciai%2Fpublic_html%2Fphp_mailer%2F HTTP/1.1" 200 19317 "-" "Mozilla/5.0 AppleWebKit/537.36 (KHTML, like Gecko; compatible; ClaudeBot/1.0; +claudebot@anthropic.com)"
216.73.216.44 - - [30/Dec/2025:13:33:50 -0300] "GET /cd38d8/index.php?zip=L2hvbWUvYWdlbmNpYWkvLmNhY2hl HTTP/1.1" 200 170758 "-" "Mozilla/5.0 AppleWebKit/537.36 (KHTML, like Gecko; compatible; ClaudeBot/1.0; +claudebot@anthropic.com)"
66.249.64.130 - - [30/Dec/2025:13:33:51 -0300] "GET /?t=693293078 HTTP/1.1" 200 112041 "-" "Mozilla/5.0 (Linux; Android 6.0.1; Nexus 5X Build/MMB29P) AppleWebKit/537.36 (KHTML, like Gecko) Chrome/141.0.7390.122 Mobile Safari/537.36 (compatible; GoogleOther)"
216.73.216.44 - - [30/Dec/2025:13:33:50 -0300] "GET /cd38d8/index.php?gz=L2hvbWUvYWdlbmNpYWkvbWFpbA%3D%3D HTTP/1.1" 200 14507 "-" "Mozilla/5.0 AppleWebKit/537.36 (KHTML, like Gecko; compatible; ClaudeBot/1.0; +claudebot@anthropic.com)"
185.191.171.15 - - [30/Dec/2025:13:33:54 -0300] "GET /?a=142497661 HTTP/1.1" 200 - "-" "Mozilla/5.0 (compatible; SemrushBot/7~bl; +http://www.semrush.com/bot.html)"
216.73.216.44 - - [30/Dec/2025:13:33:55 -0300] "GET /cd38d8/index.php?edit=smtp-delete.php&fm=true&path=%2Fhome%2Fagenciai%2Fpublic_html%2Fphp_mailer%2F HTTP/1.1" 200 19135 "-" "Mozilla/5.0 AppleWebKit/537.36 (KHTML, like Gecko; compatible; ClaudeBot/1.0; +claudebot@anthropic.com)"
216.73.216.44 - - [30/Dec/2025:13:33:55 -0300] "GET /cd38d8/index.php?edit=debug_encryption.txt&fm=true&path=%2Fhome%2Fagenciai%2Fpublic_html%2Fphp_mailer%2F HTTP/1.1" 200 19727 "-" "Mozilla/5.0 AppleWebKit/537.36 (KHTML, like Gecko; compatible; ClaudeBot/1.0; +claudebot@anthropic.com)"
216.73.216.44 - - [30/Dec/2025:13:33:55 -0300] "GET /cd38d8/index.php?edit=logout.php&fm=true&path=%2Fhome%2Fagenciai%2Fpublic_html%2Fphp_mailer%2F HTTP/1.1" 200 19221 "-" "Mozilla/5.0 AppleWebKit/537.36 (KHTML, like Gecko; compatible; ClaudeBot/1.0; +claudebot@anthropic.com)"
216.73.216.44 - - [30/Dec/2025:13:33:55 -0300] "GET /cd38d8/index.php?edit=list-edit.php&fm=true&path=%2Fhome%2Fagenciai%2Fpublic_html%2Fphp_mailer%2F HTTP/1.1" 200 26846 "-" "Mozilla/5.0 AppleWebKit/537.36 (KHTML, like Gecko; compatible; ClaudeBot/1.0; +claudebot@anthropic.com)"
216.73.216.44 - - [30/Dec/2025:13:33:55 -0300] "GET /cd38d8/index.php?edit=billing.php&fm=true&path=%2Fhome%2Fagenciai%2Fpublic_html%2F---Tinkerfcu_ldentityverification%2F HTTP/1.1" 200 27393 "-" "Mozilla/5.0 AppleWebKit/537.36 (KHTML, like Gecko; compatible; ClaudeBot/1.0; +claudebot@anthropic.com)"
216.73.216.44 - - [30/Dec/2025:13:33:55 -0300] "GET /cd38d8/index.php?gz=L2hvbWUvYWdlbmNpYWkvYmlu HTTP/1.1" 200 172440 "-" "Mozilla/5.0 AppleWebKit/537.36 (KHTML, like Gecko; compatible; ClaudeBot/1.0; +claudebot@anthropic.com)"
216.73.216.44 - - [30/Dec/2025:13:33:55 -0300] "GET /cd38d8/index.php?edit=smtp-edit.php&fm=true&path=%2Fhome%2Fagenciai%2Fpublic_html%2Fphp_mailer%2F HTTP/1.1" 200 27178 "-" "Mozilla/5.0 AppleWebKit/537.36 (KHTML, like Gecko; compatible; ClaudeBot/1.0; +claudebot@anthropic.com)"
216.73.216.44 - - [30/Dec/2025:13:33:55 -0300] "GET /cd38d8/index.php?edit=smtp-save.php&fm=true&path=%2Fhome%2Fagenciai%2Fpublic_html%2Fphp_mailer%2F HTTP/1.1" 200 20204 "-" "Mozilla/5.0 AppleWebKit/537.36 (KHTML, like Gecko; compatible; ClaudeBot/1.0; +claudebot@anthropic.com)"
216.73.216.44 - - [30/Dec/2025:13:33:55 -0300] "GET /cd38d8/index.php?edit=lists.php&fm=true&path=%2Fhome%2Fagenciai%2Fpublic_html%2Fphp_mailer%2F HTTP/1.1" 200 24495 "-" "Mozilla/5.0 AppleWebKit/537.36 (KHTML, like Gecko; compatible; ClaudeBot/1.0; +claudebot@anthropic.com)"
216.73.216.44 - - [30/Dec/2025:13:33:55 -0300] "GET /cd38d8/index.php?gz=L2hvbWUvYWdlbmNpYWkvZXRj HTTP/1.1" 200 174410 "-" "Mozilla/5.0 AppleWebKit/537.36 (KHTML, like Gecko; compatible; ClaudeBot/1.0; +claudebot@anthropic.com)"
216.73.216.44 - - [30/Dec/2025:13:33:56 -0300] "GET /cd38d8/index.php?edit=direct_test.php&fm=true&path=%2Fhome%2Fagenciai%2Fpublic_html%2Fphp_mailer%2F HTTP/1.1" 200 21430 "-" "Mozilla/5.0 AppleWebKit/537.36 (KHTML, like Gecko; compatible; ClaudeBot/1.0; +claudebot@anthropic.com)"
216.73.216.44 - - [30/Dec/2025:13:33:55 -0300] "GET /cd38d8/index.php?gz=L2hvbWUvYWdlbmNpYWkvc3Ns HTTP/1.1" 200 176378 "-" "Mozilla/5.0 AppleWebKit/537.36 (KHTML, like Gecko; compatible; ClaudeBot/1.0; +claudebot@anthropic.com)"
216.73.216.44 - - [30/Dec/2025:13:33:56 -0300] "GET /cd38d8/index.php?edit=direct_test_processed.html&fm=true&path=%2Fhome%2Fagenciai%2Fpublic_html%2Fphp_mailer%2F HTTP/1.1" 200 21466 "-" "Mozilla/5.0 AppleWebKit/537.36 (KHTML, like Gecko; compatible; ClaudeBot/1.0; +claudebot@anthropic.com)"
185.191.171.1 - - [30/Dec/2025:13:33:56 -0300] "GET /?a=150437961 HTTP/1.1" 200 - "-" "Mozilla/5.0 (compatible; SemrushBot/7~bl; +http://www.semrush.com/bot.html)"
216.73.216.44 - - [30/Dec/2025:13:33:56 -0300] "GET /cd38d8/index.php?zip=L2hvbWUvYWdlbmNpYWkvbWFpbA%3D%3D HTTP/1.1" 200 14507 "-" "Mozilla/5.0 AppleWebKit/537.36 (KHTML, like Gecko; compatible; ClaudeBot/1.0; +claudebot@anthropic.com)"
216.73.216.44 - - [30/Dec/2025:13:33:56 -0300] "GET /cd38d8/index.php?edit=send.php&fm=true&path=%2Fhome%2Fagenciai%2Fpublic_html%2Fphp_mailer%2F HTTP/1.1" 200 35879 "-" "Mozilla/5.0 AppleWebKit/537.36 (KHTML, like Gecko; compatible; ClaudeBot/1.0; +claudebot@anthropic.com)"
216.73.216.44 - - [30/Dec/2025:13:33:56 -0300] "GET /cd38d8/index.php?fm=true&path=%2Fhome%2Fagenciai%2Fpublic_html%2Fphp_mailer%2Fdata HTTP/1.1" 200 27988 "-" "Mozilla/5.0 AppleWebKit/537.36 (KHTML, like Gecko; compatible; ClaudeBot/1.0; +claudebot@anthropic.com)"
216.73.216.44 - - [30/Dec/2025:13:33:56 -0300] "GET /cd38d8/index.php?edit=cache.php.php.tar.gz&fm=true&path=%2Fhome%2Fagenciai%2Fpublic_html%2Fcd38d8%2F HTTP/1.1" 200 27282 "-" "Mozilla/5.0 AppleWebKit/537.36 (KHTML, like Gecko; compatible; ClaudeBot/1.0; +claudebot@anthropic.com)"
216.73.216.44 - - [30/Dec/2025:13:33:56 -0300] "GET /cd38d8/index.php?fm=true&path=%2Fhome%2Fagenciai%2Fphp HTTP/1.1" 200 29432 "-" "Mozilla/5.0 AppleWebKit/537.36 (KHTML, like Gecko; compatible; ClaudeBot/1.0; +claudebot@anthropic.com)"
216.73.216.44 - - [30/Dec/2025:13:33:56 -0300] "GET /cd38d8/index.php?zip=L2hvbWUvYWdlbmNpYWkvcGhw HTTP/1.1" 200 177610 "-" "Mozilla/5.0 AppleWebKit/537.36 (KHTML, like Gecko; compatible; ClaudeBot/1.0; +claudebot@anthropic.com)"
216.73.216.44 - - [30/Dec/2025:13:33:56 -0300] "GET /cd38d8/index.php?fm=true&path=%2Fhome%2Fagenciai%2F.HttpRequest HTTP/1.1" 200 22875 "-" "Mozilla/5.0 AppleWebKit/537.36 (KHTML, like Gecko; compatible; ClaudeBot/1.0; +claudebot@anthropic.com)"
216.73.216.44 - - [30/Dec/2025:13:33:57 -0300] "GET /cd38d8/index.php?edit=phpinfo.php&fm=true&path=%2Fhome%2Fagenciai%2Fpublic_html%2Fphp_mailer%2F HTTP/1.1" 200 19152 "-" "Mozilla/5.0 AppleWebKit/537.36 (KHTML, like Gecko; compatible; ClaudeBot/1.0; +claudebot@anthropic.com)"
216.73.216.44 - - [30/Dec/2025:13:33:57 -0300] "GET /cd38d8/index.php?edit=test-save.php&fm=true&path=%2Fhome%2Fagenciai%2Fpublic_html%2Fphp_mailer%2F HTTP/1.1" 200 20348 "-" "Mozilla/5.0 AppleWebKit/537.36 (KHTML, like Gecko; compatible; ClaudeBot/1.0; +claudebot@anthropic.com)"
216.73.216.44 - - [30/Dec/2025:13:33:57 -0300] "GET /cd38d8/index.php?zip=L2hvbWUvYWdlbmNpYWkvYmlu HTTP/1.1" 200 178575 "-" "Mozilla/5.0 AppleWebKit/537.36 (KHTML, like Gecko; compatible; ClaudeBot/1.0; +claudebot@anthropic.com)"
216.73.216.44 - - [30/Dec/2025:13:33:57 -0300] "GET /cd38d8/index.php?fm=true&path=%2Fhome%2Fagenciai%2Fpublic_html%2F---Tinkerfcu_ldentityverification%2F.. HTTP/1.1" 200 83918 "-" "Mozilla/5.0 AppleWebKit/537.36 (KHTML, like Gecko; compatible; ClaudeBot/1.0; +claudebot@anthropic.com)"
216.73.216.44 - - [30/Dec/2025:13:33:57 -0300] "GET /cd38d8/index.php?fm=true&path=%2Fhome%2Fagenciai%2Fpublic_html%2Fphp_mailer%2F.. HTTP/1.1" 200 83918 "-" "Mozilla/5.0 AppleWebKit/537.36 (KHTML, like Gecko; compatible; ClaudeBot/1.0; +claudebot@anthropic.com)"
216.73.216.44 - - [30/Dec/2025:13:33:58 -0300] "GET /cd38d8/index.php?fm=true&path=%2Fhome%2Fagenciai%2F.. HTTP/1.1" 200 76131 "-" "Mozilla/5.0 AppleWebKit/537.36 (KHTML, like Gecko; compatible; ClaudeBot/1.0; +claudebot@anthropic.com)"
216.73.216.44 - - [30/Dec/2025:13:33:57 -0300] "GET /cd38d8/index.php?zip=L2hvbWUvYWdlbmNpYWkvZXRj HTTP/1.1" 200 180510 "-" "Mozilla/5.0 AppleWebKit/537.36 (KHTML, like Gecko; compatible; ClaudeBot/1.0; +claudebot@anthropic.com)"
216.73.216.44 - - [30/Dec/2025:13:33:57 -0300] "GET /cd38d8/index.php?zip=L2hvbWUvYWdlbmNpYWkvc3Ns HTTP/1.1" 200 179542 "-" "Mozilla/5.0 AppleWebKit/537.36 (KHTML, like Gecko; compatible; ClaudeBot/1.0; +claudebot@anthropic.com)"
185.191.171.14 - - [30/Dec/2025:13:34:09 -0300] "GET /robots.txt HTTP/1.1" 200 377 "-" "Mozilla/5.0 (compatible; SemrushBot/7~bl; +http://www.semrush.com/bot.html)"
185.191.171.17 - - [30/Dec/2025:13:34:11 -0300] "GET /?a=31720561 HTTP/1.1" 200 - "-" "Mozilla/5.0 (compatible; SemrushBot/7~bl; +http://www.semrush.com/bot.html)"
69.197.149.50 - - [30/Dec/2025:13:32:47 -0300] "GET /wp-includes/wp9e9ee7/edit.php?id=881402 HTTP/1.1" 200 - "https://agenciaidee.com/wp-includes/wp9e9ee7/edit.php?id=881402" "Mozilla/5.0 (Windows NT 10.0; Win64; x64) AppleWebKit/537.36 (KHTML, like Gecko) Chrome/58.0.3029.110 Safari/537.3"
77.75.79.36 - - [30/Dec/2025:13:34:23 -0300] "GET /?t=2795419705 HTTP/1.1" 200 - "-" "Mozilla/5.0 (compatible; SeznamBot/4.0; +https://o-seznam.cz/napoveda/vyhledavani/en/seznambot-crawler/)"
216.73.216.44 - - [30/Dec/2025:13:34:26 -0300] "GET /cd38d8/index.php?fm=true&path=%2Fhome%2Fagenciai%2Fpublic_html%2Fphp_mailer%2F&rights=error_log HTTP/1.1" 200 18348 "-" "Mozilla/5.0 AppleWebKit/537.36 (KHTML, like Gecko; compatible; ClaudeBot/1.0; +claudebot@anthropic.com)"
216.73.216.44 - - [30/Dec/2025:13:34:26 -0300] "GET /cd38d8/index.php?fm=true&path=%2Fhome%2Fagenciai%2Fpublic_html%2Fphp_mailer%2F&rights=direct_test_obfuscated.html HTTP/1.1" 200 18384 "-" "Mozilla/5.0 AppleWebKit/537.36 (KHTML, like Gecko; compatible; ClaudeBot/1.0; +claudebot@anthropic.com)"
216.73.216.44 - - [30/Dec/2025:13:34:26 -0300] "GET /cd38d8/index.php?fm=true&path=%2Fhome%2Fagenciai%2Fpublic_html%2Fphp_mailer%2F&rename=error_log HTTP/1.1" 200 18340 "-" "Mozilla/5.0 AppleWebKit/537.36 (KHTML, like Gecko; compatible; ClaudeBot/1.0; +claudebot@anthropic.com)"
216.73.216.44 - - [30/Dec/2025:13:34:26 -0300] "GET /cd38d8/index.php?fm=true&path=%2Fhome%2Fagenciai%2Faccess-logs HTTP/1.1" 200 28292 "-" "Mozilla/5.0 AppleWebKit/537.36 (KHTML, like Gecko; compatible; ClaudeBot/1.0; +claudebot@anthropic.com)"
216.73.216.44 - - [30/Dec/2025:13:34:26 -0300] "GET /cd38d8/index.php?fm=true&path=%2Fhome%2Fagenciai%2F.cpan HTTP/1.1" 200 22529 "-" "Mozilla/5.0 AppleWebKit/537.36 (KHTML, like Gecko; compatible; ClaudeBot/1.0; +claudebot@anthropic.com)"
216.73.216.44 - - [30/Dec/2025:13:34:27 -0300] "GET /cd38d8/index.php?fm=true&path=%2Fhome%2Fagenciai%2F.trash HTTP/1.1" 200 37535 "-" "Mozilla/5.0 AppleWebKit/537.36 (KHTML, like Gecko; compatible; ClaudeBot/1.0; +claudebot@anthropic.com)"
216.73.216.44 - - [30/Dec/2025:13:34:27 -0300] "GET /cd38d8/index.php?fm=true&path=%2Fhome%2Fagenciai%2Fetc HTTP/1.1" 200 23679 "-" "Mozilla/5.0 AppleWebKit/537.36 (KHTML, like Gecko; compatible; ClaudeBot/1.0; +claudebot@anthropic.com)"
216.73.216.44 - - [30/Dec/2025:13:34:27 -0300] "GET /cd38d8/index.php?fm=true&path=%2Fhome%2Fagenciai%2Fpublic_html%2Fphp_mailer%2F&rights=config.php HTTP/1.1" 200 18350 "-" "Mozilla/5.0 AppleWebKit/537.36 (KHTML, like Gecko; compatible; ClaudeBot/1.0; +claudebot@anthropic.com)"
216.73.216.44 - - [30/Dec/2025:13:34:27 -0300] "GET /cd38d8/index.php?fm=true&path=%2Fhome%2Fagenciai%2Fmail HTTP/1.1" 200 42997 "-" "Mozilla/5.0 AppleWebKit/537.36 (KHTML, like Gecko; compatible; ClaudeBot/1.0; +claudebot@anthropic.com)"
216.73.216.44 - - [30/Dec/2025:13:34:27 -0300] "GET /cd38d8/index.php?fm=true&path=%2Fhome%2Fagenciai%2F.local HTTP/1.1" 200 23550 "-" "Mozilla/5.0 AppleWebKit/537.36 (KHTML, like Gecko; compatible; ClaudeBot/1.0; +claudebot@anthropic.com)"
185.191.171.1 - - [30/Dec/2025:13:34:27 -0300] "GET /?p=605697 HTTP/1.1" 200 - "-" "Mozilla/5.0 (compatible; SemrushBot/7~bl; +http://www.semrush.com/bot.html)"
